CRAN Package Check Results for Package biomartr

Last updated on 2019-06-16 20:46:54 CEST.

Flavor Version Tinstall Tcheck Ttotal Status Flags
r-devel-linux-x86_64-debian-clang 0.9.0 19.39 165.77 185.16 OK
r-devel-linux-x86_64-debian-gcc 0.9.0 17.25 131.68 148.93 OK
r-devel-linux-x86_64-fedora-clang 0.9.0 219.98 NOTE
r-devel-linux-x86_64-fedora-gcc 0.9.0 214.65 NOTE
r-devel-windows-ix86+x86_64 0.9.0 49.00 266.00 315.00 OK
r-patched-linux-x86_64 0.9.0 21.57 164.03 185.60 OK
r-patched-solaris-x86 0.9.0 335.80 NOTE
r-release-linux-x86_64 0.9.0 20.25 164.65 184.90 OK
r-release-windows-ix86+x86_64 0.9.0 41.00 277.00 318.00 OK
r-release-osx-x86_64 0.9.0 ERROR
r-oldrel-windows-ix86+x86_64 0.9.0 22.00 254.00 276.00 OK
r-oldrel-osx-x86_64 0.9.0 NOTE

Check Details

Version: 0.9.0
Check: dependencies in R code
Result: NOTE
    Namespace in Imports field not imported from: ‘fs’
     All declared Imports should be used.
Flavors: r-devel-linux-x86_64-fedora-clang, r-devel-linux-x86_64-fedora-gcc, r-patched-solaris-x86, r-oldrel-osx-x86_64

Version: 0.9.0
Check: package dependencies
Result: ERROR
    Packages required but not available: 'biomaRt', 'Biostrings'
    
    See section ‘The DESCRIPTION file’ in the ‘Writing R Extensions’
    manual.
Flavor: r-release-osx-x86_64