CRAN Package Check Results for Package biomod2

Last updated on 2017-03-30 09:47:34.

Flavor Version Tinstall Tcheck Ttotal Status Flags
r-devel-linux-x86_64-debian-clang 3.3-7 7.33 126.41 133.74 NOTE
r-devel-linux-x86_64-debian-gcc 3.3-7 6.81 120.80 127.61 NOTE
r-devel-linux-x86_64-fedora-clang 3.3-7 274.56 NOTE --no-stop-on-test-error
r-devel-linux-x86_64-fedora-gcc 3.3-7 258.38 NOTE --no-stop-on-test-error
r-devel-macos-x86_64-clang 3.3-7 193.32 NOTE --no-stop-on-test-error
r-devel-windows-ix86+x86_64 3.3-7 22.00 193.00 215.00 NOTE
r-patched-linux-x86_64 3.3-7 6.88 120.67 127.55 NOTE
r-patched-solaris-sparc 3.3-7 1525.50 NOTE
r-patched-solaris-x86 3.3-7 326.90 NOTE
r-release-linux-x86_64 3.3-7 7.15 108.70 115.85 OK
r-release-osx-x86_64-mavericks 3.3-7 OK
r-release-windows-ix86+x86_64 3.3-7 39.00 229.00 268.00 OK
r-oldrel-windows-ix86+x86_64 3.3-7 46.00 258.00 304.00 OK

Check Details

Version: 3.3-7
Check: DESCRIPTION meta-information
Result: NOTE
    BugReports field is not a suitable URL but contains an email address
     which will be used as from R 3.4.0
Flavors: r-devel-linux-x86_64-debian-clang, r-devel-linux-x86_64-debian-gcc, r-devel-windows-ix86+x86_64, r-patched-linux-x86_64, r-patched-solaris-sparc, r-patched-solaris-x86

Version: 3.3-7
Flags: --no-stop-on-test-error
Check: DESCRIPTION meta-information
Result: NOTE
    BugReports field is not a suitable URL but contains an email address
     which will be used as from R 3.4.0
Flavors: r-devel-linux-x86_64-fedora-clang, r-devel-linux-x86_64-fedora-gcc, r-devel-macos-x86_64-clang