CRAN Package Check Results for Package biomod2

Last updated on 2017-09-24 00:50:55.

Flavor Version Tinstall Tcheck Ttotal Status Flags
r-devel-linux-x86_64-debian-clang 3.3-7 7.37 121.55 128.92 NOTE
r-devel-linux-x86_64-debian-gcc 3.3-7 8.08 116.99 125.07 NOTE
r-devel-linux-x86_64-fedora-clang 3.3-7 262.20 NOTE
r-devel-linux-x86_64-fedora-gcc 3.3-7 265.26 NOTE
r-devel-windows-ix86+x86_64 3.3-7 19.00 176.00 195.00 NOTE
r-patched-linux-x86_64 3.3-7 7.86 123.43 131.29 NOTE
r-patched-solaris-x86 3.3-7 322.50 NOTE
r-release-linux-x86_64 3.3-7 7.83 121.52 129.35 NOTE
r-release-windows-ix86+x86_64 3.3-7 20.00 178.00 198.00 NOTE
r-release-osx-x86_64 3.3-7 NOTE
r-oldrel-windows-ix86+x86_64 3.3-7 18.00 177.00 195.00 OK
r-oldrel-osx-x86_64 3.3-7 OK

Check Details

Version: 3.3-7
Check: DESCRIPTION meta-information
Result: NOTE
    BugReports field is not a suitable URL but contains an email address
     which will be used as from R 3.4.0
Flavors: r-devel-linux-x86_64-debian-clang, r-devel-linux-x86_64-debian-gcc, r-devel-linux-x86_64-fedora-clang, r-devel-linux-x86_64-fedora-gcc, r-devel-windows-ix86+x86_64, r-patched-linux-x86_64, r-patched-solaris-x86, r-release-linux-x86_64, r-release-windows-ix86+x86_64, r-release-osx-x86_64