CRAN Package Check Results for Package biomod2

Last updated on 2017-07-28 01:50:50.

Flavor Version Tinstall Tcheck Ttotal Status Flags
r-devel-linux-x86_64-debian-clang 3.3-7 7.21 129.28 136.49 NOTE
r-devel-linux-x86_64-debian-gcc 3.3-7 7.84 125.89 133.73 NOTE
r-devel-linux-x86_64-fedora-clang 3.3-7 259.55 NOTE
r-devel-linux-x86_64-fedora-gcc 3.3-7 264.90 NOTE
r-devel-windows-ix86+x86_64 3.3-7 17.00 174.00 191.00 NOTE
r-patched-linux-x86_64 3.3-7 7.90 131.17 139.08 NOTE
r-patched-solaris-x86 3.3-7 323.00 NOTE
r-release-linux-x86_64 3.3-7 7.13 130.79 137.92 NOTE
r-release-windows-ix86+x86_64 3.3-7 32.00 244.00 276.00 NOTE
r-release-osx-x86_64 3.3-7 NOTE
r-oldrel-windows-ix86+x86_64 3.3-7 19.00 175.00 194.00 OK
r-oldrel-osx-x86_64 3.3-7 OK

Check Details

Version: 3.3-7
Check: DESCRIPTION meta-information
Result: NOTE
    BugReports field is not a suitable URL but contains an email address
     which will be used as from R 3.4.0
Flavors: r-devel-linux-x86_64-debian-clang, r-devel-linux-x86_64-debian-gcc, r-devel-linux-x86_64-fedora-clang, r-devel-linux-x86_64-fedora-gcc, r-devel-windows-ix86+x86_64, r-patched-linux-x86_64, r-patched-solaris-x86, r-release-linux-x86_64, r-release-windows-ix86+x86_64, r-release-osx-x86_64