CRAN Package Check Results for Package biomod2

Last updated on 2015-05-04 22:46:38.

Flavor Version Tinstall Tcheck Ttotal Status Flags
r-devel-linux-x86_64-debian-clang 3.1-64 4.84 88.40 93.24 NOTE
r-devel-linux-x86_64-debian-gcc 3.1-64 4.78 84.43 89.21 NOTE
r-devel-linux-x86_64-fedora-clang 3.1-64 181.36 NOTE
r-devel-linux-x86_64-fedora-gcc 3.1-64 166.68 NOTE
r-devel-osx-x86_64-clang 3.1-64 140.92 NOTE
r-devel-windows-ix86+x86_64 3.1-64 15.00 124.00 139.00 NOTE
r-patched-linux-x86_64 3.1-64 4.91 83.95 88.86 NOTE
r-patched-solaris-sparc 3.1-64 1111.20 NOTE
r-patched-solaris-x86 3.1-64 219.50 NOTE
r-release-linux-x86_64 3.1-64 4.68 87.28 91.96 NOTE
r-release-osx-x86_64-mavericks 3.1-64 NOTE
r-release-osx-x86_64-snowleopard 3.1-64 ERROR
r-release-windows-ix86+x86_64 3.1-64 13.00 114.00 127.00 NOTE
r-oldrel-windows-ix86+x86_64 3.1-64 23.00 151.00 174.00 NOTE

Check Details

Version: 3.1-64
Check: dependencies in R code
Result: NOTE
    'library' or 'require' calls in package code:
     ‘gam’ ‘mgcv’
     Please use :: or requireNamespace() instead.
     See section 'Suggested packages' in the 'Writing R Extensions' manual.
Flavors: r-devel-linux-x86_64-debian-clang, r-devel-linux-x86_64-debian-gcc, r-devel-linux-x86_64-fedora-clang, r-devel-linux-x86_64-fedora-gcc, r-devel-osx-x86_64-clang, r-devel-windows-ix86+x86_64, r-patched-linux-x86_64, r-patched-solaris-sparc, r-patched-solaris-x86, r-release-linux-x86_64, r-release-osx-x86_64-mavericks, r-release-windows-ix86+x86_64, r-oldrel-windows-ix86+x86_64

Version: 3.1-64
Check: package dependencies
Result: ERROR
    Packages required but not available: ‘raster’ ‘ggplot2’ ‘rasterVis’
    
    Package suggested but not available for checking: ‘Hmisc’
    
    See section ‘The DESCRIPTION file’ in the ‘Writing R Extensions’
    manual.
Flavor: r-release-osx-x86_64-snowleopard