CRAN Package Check Results for Package biomod2

Last updated on 2017-05-30 14:47:02.

Flavor Version Tinstall Tcheck Ttotal Status Flags
r-devel-linux-x86_64-debian-clang 3.3-7 6.73 121.11 127.84 NOTE
r-devel-linux-x86_64-debian-gcc 3.3-7 7.01 117.61 124.62 NOTE
r-devel-linux-x86_64-fedora-clang 3.3-7 266.08 NOTE
r-devel-linux-x86_64-fedora-gcc 3.3-7 256.11 NOTE
r-devel-windows-ix86+x86_64 3.3-7 20.00 274.00 294.00 NOTE
r-patched-linux-x86_64 3.3-7 6.85 121.00 127.85 NOTE
r-patched-solaris-sparc 3.3-7 1525.50 NOTE
r-patched-solaris-x86 3.3-7 314.20 NOTE
r-release-linux-x86_64 3.3-7 7.19 121.25 128.44 NOTE
r-release-windows-ix86+x86_64 3.3-7 26.00 256.00 282.00 NOTE
r-release-osx-x86_64 3.3-7 NOTE
r-oldrel-windows-ix86+x86_64 3.3-7 18.00 163.00 181.00 OK
r-oldrel-osx-x86_64 3.3-7 OK

Check Details

Version: 3.3-7
Check: DESCRIPTION meta-information
Result: NOTE
    BugReports field is not a suitable URL but contains an email address
     which will be used as from R 3.4.0
Flavors: r-devel-linux-x86_64-debian-clang, r-devel-linux-x86_64-debian-gcc, r-devel-linux-x86_64-fedora-clang, r-devel-linux-x86_64-fedora-gcc, r-devel-windows-ix86+x86_64, r-patched-linux-x86_64, r-patched-solaris-sparc, r-patched-solaris-x86, r-release-linux-x86_64, r-release-windows-ix86+x86_64, r-release-osx-x86_64