CRAN Package Check Results for Package biomod2

Last updated on 2021-11-30 00:51:23 CET.

Flavor Version Tinstall Tcheck Ttotal Status Flags
r-devel-linux-x86_64-debian-clang 3.5.1 58.41 411.92 470.33 OK
r-devel-linux-x86_64-debian-gcc 3.5.1 54.93 306.16 361.09 OK
r-devel-linux-x86_64-fedora-clang 3.5.1 584.93 NOTE
r-devel-linux-x86_64-fedora-gcc 3.5.1 567.50 NOTE
r-devel-windows-x86_64-new-UL 3.5.1 103.00 455.00 558.00 OK
r-devel-windows-x86_64-new-TK 3.5.1 NOTE
r-devel-windows-x86_64-old 3.5.1 64.00 328.00 392.00 OK
r-patched-linux-x86_64 3.5.1 61.45 392.31 453.76 OK
r-patched-solaris-x86 3.5.1 712.40 NOTE
r-release-linux-x86_64 3.5.1 59.93 392.98 452.91 OK
r-release-macos-arm64 3.5.1 NOTE
r-release-macos-x86_64 3.5.1 NOTE
r-release-windows-ix86+x86_64 3.5.1 128.00 453.00 581.00 OK
r-oldrel-macos-x86_64 3.5.1 NOTE
r-oldrel-windows-ix86+x86_64 3.5.1 85.00 324.00 409.00 OK

Check Details

Version: 3.5.1
Check: package dependencies
Result: NOTE
    Imports includes 27 non-default packages.
    Importing from so many packages makes the package vulnerable to any of
    them becoming unavailable. Move as many as possible to Suggests and
    use conditionally.
Flavor: r-devel-linux-x86_64-fedora-clang

Version: 3.5.1
Check: dependencies in R code
Result: NOTE
    Namespace in Imports field not imported from: ‘doParallel’
     All declared Imports should be used.
Flavors: r-devel-linux-x86_64-fedora-clang, r-devel-linux-x86_64-fedora-gcc, r-devel-windows-x86_64-new-TK, r-patched-solaris-x86, r-release-macos-arm64, r-release-macos-x86_64, r-oldrel-macos-x86_64