CRAN Package Check Results for Package biomod2

Last updated on 2016-12-09 07:48:18.

Flavor Version Tinstall Tcheck Ttotal Status Flags
r-devel-linux-x86_64-debian-clang 3.3-7 7.25 123.23 130.49 OK
r-devel-linux-x86_64-debian-gcc 3.3-7 7.04 121.47 128.51 NOTE
r-devel-linux-x86_64-fedora-clang 3.3-7 275.39 OK --no-stop-on-test-error
r-devel-linux-x86_64-fedora-gcc 3.3-7 266.06 OK --no-stop-on-test-error
r-devel-macos-x86_64-clang 3.3-7 198.30 OK
r-devel-windows-ix86+x86_64 3.3-7 19.00 185.00 204.00 OK
r-patched-linux-x86_64 3.3-7 6.47 107.94 114.41 OK
r-patched-solaris-sparc 3.3-7 1398.30 OK
r-patched-solaris-x86 3.3-7 281.20 OK
r-release-linux-x86_64 3.3-7 6.76 108.59 115.35 OK
r-release-osx-x86_64-mavericks 3.3-7 OK
r-release-windows-ix86+x86_64 3.3-7 19.00 168.00 187.00 OK
r-oldrel-windows-ix86+x86_64 3.3-7 31.00 249.00 280.00 OK

Check Details

Version: 3.3-7
Check: package dependencies
Result: NOTE
    Package suggested but not available for checking: ‘ecospat’
Flavor: r-devel-linux-x86_64-debian-gcc