CRAN Package Check Results for Package biomod2

Last updated on 2018-06-21 21:49:43 CEST.

Flavor Version Tinstall Tcheck Ttotal Status Flags
r-devel-linux-x86_64-debian-clang 3.3-7 25.42 180.48 205.90 NOTE
r-devel-linux-x86_64-debian-gcc 3.3-7 24.34 162.64 186.98 NOTE
r-devel-linux-x86_64-fedora-clang 3.3-7 285.06 NOTE
r-devel-linux-x86_64-fedora-gcc 3.3-7 272.13 NOTE
r-devel-windows-ix86+x86_64 3.3-7 53.00 260.00 313.00 NOTE
r-patched-linux-x86_64 3.3-7 26.85 186.80 213.65 NOTE
r-patched-solaris-x86 3.3-7 345.90 NOTE
r-release-linux-x86_64 3.3-7 27.39 183.43 210.82 NOTE
r-release-windows-ix86+x86_64 3.3-7 41.00 185.00 226.00 NOTE
r-release-osx-x86_64 3.3-7 NOTE
r-oldrel-windows-ix86+x86_64 3.3-7 19.00 190.00 209.00 NOTE
r-oldrel-osx-x86_64 3.3-7 NOTE

Check Details

Version: 3.3-7
Check: package dependencies
Result: NOTE
    Package suggested but not available for checking: ‘ecospat’
Flavors: r-devel-linux-x86_64-debian-clang, r-devel-linux-x86_64-debian-gcc, r-devel-linux-x86_64-fedora-clang, r-devel-linux-x86_64-fedora-gcc, r-patched-linux-x86_64, r-patched-solaris-x86, r-release-linux-x86_64

Version: 3.3-7
Check: DESCRIPTION meta-information
Result: NOTE
    BugReports field is not a suitable URL but contains an email address
     which will be used as from R 3.4.0
Flavors: r-devel-linux-x86_64-debian-clang, r-devel-linux-x86_64-debian-gcc, r-devel-linux-x86_64-fedora-clang, r-devel-linux-x86_64-fedora-gcc, r-devel-windows-ix86+x86_64, r-patched-linux-x86_64, r-patched-solaris-x86, r-release-linux-x86_64, r-release-windows-ix86+x86_64, r-release-osx-x86_64, r-oldrel-windows-ix86+x86_64, r-oldrel-osx-x86_64

Version: 3.3-7
Check: dependencies in R code
Result: NOTE
    Missing or unexported object: ‘gam::step.gam’
Flavors: r-devel-linux-x86_64-debian-clang, r-devel-linux-x86_64-debian-gcc, r-devel-linux-x86_64-fedora-clang, r-devel-linux-x86_64-fedora-gcc, r-devel-windows-ix86+x86_64, r-patched-linux-x86_64, r-patched-solaris-x86, r-release-linux-x86_64, r-release-windows-ix86+x86_64, r-release-osx-x86_64, r-oldrel-windows-ix86+x86_64