CRAN Package Check Results for Package biomod2

Last updated on 2017-01-21 13:48:35.

Flavor Version Tinstall Tcheck Ttotal Status Flags
r-devel-linux-x86_64-debian-clang 3.3-7 7.05 122.30 129.35 NOTE
r-devel-linux-x86_64-debian-gcc 3.3-7 7.30 118.35 125.65 NOTE
r-devel-linux-x86_64-fedora-clang 3.3-7 260.77 NOTE --no-stop-on-test-error
r-devel-linux-x86_64-fedora-gcc 3.3-7 240.02 NOTE --no-stop-on-test-error
r-devel-macos-x86_64-clang 3.3-7 192.82 NOTE --no-stop-on-test-error
r-devel-windows-ix86+x86_64 3.3-7 28.00 236.00 264.00 NOTE
r-patched-linux-x86_64 3.3-7 7.21 110.11 117.32 OK
r-patched-solaris-sparc 3.3-7 1401.50 OK
r-patched-solaris-x86 3.3-7 277.90 OK
r-release-linux-x86_64 3.3-7 6.42 108.31 114.73 OK
r-release-osx-x86_64-mavericks 3.3-7 OK
r-release-windows-ix86+x86_64 3.3-7 28.00 225.00 253.00 OK
r-oldrel-windows-ix86+x86_64 3.3-7 32.00 251.00 283.00 OK

Check Details

Version: 3.3-7
Check: DESCRIPTION meta-information
Result: NOTE
    BugReports field is not a suitable URL but contains an email address
     which will be used as from R 3.4.0
Flavors: r-devel-linux-x86_64-debian-clang, r-devel-linux-x86_64-debian-gcc, r-devel-windows-ix86+x86_64

Version: 3.3-7
Flags: --no-stop-on-test-error
Check: DESCRIPTION meta-information
Result: NOTE
    BugReports field is not a suitable URL but contains an email address
     which will be used as from R 3.4.0
Flavors: r-devel-linux-x86_64-fedora-clang, r-devel-linux-x86_64-fedora-gcc, r-devel-macos-x86_64-clang