CRAN Package Check Results for Package biomod2

Last updated on 2018-04-21 14:46:20 CEST.

Flavor Version Tinstall Tcheck Ttotal Status Flags
r-devel-linux-x86_64-debian-clang 3.3-7 23.15 188.21 211.36 NOTE
r-devel-linux-x86_64-debian-gcc 3.3-7 23.11 144.13 167.24 NOTE
r-devel-linux-x86_64-fedora-clang 3.3-7 259.72 NOTE
r-devel-linux-x86_64-fedora-gcc 3.3-7 256.08 NOTE
r-devel-windows-ix86+x86_64 3.3-7 54.00 240.00 294.00 NOTE
r-devel-osx-x86_64 3.3-7 NOTE
r-patched-linux-x86_64 3.3-7 25.36 184.97 210.33 NOTE
r-patched-solaris-x86 3.3-7 354.20 NOTE
r-release-linux-x86_64 3.3-7 8.97 200.95 209.92 NOTE
r-release-windows-ix86+x86_64 3.3-7 29.00 195.00 224.00 NOTE
r-release-osx-x86_64 3.3-7 NOTE
r-oldrel-windows-ix86+x86_64 3.3-7 26.00 178.00 204.00 NOTE

Check Details

Version: 3.3-7
Check: DESCRIPTION meta-information
Result: NOTE
    BugReports field is not a suitable URL but contains an email address
     which will be used as from R 3.4.0
Flavors: r-devel-linux-x86_64-debian-clang, r-devel-linux-x86_64-debian-gcc, r-devel-linux-x86_64-fedora-clang, r-devel-linux-x86_64-fedora-gcc, r-devel-windows-ix86+x86_64, r-devel-osx-x86_64, r-patched-linux-x86_64, r-patched-solaris-x86, r-release-linux-x86_64, r-release-windows-ix86+x86_64, r-release-osx-x86_64

Version: 3.3-7
Check: dependencies in R code
Result: NOTE
    Missing or unexported object: ‘gam::step.gam’
Flavors: r-devel-linux-x86_64-debian-clang, r-devel-linux-x86_64-debian-gcc, r-devel-linux-x86_64-fedora-clang, r-devel-linux-x86_64-fedora-gcc, r-devel-windows-ix86+x86_64, r-devel-osx-x86_64, r-patched-linux-x86_64, r-patched-solaris-x86, r-release-linux-x86_64, r-release-windows-ix86+x86_64, r-oldrel-windows-ix86+x86_64