CRAN Package Check Results for Package biomod2

Last updated on 2018-01-21 08:48:13 CET.

Flavor Version Tinstall Tcheck Ttotal Status Flags
r-devel-linux-x86_64-debian-clang 3.3-7 7.31 192.33 199.64 NOTE
r-devel-linux-x86_64-debian-gcc 3.3-7 8.29 148.09 156.38 NOTE
r-devel-linux-x86_64-fedora-clang 3.3-7 243.89 NOTE
r-devel-linux-x86_64-fedora-gcc 3.3-7 236.88 NOTE
r-devel-windows-ix86+x86_64 3.3-7 17.00 187.00 204.00 NOTE
r-patched-linux-x86_64 3.3-7 9.20 198.74 207.94 NOTE
r-patched-solaris-x86 3.3-7 349.90 NOTE
r-release-linux-x86_64 3.3-7 9.12 200.33 209.45 NOTE
r-release-windows-ix86+x86_64 3.3-7 25.00 213.00 238.00 NOTE
r-release-osx-x86_64 3.3-7 NOTE
r-oldrel-windows-ix86+x86_64 3.3-7 24.00 236.00 260.00 OK
r-oldrel-osx-x86_64 3.3-7 OK

Check Details

Version: 3.3-7
Check: DESCRIPTION meta-information
Result: NOTE
    BugReports field is not a suitable URL but contains an email address
     which will be used as from R 3.4.0
Flavors: r-devel-linux-x86_64-debian-clang, r-devel-linux-x86_64-debian-gcc, r-devel-linux-x86_64-fedora-clang, r-devel-linux-x86_64-fedora-gcc, r-devel-windows-ix86+x86_64, r-patched-linux-x86_64, r-patched-solaris-x86, r-release-linux-x86_64, r-release-windows-ix86+x86_64, r-release-osx-x86_64