CRAN Package Check Results for Package biomod2

Last updated on 2014-04-24 15:50:34.

Flavor Version Tinstall Tcheck Ttotal Status Flags
r-devel-linux-x86_64-debian-clang 3.1-25 6.50 98.37 104.86 OK
r-devel-linux-x86_64-debian-gcc 3.1-25 6.58 97.53 104.11 OK
r-devel-linux-x86_64-fedora-clang 3.1-25 221.38 OK
r-devel-linux-x86_64-fedora-gcc 3.1-25 214.12 OK
r-devel-osx-x86_64-clang 3.1-25 157.59 OK
r-devel-osx-x86_64-gcc 3.1-25 ERROR
r-devel-windows-ix86+x86_64 3.1-25 17.00 127.00 144.00 OK
r-patched-linux-x86_64 3.1-25 6.30 95.97 102.27 OK
r-patched-solaris-sparc 3.1-25 1175.10 OK
r-patched-solaris-x86 3.1-25 264.70 OK
r-release-linux-ix86 3.1-25 10.00 148.00 158.00 OK
r-release-linux-x86_64 3.1-25 6.39 98.08 104.47 OK
r-release-osx-x86_64-mavericks 3.1-25 WARN
r-release-osx-x86_64-snowleopard 3.1-25 OK
r-release-windows-ix86+x86_64 3.1-25 18.00 137.00 155.00 OK
r-oldrel-windows-ix86+x86_64 3.1-25 17.00 139.00 156.00 OK

Check Details

Version: 3.1-25
Check: package dependencies
Result: ERROR
    Packages required but not available: ‘raster’ ‘rasterVis’
    
    Package suggested but not available for checking: ‘Hmisc’
    
    See the information on DESCRIPTION files in the chapter ‘Creating R
    packages’ of the ‘Writing R Extensions’ manual.
Flavor: r-devel-osx-x86_64-gcc

Version: 3.1-25
Check: PDF version of manual
Result: WARNING
    LaTeX errors when creating PDF version.
    This typically indicates Rd problems.
    LaTeX errors found:
    ! LaTeX Error: File `upquote.sty' not found.
    
    Type X to quit or <RETURN> to proceed,
    or enter new name. (Default extension: sty)
    
    1a4bb54/Rd2.tex:8: ==> Fatal error occurred, no output PDF file produced!
Flavor: r-release-osx-x86_64-mavericks