CRAN Package Check Results for Package biomod2

Last updated on 2017-02-24 23:52:17.

Flavor Version Tinstall Tcheck Ttotal Status Flags
r-devel-linux-x86_64-debian-clang 3.3-7 7.17 123.41 130.58 NOTE
r-devel-linux-x86_64-debian-gcc 3.3-7 6.81 120.37 127.18 NOTE
r-devel-linux-x86_64-fedora-clang 3.3-7 260.80 NOTE --no-stop-on-test-error
r-devel-linux-x86_64-fedora-gcc 3.3-7 255.26 NOTE --no-stop-on-test-error
r-devel-macos-x86_64-clang 3.3-7 192.97 NOTE --no-stop-on-test-error
r-devel-windows-ix86+x86_64 3.3-7 47.00 245.00 292.00 NOTE
r-patched-linux-x86_64 3.3-7 6.99 185.42 192.41 OK
r-patched-solaris-sparc 3.3-7 1401.50 OK
r-patched-solaris-x86 3.3-7 282.50 OK
r-release-linux-x86_64 3.3-7 6.65 109.89 116.54 OK
r-release-osx-x86_64-mavericks 3.3-7 OK
r-release-windows-ix86+x86_64 3.3-7 27.00 168.00 195.00 OK
r-oldrel-windows-ix86+x86_64 3.3-7 28.00 239.00 267.00 OK

Check Details

Version: 3.3-7
Check: DESCRIPTION meta-information
Result: NOTE
    BugReports field is not a suitable URL but contains an email address
     which will be used as from R 3.4.0
Flavors: r-devel-linux-x86_64-debian-clang, r-devel-linux-x86_64-debian-gcc, r-devel-windows-ix86+x86_64

Version: 3.3-7
Flags: --no-stop-on-test-error
Check: DESCRIPTION meta-information
Result: NOTE
    BugReports field is not a suitable URL but contains an email address
     which will be used as from R 3.4.0
Flavors: r-devel-linux-x86_64-fedora-clang, r-devel-linux-x86_64-fedora-gcc, r-devel-macos-x86_64-clang