CRAN Package Check Results for Package biomod2

Last updated on 2014-10-30 16:48:15.

Flavor Version Tinstall Tcheck Ttotal Status Flags
r-devel-linux-x86_64-debian-clang 3.1-48 5.77 97.78 103.55 NOTE
r-devel-linux-x86_64-debian-gcc 3.1-48 5.73 94.30 100.03 NOTE
r-devel-linux-x86_64-fedora-clang 3.1-48 221.83 NOTE
r-devel-linux-x86_64-fedora-gcc 3.1-48 202.61 NOTE
r-devel-osx-x86_64-clang 3.1-48 168.77 NOTE
r-devel-windows-ix86+x86_64 3.1-48 17.00 122.00 139.00 NOTE
r-patched-linux-x86_64 3.1-48 5.97 100.74 106.71 NOTE
r-patched-solaris-sparc 3.1-48 1226.00 NOTE
r-patched-solaris-x86 3.1-48 267.20 NOTE
r-release-linux-ix86 3.1-48 7.60 117.56 125.16 OK
r-release-linux-x86_64 3.1-48 6.06 101.31 107.37 OK
r-release-osx-x86_64-mavericks 3.1-48 OK
r-release-osx-x86_64-snowleopard 3.1-48 OK
r-release-windows-ix86+x86_64 3.1-48 18.00 145.00 163.00 OK
r-oldrel-windows-ix86+x86_64 3.1-48 18.00 143.00 161.00 OK

Check Details

Version: 3.1-48
Check: dependencies in R code
Result: NOTE
    Package in Depends field not imported from: ‘parallel’
     These packages need to be imported from (in the NAMESPACE file)
     for when this namespace is loaded but not attached.
    See the information on DESCRIPTION files in the chapter ‘Creating R
    packages’ of the ‘Writing R Extensions’ manual.
Flavors: r-devel-linux-x86_64-debian-clang, r-devel-linux-x86_64-debian-gcc, r-devel-linux-x86_64-fedora-clang, r-devel-linux-x86_64-fedora-gcc, r-devel-osx-x86_64-clang, r-devel-windows-ix86+x86_64, r-patched-linux-x86_64, r-patched-solaris-sparc, r-patched-solaris-x86