CRAN Package Check Results for Package biomod2

Last updated on 2014-09-24 01:49:24.

Flavor Version Tinstall Tcheck Ttotal Status Flags
r-devel-linux-x86_64-debian-clang 3.1-48 8.12 95.34 103.46 NOTE
r-devel-linux-x86_64-debian-gcc 3.1-48 5.55 92.11 97.66 NOTE
r-devel-linux-x86_64-fedora-clang 3.1-48 213.65 NOTE
r-devel-linux-x86_64-fedora-gcc 3.1-48 196.35 NOTE
r-devel-osx-x86_64-clang 3.1-48 161.93 NOTE
r-devel-windows-ix86+x86_64 3.1-48 17.00 129.00 146.00 NOTE
r-patched-linux-x86_64 3.1-48 6.27 100.98 107.25 NOTE
r-patched-solaris-sparc 3.1-48 1226.00 NOTE
r-patched-solaris-x86 3.1-48 268.20 NOTE
r-release-linux-ix86 3.1-48 7.51 117.70 125.21 OK
r-release-linux-x86_64 3.1-48 6.25 101.40 107.65 OK
r-release-osx-x86_64-mavericks 3.1-48 OK
r-release-osx-x86_64-snowleopard 3.1-48 OK
r-release-windows-ix86+x86_64 3.1-48 19.00 135.00 154.00 OK
r-oldrel-windows-ix86+x86_64 3.1-48 19.00 143.00 162.00 OK

Check Details

Version: 3.1-48
Check: dependencies in R code
Result: NOTE
    Package in Depends field not imported from: ‘parallel’
     These packages need to be imported from (in the NAMESPACE file)
     for when this namespace is loaded but not attached.
    See the information on DESCRIPTION files in the chapter ‘Creating R
    packages’ of the ‘Writing R Extensions’ manual.
Flavors: r-devel-linux-x86_64-debian-clang, r-devel-linux-x86_64-debian-gcc, r-devel-linux-x86_64-fedora-clang, r-devel-linux-x86_64-fedora-gcc, r-devel-osx-x86_64-clang, r-devel-windows-ix86+x86_64, r-patched-linux-x86_64, r-patched-solaris-sparc, r-patched-solaris-x86