CRAN Package Check Results for Package biomod2

Last updated on 2017-11-20 00:53:54.

Flavor Version Tinstall Tcheck Ttotal Status Flags
r-devel-linux-x86_64-debian-clang 3.3-7 6.04 113.10 119.14 NOTE
r-devel-linux-x86_64-debian-gcc 3.3-7 7.22 188.43 195.65 NOTE
r-devel-linux-x86_64-fedora-clang 3.3-7 258.96 NOTE
r-devel-linux-x86_64-fedora-gcc 3.3-7 277.75 NOTE
r-devel-windows-ix86+x86_64 3.3-7 20.00 199.00 219.00 NOTE
r-patched-linux-x86_64 3.3-7 7.70 122.30 130.01 NOTE
r-patched-solaris-x86 3.3-7 325.80 NOTE
r-release-linux-x86_64 3.3-7 7.96 120.66 128.63 NOTE
r-release-windows-ix86+x86_64 3.3-7 35.00 267.00 302.00 NOTE
r-release-osx-x86_64 3.3-7 NOTE
r-oldrel-windows-ix86+x86_64 3.3-7 20.00 234.00 254.00 OK
r-oldrel-osx-x86_64 3.3-7 OK

Check Details

Version: 3.3-7
Check: DESCRIPTION meta-information
Result: NOTE
    BugReports field is not a suitable URL but contains an email address
     which will be used as from R 3.4.0
Flavors: r-devel-linux-x86_64-debian-clang, r-devel-linux-x86_64-debian-gcc, r-devel-linux-x86_64-fedora-clang, r-devel-linux-x86_64-fedora-gcc, r-devel-windows-ix86+x86_64, r-patched-linux-x86_64, r-patched-solaris-x86, r-release-linux-x86_64, r-release-windows-ix86+x86_64, r-release-osx-x86_64