CRAN Package Check Results for Package biomod2

Last updated on 2015-03-27 03:47:39.

Flavor Version Tinstall Tcheck Ttotal Status Flags
r-devel-linux-x86_64-debian-clang 3.1-64 4.84 85.28 90.13 NOTE
r-devel-linux-x86_64-debian-gcc 3.1-64 4.58 82.34 86.92 NOTE
r-devel-linux-x86_64-fedora-clang 3.1-64 182.19 NOTE
r-devel-linux-x86_64-fedora-gcc 3.1-64 169.38 NOTE
r-devel-osx-x86_64-clang 3.1-64 152.99 NOTE
r-prerel-windows-ix86+x86_64 3.1-64 18.00 123.00 141.00 NOTE
r-prerel-linux-x86_64 3.1-64 4.54 84.32 88.86 NOTE
r-prerel-solaris-sparc 3.1-64 1111.20 NOTE
r-prerel-solaris-x86 3.1-64 213.30 NOTE
r-release-linux-x86_64 3.1-64 6.94 105.53 112.48 NOTE
r-release-osx-x86_64-mavericks 3.1-64 OK
r-release-osx-x86_64-snowleopard 3.1-64 OK
r-release-windows-ix86+x86_64 3.1-64 26.00 157.00 183.00 NOTE
r-oldrel-windows-ix86+x86_64 3.1-64 25.00 176.00 201.00 OK

Check Details

Version: 3.1-64
Check: dependencies in R code
Result: NOTE
    'library' or 'require' calls in package code:
     ‘gam’ ‘mgcv’
     Please use :: or requireNamespace() instead.
     See section 'Suggested packages' in the 'Writing R Extensions' manual.
Flavors: r-devel-linux-x86_64-debian-clang, r-devel-linux-x86_64-debian-gcc, r-devel-linux-x86_64-fedora-clang, r-devel-linux-x86_64-fedora-gcc, r-devel-osx-x86_64-clang, r-prerel-windows-ix86+x86_64, r-prerel-linux-x86_64, r-prerel-solaris-sparc, r-prerel-solaris-x86, r-release-linux-x86_64, r-release-windows-ix86+x86_64