CRAN Package Check Results for Package biomod2

Last updated on 2014-11-22 11:49:07.

Flavor Version Tinstall Tcheck Ttotal Status Flags
r-devel-linux-x86_64-debian-clang 3.1-48 6.06 97.00 103.06 NOTE
r-devel-linux-x86_64-debian-gcc 3.1-48 5.58 93.07 98.65 NOTE
r-devel-linux-x86_64-fedora-clang 3.1-48 214.39 NOTE
r-devel-linux-x86_64-fedora-gcc 3.1-48 200.38 NOTE
r-devel-osx-x86_64-clang 3.1-48 173.25 NOTE
r-devel-windows-ix86+x86_64 3.1-48 25.00 166.00 191.00 NOTE
r-patched-linux-x86_64 3.1-48 5.97 99.52 105.50 NOTE
r-patched-solaris-sparc 3.1-48 1226.00 NOTE
r-patched-solaris-x86 3.1-48 261.50 NOTE
r-release-linux-ix86 3.1-48 7.42 109.04 116.46 NOTE
r-release-linux-x86_64 3.1-48 5.98 100.36 106.33 NOTE
r-release-osx-x86_64-mavericks 3.1-48 OK
r-release-osx-x86_64-snowleopard 3.1-48 OK
r-release-windows-ix86+x86_64 3.1-48 18.00 138.00 156.00 NOTE
r-oldrel-windows-ix86+x86_64 3.1-48 20.00 204.00 224.00 OK

Check Details

Version: 3.1-48
Check: dependencies in R code
Result: NOTE
    Package in Depends field not imported from: ‘parallel’
     These packages need to be imported from (in the NAMESPACE file)
     for when this namespace is loaded but not attached.
    See the information on DESCRIPTION files in the chapter ‘Creating R
    packages’ of the ‘Writing R Extensions’ manual.
Flavors: r-devel-linux-x86_64-debian-clang, r-devel-linux-x86_64-debian-gcc, r-devel-linux-x86_64-fedora-clang, r-devel-linux-x86_64-fedora-gcc, r-devel-osx-x86_64-clang, r-devel-windows-ix86+x86_64, r-patched-linux-x86_64, r-patched-solaris-sparc, r-patched-solaris-x86, r-release-linux-ix86, r-release-linux-x86_64, r-release-windows-ix86+x86_64