CRAN Package Check Results for Package biomod2

Last updated on 2015-02-01 17:50:02.

Flavor Version Tinstall Tcheck Ttotal Status Flags
r-devel-linux-x86_64-debian-clang 3.1-64 5.06 85.83 90.89 NOTE
r-devel-linux-x86_64-debian-gcc 3.1-64 4.71 85.88 90.60 NOTE
r-devel-linux-x86_64-fedora-clang 3.1-64 208.15 NOTE
r-devel-linux-x86_64-fedora-gcc 3.1-64 168.66 NOTE
r-devel-osx-x86_64-clang 3.1-64 206.33 NOTE
r-devel-windows-ix86+x86_64 3.1-64 20.00 114.00 134.00 NOTE
r-patched-linux-x86_64 3.1-64 6.50 108.66 115.16 OK
r-patched-solaris-sparc 3.1-64 1336.80 OK
r-patched-solaris-x86 3.1-64 291.60 OK
r-release-linux-ix86 3.1-64 7.67 131.82 139.49 OK
r-release-linux-x86_64 3.1-64 7.19 108.93 116.12 OK
r-release-osx-x86_64-mavericks 3.1-64 OK
r-release-osx-x86_64-snowleopard 3.1-64 OK
r-release-windows-ix86+x86_64 3.1-64 25.00 167.00 192.00 OK
r-oldrel-windows-ix86+x86_64 3.1-64 20.00 166.00 186.00 OK

Check Details

Version: 3.1-64
Check: dependencies in R code
Result: NOTE
    'library' or 'require' calls in package code:
     ‘gam’ ‘mgcv’
     Please use :: or requireNamespace() instead.
     See section 'Suggested packages' in the 'Writing R Extensions' manual.
Flavors: r-devel-linux-x86_64-debian-clang, r-devel-linux-x86_64-debian-gcc, r-devel-linux-x86_64-fedora-clang, r-devel-linux-x86_64-fedora-gcc, r-devel-osx-x86_64-clang, r-devel-windows-ix86+x86_64