CRAN Package Check Results for Package biopara

Last updated on 2014-09-23 19:47:59.

Flavor Version Tinstall Tcheck Ttotal Status Flags
r-devel-linux-x86_64-debian-clang 1.5 0.45 9.81 10.26 NOTE
r-devel-linux-x86_64-debian-gcc 1.5 0.44 9.42 9.87 NOTE
r-devel-linux-x86_64-fedora-clang 1.5 20.40 NOTE
r-devel-linux-x86_64-fedora-gcc 1.5 18.47 NOTE
r-devel-osx-x86_64-clang 1.5 23.63 NOTE
r-devel-windows-ix86+x86_64 1.5 2.00 17.00 19.00 NOTE
r-patched-linux-x86_64 1.5 0.54 9.73 10.27 NOTE
r-patched-solaris-sparc 1.5 122.70 NOTE
r-patched-solaris-x86 1.5 30.50 NOTE
r-release-linux-ix86 1.5 0.78 15.36 16.14 NOTE
r-release-linux-x86_64 1.5 0.48 10.18 10.67 NOTE
r-release-osx-x86_64-mavericks 1.5 NOTE
r-release-windows-ix86+x86_64 1.5 3.00 17.00 20.00 NOTE
r-oldrel-windows-ix86+x86_64 1.5 2.00 17.00 19.00 NOTE

Check Details

Version: 1.5
Check: R code for possible problems
Result: NOTE
    biopara: warning in ls(all = TRUE, envir = parent.frame()): partial
     argument match of ‘all’ to ‘all.names’
Flavors: r-devel-linux-x86_64-debian-clang, r-devel-linux-x86_64-debian-gcc, r-devel-linux-x86_64-fedora-clang, r-devel-linux-x86_64-fedora-gcc, r-devel-osx-x86_64-clang, r-devel-windows-ix86+x86_64, r-patched-linux-x86_64, r-patched-solaris-sparc, r-patched-solaris-x86, r-release-linux-ix86, r-release-linux-x86_64, r-release-osx-x86_64-mavericks, r-release-windows-ix86+x86_64, r-oldrel-windows-ix86+x86_64

Version: 1.5
Check: Rd files
Result: NOTE
    prepare_Rd: biopara.Rd:106: Dropping empty section \references
Flavors: r-devel-linux-x86_64-debian-clang, r-devel-linux-x86_64-debian-gcc, r-devel-linux-x86_64-fedora-clang, r-devel-linux-x86_64-fedora-gcc, r-devel-osx-x86_64-clang, r-devel-windows-ix86+x86_64, r-patched-linux-x86_64, r-patched-solaris-sparc, r-patched-solaris-x86, r-release-linux-ix86, r-release-linux-x86_64, r-release-osx-x86_64-mavericks, r-release-windows-ix86+x86_64, r-oldrel-windows-ix86+x86_64

Version: 1.5
Check: Rd line widths
Result: NOTE
    Rd file 'biopara.Rd':
     \examples lines wider than 100 characters:
     ## Not run: f<-biopara(list("my.server.edu",39000),list("1.2.3.4",40000),5,list("myfxn(a)","1+1","sum(4)"))
     ## Not run: f<- biopara(list("my.server.edu",39000),list("1.2.3.4",40000),list("mylist","myfxn"),list("setenv"))
     ## Not run: f<-biopara(list("my.server.edu",39000,"myusername"),list("1.2.3.4",40000),5,list("myfxn(a,b)"))
     ## Not run: out<-biopara(list("localhost",39000),list("localhost",40000),5,list("sum(1,1)","1+1","library(\"base\")"))
     ## Not run: out<-biopara(list("localhost",39000),list("localhost",40000),list("myfunc"),list("setenv"))
     ## Not run: out<-biopara(list("localhost",39000),list("localhost",40000),3,list("myfunc(myvar,myvar)"))
    
    These lines will be truncated in the PDF manual.
Flavors: r-devel-linux-x86_64-debian-clang, r-devel-linux-x86_64-debian-gcc, r-devel-linux-x86_64-fedora-clang, r-devel-linux-x86_64-fedora-gcc, r-patched-linux-x86_64, r-release-linux-x86_64