CRAN Package Check Results for Package biopixR

Last updated on 2024-06-13 02:58:51 CEST.

Flavor Version Tinstall Tcheck Ttotal Status Flags
r-devel-linux-x86_64-debian-clang 1.0.0 13.65 104.24 117.89 OK
r-devel-linux-x86_64-debian-gcc 1.0.0 0.62 1.78 2.40 ERROR
r-devel-linux-x86_64-fedora-clang 1.0.0 155.22 OK
r-devel-linux-x86_64-fedora-gcc 1.0.0 153.28 OK
r-devel-windows-x86_64 1.0.0 10.00 96.00 106.00 OK
r-patched-linux-x86_64 1.0.0 12.82 99.80 112.62 OK
r-release-linux-x86_64 1.0.0 12.45 99.50 111.95 OK
r-release-macos-arm64 1.0.0 69.00 OK
r-release-macos-x86_64 1.0.0 107.00 OK
r-release-windows-x86_64 1.0.0 11.00 98.00 109.00 OK
r-oldrel-macos-arm64 1.0.0 62.00 OK
r-oldrel-macos-x86_64 1.0.0 112.00 OK
r-oldrel-windows-x86_64 1.0.0 14.00 105.00 119.00 OK

Check Details

Version: 1.0.0
Check: package dependencies
Result: ERROR Packages required but not available: 'imager', 'magick' Package suggested but not available for checking: ‘imagerExtra’ See section ‘The DESCRIPTION file’ in the ‘Writing R Extensions’ manual. Flavor: r-devel-linux-x86_64-debian-gcc