CRAN Package Check Results for Package bios2mds

Last updated on 2015-05-26 06:46:49.

Flavor Version Tinstall Tcheck Ttotal Status Flags
r-devel-linux-x86_64-debian-clang 1.2.2 1.36 38.82 40.19 NOTE
r-devel-linux-x86_64-debian-gcc 1.2.2 1.33 36.70 38.03 NOTE
r-devel-linux-x86_64-fedora-clang 1.2.2 81.54 NOTE
r-devel-linux-x86_64-fedora-gcc 1.2.2 83.34 NOTE
r-devel-osx-x86_64-clang 1.2.2 66.20 NOTE
r-devel-windows-ix86+x86_64 1.2.2 6.00 60.00 66.00 NOTE
r-patched-linux-x86_64 1.2.2 1.43 37.18 38.60 NOTE
r-patched-solaris-sparc 1.2.2 495.60 NOTE
r-patched-solaris-x86 1.2.2 119.60 NOTE
r-release-linux-x86_64 1.2.2 1.42 37.70 39.13 NOTE
r-release-osx-x86_64-mavericks 1.2.2 NOTE
r-release-osx-x86_64-snowleopard 1.2.2 ERROR
r-release-windows-ix86+x86_64 1.2.2 6.00 62.00 68.00 NOTE
r-oldrel-windows-ix86+x86_64 1.2.2 8.00 68.00 76.00 NOTE

Check Details

Version: 1.2.2
Check: R code for possible problems
Result: NOTE
    dis: no visible binding for global variable ‘sub.mat’
    mat.dis: no visible binding for global variable ‘sub.mat’
    mmds.3D.plot: no visible global function definition for ‘box3d’
    mmds.3D.plot: no visible global function definition for ‘axes3d’
    
    Found the following calls to data() loading into the global environment:
    File ‘bios2mds/R/dis.R’:
     data("sub.mat", package = "bios2mds", verbose = FALSE)
    File ‘bios2mds/R/mat.dis.R’:
     data("sub.mat", package = "bios2mds", verbose = FALSE)
    See section ‘Good practice’ in ‘?data’.
Flavors: r-devel-linux-x86_64-debian-clang, r-devel-linux-x86_64-debian-gcc, r-devel-linux-x86_64-fedora-clang, r-devel-osx-x86_64-clang, r-patched-linux-x86_64, r-release-linux-x86_64

Version: 1.2.2
Check: R code for possible problems
Result: NOTE
    dis: no visible binding for global variable ‘sub.mat’
    mat.dis: no visible binding for global variable ‘sub.mat’
    mmds.3D.plot: no visible global function definition for ‘box3d’
    mmds.3D.plot: no visible global function definition for ‘axes3d’
Flavors: r-devel-linux-x86_64-fedora-gcc, r-devel-windows-ix86+x86_64, r-patched-solaris-sparc, r-patched-solaris-x86, r-release-osx-x86_64-mavericks, r-release-windows-ix86+x86_64, r-oldrel-windows-ix86+x86_64

Version: 1.2.2
Check: package dependencies
Result: ERROR
    Package required but not available: ‘scales’
    
    See section ‘The DESCRIPTION file’ in the ‘Writing R Extensions’
    manual.
Flavor: r-release-osx-x86_64-snowleopard