CRAN Package Check Results for Package bios2mds

Last updated on 2015-02-28 07:49:56.

Flavor Version Tinstall Tcheck Ttotal Status Flags
r-devel-linux-x86_64-debian-clang 1.2.2 1.41 37.66 39.07 NOTE
r-devel-linux-x86_64-debian-gcc 1.2.2 1.29 36.23 37.52 NOTE
r-devel-linux-x86_64-fedora-clang 1.2.2 83.16 NOTE
r-devel-linux-x86_64-fedora-gcc 1.2.2 79.67 NOTE
r-devel-osx-x86_64-clang 1.2.2 69.73 NOTE
r-devel-windows-ix86+x86_64 1.2.2 8.00 59.00 67.00 NOTE
r-patched-linux-x86_64 1.2.2 2.18 46.74 48.92 NOTE
r-patched-solaris-sparc 1.2.2 548.70 NOTE
r-patched-solaris-x86 1.2.2 134.80 NOTE
r-release-linux-ix86 1.2.2 2.28 57.57 59.86 NOTE
r-release-linux-x86_64 1.2.2 2.00 45.03 47.02 NOTE
r-release-osx-x86_64-mavericks 1.2.2 NOTE
r-release-osx-x86_64-snowleopard 1.2.2 NOTE
r-release-windows-ix86+x86_64 1.2.2 7.00 72.00 79.00 NOTE
r-oldrel-windows-ix86+x86_64 1.2.2 8.00 76.00 84.00 NOTE

Check Details

Version: 1.2.2
Check: R code for possible problems
Result: NOTE
    dis: no visible binding for global variable ‘sub.mat’
    mat.dis: no visible binding for global variable ‘sub.mat’
    mmds.3D.plot: no visible global function definition for ‘box3d’
    mmds.3D.plot: no visible global function definition for ‘axes3d’
    
    Found the following calls to data() loading into the global environment:
    File ‘bios2mds/R/dis.R’:
     data("sub.mat", package = "bios2mds", verbose = FALSE)
    File ‘bios2mds/R/mat.dis.R’:
     data("sub.mat", package = "bios2mds", verbose = FALSE)
    See section ‘Good practice’ in ‘?data’.
Flavors: r-devel-linux-x86_64-debian-clang, r-devel-linux-x86_64-debian-gcc, r-devel-linux-x86_64-fedora-clang, r-devel-osx-x86_64-clang, r-patched-linux-x86_64, r-release-linux-ix86, r-release-linux-x86_64

Version: 1.2.2
Check: R code for possible problems
Result: NOTE
    dis: no visible binding for global variable ‘sub.mat’
    mat.dis: no visible binding for global variable ‘sub.mat’
    mmds.3D.plot: no visible global function definition for ‘box3d’
    mmds.3D.plot: no visible global function definition for ‘axes3d’
Flavors: r-devel-linux-x86_64-fedora-gcc, r-devel-windows-ix86+x86_64, r-patched-solaris-sparc, r-patched-solaris-x86, r-release-osx-x86_64-mavericks, r-release-windows-ix86+x86_64

Version: 1.2.2
Check: R code for possible problems
Result: NOTE
    dis: no visible binding for global variable ‘sub.mat’
    mat.dis: no visible binding for global variable ‘sub.mat’
Flavors: r-release-osx-x86_64-snowleopard, r-oldrel-windows-ix86+x86_64