CRAN Package Check Results for Package bios2mds

Last updated on 2015-07-03 21:46:23.

Flavor Version Tinstall Tcheck Ttotal Status Flags
r-devel-linux-x86_64-debian-clang 1.2.2 1.37 37.97 39.34 NOTE
r-devel-linux-x86_64-debian-gcc 1.2.2 1.32 36.56 37.87 NOTE
r-devel-linux-x86_64-fedora-clang 1.2.2 79.85 NOTE
r-devel-linux-x86_64-fedora-gcc 1.2.2 66.53 NOTE
r-devel-osx-x86_64-clang 1.2.2 71.14 NOTE
r-devel-windows-ix86+x86_64 1.2.2 6.00 60.00 66.00 NOTE
r-patched-linux-x86_64 1.2.2 1.37 36.18 37.55 NOTE
r-patched-solaris-sparc 1.2.2 495.60 NOTE
r-patched-solaris-x86 1.2.2 122.20 NOTE
r-release-linux-x86_64 1.2.2 1.37 37.16 38.53 NOTE
r-release-osx-x86_64-mavericks 1.2.2 NOTE
r-release-windows-ix86+x86_64 1.2.2 7.00 59.00 66.00 NOTE
r-oldrel-windows-ix86+x86_64 1.2.2 9.00 68.00 77.00 NOTE

Check Details

Version: 1.2.2
Check: R code for possible problems
Result: NOTE
    col.group: no visible global function definition for ‘read.table’
    dif: no visible global function definition for ‘complete.cases’
    dis: Error while checking: invalid ‘envir’ argument
    mat.dis: Error while checking: invalid ‘envir’ argument
    mmds.2D.multi: no visible global function definition for ‘dev.new’
    mmds.2D.multi: no visible global function definition for ‘pdf’
    mmds.2D.multi: no visible global function definition for ‘png’
    mmds.2D.multi: no visible global function definition for ‘tiff’
    mmds.2D.multi: no visible global function definition for ‘postscript’
    mmds.2D.multi: no visible global function definition for ‘plot’
    mmds.2D.multi : <anonymous>: no visible global function definition for
     ‘points’
    mmds.2D.multi : <anonymous>: no visible global function definition for
     ‘lines’
    mmds.2D.multi: no visible global function definition for ‘abline’
    mmds.2D.multi: no visible global function definition for ‘box’
    mmds.2D.multi: no visible global function definition for ‘dev.off’
    mmds.2D.plot: no visible global function definition for ‘dev.new’
    mmds.2D.plot: no visible global function definition for ‘pdf’
    mmds.2D.plot: no visible global function definition for ‘png’
    mmds.2D.plot: no visible global function definition for ‘tiff’
    mmds.2D.plot: no visible global function definition for ‘postscript’
    mmds.2D.plot: no visible global function definition for ‘plot’
    mmds.2D.plot: no visible global function definition for ‘text’
    mmds.2D.plot: no visible global function definition for ‘points’
    mmds.2D.plot: no visible global function definition for ‘abline’
    mmds.2D.plot: no visible global function definition for ‘box’
    mmds.2D.plot: no visible global function definition for ‘dev.off’
    mmds.3D.plot: no visible global function definition for ‘box3d’
    mmds.3D.plot: no visible global function definition for ‘axes3d’
    mmds.plot: no visible global function definition for ‘dev.new’
    mmds.plot: no visible global function definition for ‘pdf’
    mmds.plot: no visible global function definition for ‘layout’
    mmds.plot: no visible global function definition for ‘dev.off’
    scree.plot: no visible global function definition for ‘dev.new’
    scree.plot: no visible global function definition for ‘pdf’
    scree.plot: no visible global function definition for ‘barplot’
    scree.plot: no visible global function definition for ‘text’
    scree.plot: no visible global function definition for ‘dev.off’
    sil.score: no visible global function definition for ‘dist’
    write.mmds.pdb: no visible global function definition for ‘col2rgb’
    Undefined global functions or variables:
     abline axes3d barplot box box3d col2rgb complete.cases dev.new
     dev.off dist layout lines pdf plot png points postscript read.table
     text tiff
    
    Found the following calls to data() loading into the global environment:
    File ‘bios2mds/R/dis.R’:
     data("sub.mat", package = "bios2mds", verbose = FALSE)
    File ‘bios2mds/R/mat.dis.R’:
     data("sub.mat", package = "bios2mds", verbose = FALSE)
    See section ‘Good practice’ in ‘?data’.
Flavors: r-devel-linux-x86_64-debian-clang, r-devel-linux-x86_64-debian-gcc, r-devel-linux-x86_64-fedora-clang

Version: 1.2.2
Check: R code for possible problems
Result: NOTE
    col.group: no visible global function definition for ‘read.table’
    dif: no visible global function definition for ‘complete.cases’
    dis: Error while checking: invalid 'envir' argument
    mat.dis: Error while checking: invalid 'envir' argument
    mmds.2D.multi: no visible global function definition for ‘dev.new’
    mmds.2D.multi: no visible global function definition for ‘pdf’
    mmds.2D.multi: no visible global function definition for ‘png’
    mmds.2D.multi: no visible global function definition for ‘tiff’
    mmds.2D.multi: no visible global function definition for ‘postscript’
    mmds.2D.multi: no visible global function definition for ‘plot’
    mmds.2D.multi : <anonymous>: no visible global function definition for
     ‘points’
    mmds.2D.multi : <anonymous>: no visible global function definition for
     ‘lines’
    mmds.2D.multi: no visible global function definition for ‘abline’
    mmds.2D.multi: no visible global function definition for ‘box’
    mmds.2D.multi: no visible global function definition for ‘dev.off’
    mmds.2D.plot: no visible global function definition for ‘dev.new’
    mmds.2D.plot: no visible global function definition for ‘pdf’
    mmds.2D.plot: no visible global function definition for ‘png’
    mmds.2D.plot: no visible global function definition for ‘tiff’
    mmds.2D.plot: no visible global function definition for ‘postscript’
    mmds.2D.plot: no visible global function definition for ‘plot’
    mmds.2D.plot: no visible global function definition for ‘text’
    mmds.2D.plot: no visible global function definition for ‘points’
    mmds.2D.plot: no visible global function definition for ‘abline’
    mmds.2D.plot: no visible global function definition for ‘box’
    mmds.2D.plot: no visible global function definition for ‘dev.off’
    mmds.3D.plot: no visible global function definition for ‘box3d’
    mmds.3D.plot: no visible global function definition for ‘axes3d’
    mmds.plot: no visible global function definition for ‘dev.new’
    mmds.plot: no visible global function definition for ‘pdf’
    mmds.plot: no visible global function definition for ‘layout’
    mmds.plot: no visible global function definition for ‘dev.off’
    scree.plot: no visible global function definition for ‘dev.new’
    scree.plot: no visible global function definition for ‘pdf’
    scree.plot: no visible global function definition for ‘barplot’
    scree.plot: no visible global function definition for ‘text’
    scree.plot: no visible global function definition for ‘dev.off’
    sil.score: no visible global function definition for ‘dist’
    write.mmds.pdb: no visible global function definition for ‘col2rgb’
    Undefined global functions or variables:
     abline axes3d barplot box box3d col2rgb complete.cases dev.new
     dev.off dist layout lines pdf plot png points postscript read.table
     text tiff
Flavors: r-devel-linux-x86_64-fedora-gcc, r-devel-windows-ix86+x86_64

Version: 1.2.2
Check: R code for possible problems
Result: NOTE
    dis: no visible binding for global variable ‘sub.mat’
    mat.dis: no visible binding for global variable ‘sub.mat’
    mmds.3D.plot: no visible global function definition for ‘box3d’
    mmds.3D.plot: no visible global function definition for ‘axes3d’
    Undefined global functions or variables:
     axes3d box3d sub.mat
    
    Found the following calls to data() loading into the global environment:
    File ‘bios2mds/R/dis.R’:
     data("sub.mat", package = "bios2mds", verbose = FALSE)
    File ‘bios2mds/R/mat.dis.R’:
     data("sub.mat", package = "bios2mds", verbose = FALSE)
    See section ‘Good practice’ in ‘?data’.
Flavor: r-devel-osx-x86_64-clang

Version: 1.2.2
Check: R code for possible problems
Result: NOTE
    dis: no visible binding for global variable ‘sub.mat’
    mat.dis: no visible binding for global variable ‘sub.mat’
    mmds.3D.plot: no visible global function definition for ‘box3d’
    mmds.3D.plot: no visible global function definition for ‘axes3d’
    
    Found the following calls to data() loading into the global environment:
    File ‘bios2mds/R/dis.R’:
     data("sub.mat", package = "bios2mds", verbose = FALSE)
    File ‘bios2mds/R/mat.dis.R’:
     data("sub.mat", package = "bios2mds", verbose = FALSE)
    See section ‘Good practice’ in ‘?data’.
Flavors: r-patched-linux-x86_64, r-release-linux-x86_64

Version: 1.2.2
Check: R code for possible problems
Result: NOTE
    dis: no visible binding for global variable ‘sub.mat’
    mat.dis: no visible binding for global variable ‘sub.mat’
    mmds.3D.plot: no visible global function definition for ‘box3d’
    mmds.3D.plot: no visible global function definition for ‘axes3d’
Flavors: r-patched-solaris-sparc, r-patched-solaris-x86, r-release-osx-x86_64-mavericks, r-release-windows-ix86+x86_64, r-oldrel-windows-ix86+x86_64