CRAN Package Check Results for Package bios2mds

Last updated on 2015-03-28 03:49:58.

Flavor Version Tinstall Tcheck Ttotal Status Flags
r-devel-linux-x86_64-debian-clang 1.2.2 1.40 36.97 38.37 NOTE
r-devel-linux-x86_64-debian-gcc 1.2.2 1.41 38.85 40.26 NOTE
r-devel-linux-x86_64-fedora-clang 1.2.2 82.20 NOTE
r-devel-linux-x86_64-fedora-gcc 1.2.2 80.45 NOTE
r-devel-osx-x86_64-clang 1.2.2 74.87 NOTE
r-prerel-windows-ix86+x86_64 1.2.2 6.00 58.00 64.00 NOTE
r-prerel-linux-x86_64 1.2.2 1.39 37.90 39.29 NOTE
r-prerel-solaris-sparc 1.2.2 535.30 NOTE
r-prerel-solaris-x86 1.2.2 121.40 NOTE
r-release-linux-x86_64 1.2.2 1.94 45.31 47.25 NOTE
r-release-osx-x86_64-mavericks 1.2.2 NOTE
r-release-osx-x86_64-snowleopard 1.2.2 NOTE
r-release-windows-ix86+x86_64 1.2.2 9.00 69.00 78.00 NOTE
r-oldrel-windows-ix86+x86_64 1.2.2 7.00 102.00 109.00 NOTE

Check Details

Version: 1.2.2
Check: R code for possible problems
Result: NOTE
    dis: no visible binding for global variable ‘sub.mat’
    mat.dis: no visible binding for global variable ‘sub.mat’
    mmds.3D.plot: no visible global function definition for ‘box3d’
    mmds.3D.plot: no visible global function definition for ‘axes3d’
    
    Found the following calls to data() loading into the global environment:
    File ‘bios2mds/R/dis.R’:
     data("sub.mat", package = "bios2mds", verbose = FALSE)
    File ‘bios2mds/R/mat.dis.R’:
     data("sub.mat", package = "bios2mds", verbose = FALSE)
    See section ‘Good practice’ in ‘?data’.
Flavors: r-devel-linux-x86_64-debian-clang, r-devel-linux-x86_64-debian-gcc, r-devel-linux-x86_64-fedora-clang, r-devel-osx-x86_64-clang, r-prerel-linux-x86_64, r-release-linux-x86_64

Version: 1.2.2
Check: R code for possible problems
Result: NOTE
    dis: no visible binding for global variable ‘sub.mat’
    mat.dis: no visible binding for global variable ‘sub.mat’
    mmds.3D.plot: no visible global function definition for ‘box3d’
    mmds.3D.plot: no visible global function definition for ‘axes3d’
Flavors: r-devel-linux-x86_64-fedora-gcc, r-prerel-windows-ix86+x86_64, r-prerel-solaris-sparc, r-prerel-solaris-x86, r-release-osx-x86_64-mavericks, r-release-windows-ix86+x86_64

Version: 1.2.2
Check: R code for possible problems
Result: NOTE
    dis: no visible binding for global variable ‘sub.mat’
    mat.dis: no visible binding for global variable ‘sub.mat’
Flavors: r-release-osx-x86_64-snowleopard, r-oldrel-windows-ix86+x86_64