CRAN Package Check Results for Package bios2mds

Last updated on 2020-07-05 06:46:58 CEST.

Flavor Version Tinstall Tcheck Ttotal Status Flags
r-devel-linux-x86_64-debian-clang 1.2.3 9.36 67.01 76.37 OK
r-devel-linux-x86_64-debian-gcc 1.2.3 7.72 52.39 60.11 OK
r-devel-linux-x86_64-fedora-clang 1.2.3 101.01 OK
r-devel-linux-x86_64-fedora-gcc 1.2.3 96.89 OK
r-devel-windows-ix86+x86_64 1.2.3 27.00 106.00 133.00 OK
r-patched-linux-x86_64 1.2.3 9.98 67.76 77.74 OK
r-patched-solaris-x86 1.2.3 147.30 OK
r-release-linux-x86_64 1.2.3 9.72 67.55 77.27 OK
r-release-osx-x86_64 1.2.3 OK
r-release-windows-ix86+x86_64 1.2.3 18.00 84.00 102.00 OK
r-oldrel-osx-x86_64 1.2.3 WARN
r-oldrel-windows-ix86+x86_64 1.2.3 31.00 115.00 146.00 OK

Check Details

Version: 1.2.3
Check: whether package can be installed
Result: WARN
    Found the following significant warnings:
     Warning: 'rgl.init' failed, running with 'rgl.useNULL = TRUE'.
Flavor: r-oldrel-osx-x86_64