CRAN Package Check Results for Package bios2mds

Last updated on 2015-04-18 08:48:36.

Flavor Version Tinstall Tcheck Ttotal Status Flags
r-devel-linux-x86_64-debian-clang 1.2.2 1.50 38.85 40.34 NOTE
r-devel-linux-x86_64-debian-gcc 1.2.2 1.48 36.63 38.11 NOTE
r-devel-linux-x86_64-fedora-clang 1.2.2 81.80 NOTE
r-devel-linux-x86_64-fedora-gcc 1.2.2 84.75 NOTE
r-devel-osx-x86_64-clang 1.2.2 73.48 NOTE
r-prerel-windows-ix86+x86_64 1.2.2 6.00 57.00 63.00 NOTE
r-prerel-linux-x86_64 1.2.2 1.31 41.23 42.54 NOTE
r-prerel-solaris-sparc 1.2.2 535.30 NOTE
r-prerel-solaris-x86 1.2.2 119.50 NOTE
r-release-linux-x86_64 1.2.2 1.96 44.84 46.80 NOTE
r-release-osx-x86_64-mavericks 1.2.2 NOTE
r-release-osx-x86_64-snowleopard 1.2.2 NOTE
r-release-windows-ix86+x86_64 1.2.2 10.00 90.00 100.00 NOTE
r-oldrel-windows-ix86+x86_64 1.2.2 9.00 99.00 108.00 NOTE

Check Details

Version: 1.2.2
Check: R code for possible problems
Result: NOTE
    dis: no visible binding for global variable ‘sub.mat’
    mat.dis: no visible binding for global variable ‘sub.mat’
    mmds.3D.plot: no visible global function definition for ‘box3d’
    mmds.3D.plot: no visible global function definition for ‘axes3d’
    
    Found the following calls to data() loading into the global environment:
    File ‘bios2mds/R/dis.R’:
     data("sub.mat", package = "bios2mds", verbose = FALSE)
    File ‘bios2mds/R/mat.dis.R’:
     data("sub.mat", package = "bios2mds", verbose = FALSE)
    See section ‘Good practice’ in ‘?data’.
Flavors: r-devel-linux-x86_64-debian-clang, r-devel-linux-x86_64-debian-gcc, r-devel-linux-x86_64-fedora-clang, r-devel-osx-x86_64-clang, r-prerel-linux-x86_64, r-release-linux-x86_64

Version: 1.2.2
Check: R code for possible problems
Result: NOTE
    dis: no visible binding for global variable ‘sub.mat’
    mat.dis: no visible binding for global variable ‘sub.mat’
    mmds.3D.plot: no visible global function definition for ‘box3d’
    mmds.3D.plot: no visible global function definition for ‘axes3d’
Flavors: r-devel-linux-x86_64-fedora-gcc, r-prerel-windows-ix86+x86_64, r-prerel-solaris-sparc, r-prerel-solaris-x86, r-release-osx-x86_64-mavericks, r-release-windows-ix86+x86_64

Version: 1.2.2
Check: R code for possible problems
Result: NOTE
    dis: no visible binding for global variable ‘sub.mat’
    mat.dis: no visible binding for global variable ‘sub.mat’
Flavors: r-release-osx-x86_64-snowleopard, r-oldrel-windows-ix86+x86_64