CRAN Package Check Results for Package bios2mds

Last updated on 2014-04-21 04:48:36.

Flavor Version Tinstall Tcheck Ttotal Status Flags
r-devel-linux-x86_64-debian-clang 1.2.2 1.90 46.61 48.52 NOTE
r-devel-linux-x86_64-debian-gcc 1.2.2 1.91 46.95 48.86 NOTE
r-devel-linux-x86_64-fedora-clang 1.2.2 106.14 NOTE
r-devel-linux-x86_64-fedora-gcc 1.2.2 95.02 NOTE
r-devel-macosx-x86_64-clang 1.2.2 80.07 NOTE
r-devel-macosx-x86_64-gcc 1.2.2 ERROR
r-devel-windows-ix86+x86_64 1.2.2 8.00 63.00 71.00 NOTE
r-patched-linux-x86_64 1.2.2 2.02 47.16 49.18 NOTE
r-patched-solaris-sparc 1.2.2 563.80 NOTE
r-patched-solaris-x86 1.2.2 132.70 NOTE
r-release-linux-ix86 NOTE
r-release-linux-x86_64 1.2.2 1.91 47.27 49.18 NOTE
r-release-macosx-x86_64 1.2.2 NOTE
r-release-windows-ix86+x86_64 1.2.2 10.00 73.00 83.00 NOTE
r-oldrel-windows-ix86+x86_64 1.2.2 8.00 70.00 78.00 NOTE

Check Details

Version: 1.2.2
Check: R code for possible problems
Result: NOTE
    dis: no visible binding for global variable ‘sub.mat’
    mat.dis: no visible binding for global variable ‘sub.mat’
    
    Found the following calls to data() loading into the global environment:
    File ‘bios2mds/R/dis.R’:
     data("sub.mat", package = "bios2mds", verbose = FALSE)
    File ‘bios2mds/R/mat.dis.R’:
     data("sub.mat", package = "bios2mds", verbose = FALSE)
    See section ‘Good practice’ in ‘?data’.
Flavors: r-devel-linux-x86_64-debian-clang, r-devel-linux-x86_64-debian-gcc, r-devel-linux-x86_64-fedora-clang, r-devel-macosx-x86_64-clang, r-patched-linux-x86_64, r-release-linux-ix86, r-release-linux-x86_64

Version: 1.2.2
Check: R code for possible problems
Result: NOTE
    dis: no visible binding for global variable ‘sub.mat’
    mat.dis: no visible binding for global variable ‘sub.mat’
Flavors: r-devel-linux-x86_64-fedora-gcc, r-devel-windows-ix86+x86_64, r-patched-solaris-sparc, r-patched-solaris-x86, r-release-macosx-x86_64, r-release-windows-ix86+x86_64, r-oldrel-windows-ix86+x86_64

Version: 1.2.2
Check: package dependencies
Result: ERROR
    Package required but not available: ‘scales’
    
    See the information on DESCRIPTION files in the chapter ‘Creating R
    packages’ of the ‘Writing R Extensions’ manual.
Flavor: r-devel-macosx-x86_64-gcc