CRAN Package Check Results for Package bios2mds

Last updated on 2014-07-23 17:48:54.

Flavor Version Tinstall Tcheck Ttotal Status Flags
r-devel-linux-x86_64-debian-clang 1.2.2 1.66 43.17 44.83 NOTE
r-devel-linux-x86_64-debian-gcc 1.2.2 1.78 42.34 44.12 NOTE
r-devel-linux-x86_64-fedora-clang 1.2.2 103.33 NOTE
r-devel-linux-x86_64-fedora-gcc 1.2.2 95.46 NOTE
r-devel-osx-x86_64-clang 1.2.2 83.14 NOTE
r-devel-windows-ix86+x86_64 1.2.2 7.00 66.00 73.00 NOTE
r-patched-linux-x86_64 1.2.2 2.08 43.39 45.47 NOTE
r-patched-solaris-sparc 1.2.2 563.80 NOTE
r-patched-solaris-x86 1.2.2 139.20 NOTE
r-release-linux-ix86 1.2.2 2.46 58.42 60.88 NOTE
r-release-linux-x86_64 1.2.2 1.72 43.08 44.80 NOTE
r-release-osx-x86_64-mavericks 1.2.2 NOTE
r-release-osx-x86_64-snowleopard 1.2.2 NOTE
r-release-windows-ix86+x86_64 1.2.2 6.00 69.00 75.00 NOTE
r-oldrel-windows-ix86+x86_64 1.2.2 8.00 67.00 75.00 NOTE

Check Details

Version: 1.2.2
Check: R code for possible problems
Result: NOTE
    dis: no visible binding for global variable ‘sub.mat’
    mat.dis: no visible binding for global variable ‘sub.mat’
    
    Found the following calls to data() loading into the global environment:
    File ‘bios2mds/R/dis.R’:
     data("sub.mat", package = "bios2mds", verbose = FALSE)
    File ‘bios2mds/R/mat.dis.R’:
     data("sub.mat", package = "bios2mds", verbose = FALSE)
    See section ‘Good practice’ in ‘?data’.
Flavors: r-devel-linux-x86_64-debian-clang, r-devel-linux-x86_64-debian-gcc, r-devel-linux-x86_64-fedora-clang, r-devel-osx-x86_64-clang, r-patched-linux-x86_64, r-release-linux-ix86, r-release-linux-x86_64

Version: 1.2.2
Check: R code for possible problems
Result: NOTE
    dis: no visible binding for global variable ‘sub.mat’
    mat.dis: no visible binding for global variable ‘sub.mat’
Flavors: r-devel-linux-x86_64-fedora-gcc, r-devel-windows-ix86+x86_64, r-patched-solaris-sparc, r-patched-solaris-x86, r-release-osx-x86_64-mavericks, r-release-osx-x86_64-snowleopard, r-release-windows-ix86+x86_64, r-oldrel-windows-ix86+x86_64