CRAN Package Check Results for Package bios2mds

Last updated on 2015-01-26 03:52:17.

Flavor Version Tinstall Tcheck Ttotal Status Flags
r-devel-linux-x86_64-debian-clang 1.2.2 1.54 38.77 40.31 NOTE
r-devel-linux-x86_64-debian-gcc 1.2.2 1.56 38.40 39.95 NOTE
r-devel-linux-x86_64-fedora-clang 1.2.2 98.47 NOTE
r-devel-linux-x86_64-fedora-gcc 1.2.2 103.85 NOTE
r-devel-osx-x86_64-clang 1.2.2 108.24 NOTE
r-devel-windows-ix86+x86_64 1.2.2 9.00 102.00 111.00 NOTE
r-patched-linux-x86_64 1.2.2 1.68 44.29 45.97 NOTE
r-patched-solaris-sparc 1.2.2 548.70 NOTE
r-patched-solaris-x86 1.2.2 134.60 NOTE
r-release-linux-ix86 1.2.2 2.32 54.39 56.72 NOTE
r-release-linux-x86_64 1.2.2 1.76 44.93 46.68 NOTE
r-release-osx-x86_64-mavericks 1.2.2 NOTE
r-release-osx-x86_64-snowleopard 1.2.2 NOTE
r-release-windows-ix86+x86_64 1.2.2 8.00 70.00 78.00 NOTE
r-oldrel-windows-ix86+x86_64 1.2.2 8.00 73.00 81.00 NOTE

Check Details

Version: 1.2.2
Check: R code for possible problems
Result: NOTE
    dis: no visible binding for global variable ‘sub.mat’
    mat.dis: no visible binding for global variable ‘sub.mat’
    mmds.3D.plot: no visible global function definition for ‘box3d’
    mmds.3D.plot: no visible global function definition for ‘axes3d’
    
    Found the following calls to data() loading into the global environment:
    File ‘bios2mds/R/dis.R’:
     data("sub.mat", package = "bios2mds", verbose = FALSE)
    File ‘bios2mds/R/mat.dis.R’:
     data("sub.mat", package = "bios2mds", verbose = FALSE)
    See section ‘Good practice’ in ‘?data’.
Flavors: r-devel-linux-x86_64-debian-clang, r-devel-linux-x86_64-debian-gcc, r-devel-linux-x86_64-fedora-clang, r-devel-osx-x86_64-clang, r-patched-linux-x86_64, r-release-linux-ix86, r-release-linux-x86_64

Version: 1.2.2
Check: R code for possible problems
Result: NOTE
    dis: no visible binding for global variable ‘sub.mat’
    mat.dis: no visible binding for global variable ‘sub.mat’
    mmds.3D.plot: no visible global function definition for ‘box3d’
    mmds.3D.plot: no visible global function definition for ‘axes3d’
Flavors: r-devel-linux-x86_64-fedora-gcc, r-devel-windows-ix86+x86_64, r-patched-solaris-sparc, r-patched-solaris-x86, r-release-osx-x86_64-mavericks, r-release-windows-ix86+x86_64

Version: 1.2.2
Check: R code for possible problems
Result: NOTE
    dis: no visible binding for global variable ‘sub.mat’
    mat.dis: no visible binding for global variable ‘sub.mat’
Flavors: r-release-osx-x86_64-snowleopard, r-oldrel-windows-ix86+x86_64