CRAN Package Check Results for Package bios2mds

Last updated on 2014-11-28 17:51:30.

Flavor Version Tinstall Tcheck Ttotal Status Flags
r-devel-linux-x86_64-debian-clang 1.2.2 1.79 43.92 45.70 NOTE
r-devel-linux-x86_64-debian-gcc 1.2.2 1.72 43.77 45.49 NOTE
r-devel-linux-x86_64-fedora-clang 1.2.2 93.66 NOTE
r-devel-linux-x86_64-fedora-gcc 1.2.2 101.99 NOTE
r-devel-osx-x86_64-clang 1.2.2 79.97 NOTE
r-devel-windows-ix86+x86_64 1.2.2 7.00 66.00 73.00 NOTE
r-patched-linux-x86_64 1.2.2 2.49 43.76 46.25 NOTE
r-patched-solaris-sparc 1.2.2 538.10 NOTE
r-patched-solaris-x86 1.2.2 135.40 NOTE
r-release-linux-ix86 1.2.2 2.31 53.51 55.82 NOTE
r-release-linux-x86_64 1.2.2 1.76 46.13 47.88 NOTE
r-release-osx-x86_64-mavericks 1.2.2 NOTE
r-release-osx-x86_64-snowleopard 1.2.2 NOTE
r-release-windows-ix86+x86_64 1.2.2 8.00 73.00 81.00 NOTE
r-oldrel-windows-ix86+x86_64 1.2.2 8.00 78.00 86.00 NOTE

Check Details

Version: 1.2.2
Check: R code for possible problems
Result: NOTE
    dis: no visible binding for global variable ‘sub.mat’
    mat.dis: no visible binding for global variable ‘sub.mat’
    mmds.3D.plot: no visible global function definition for ‘box3d’
    mmds.3D.plot: no visible global function definition for ‘axes3d’
    
    Found the following calls to data() loading into the global environment:
    File ‘bios2mds/R/dis.R’:
     data("sub.mat", package = "bios2mds", verbose = FALSE)
    File ‘bios2mds/R/mat.dis.R’:
     data("sub.mat", package = "bios2mds", verbose = FALSE)
    See section ‘Good practice’ in ‘?data’.
Flavors: r-devel-linux-x86_64-debian-clang, r-devel-linux-x86_64-debian-gcc, r-devel-linux-x86_64-fedora-clang, r-devel-osx-x86_64-clang, r-patched-linux-x86_64, r-release-linux-ix86, r-release-linux-x86_64

Version: 1.2.2
Check: R code for possible problems
Result: NOTE
    dis: no visible binding for global variable ‘sub.mat’
    mat.dis: no visible binding for global variable ‘sub.mat’
    mmds.3D.plot: no visible global function definition for ‘box3d’
    mmds.3D.plot: no visible global function definition for ‘axes3d’
Flavors: r-devel-linux-x86_64-fedora-gcc, r-devel-windows-ix86+x86_64, r-patched-solaris-sparc, r-patched-solaris-x86, r-release-windows-ix86+x86_64

Version: 1.2.2
Check: R code for possible problems
Result: NOTE
    dis: no visible binding for global variable ‘sub.mat’
    mat.dis: no visible binding for global variable ‘sub.mat’
Flavors: r-release-osx-x86_64-mavericks, r-release-osx-x86_64-snowleopard, r-oldrel-windows-ix86+x86_64