CRAN Package Check Results for Package bios2mds

Last updated on 2014-08-22 00:46:41.

Flavor Version Tinstall Tcheck Ttotal Status Flags
r-devel-linux-x86_64-debian-clang 1.2.2 2.49 43.30 45.78 NOTE
r-devel-linux-x86_64-debian-gcc 1.2.2 1.74 41.56 43.30 NOTE
r-devel-linux-x86_64-fedora-clang 1.2.2 102.31 NOTE
r-devel-linux-x86_64-fedora-gcc 1.2.2 98.08 NOTE
r-devel-osx-x86_64-clang 1.2.2 83.06 NOTE
r-devel-windows-ix86+x86_64 1.2.2 7.00 61.00 68.00 NOTE
r-patched-linux-x86_64 1.2.2 1.73 42.94 44.68 NOTE
r-patched-solaris-sparc 1.2.2 559.70 NOTE
r-patched-solaris-x86 1.2.2 138.70 NOTE
r-release-linux-ix86 1.2.2 2.44 56.62 59.06 NOTE
r-release-linux-x86_64 1.2.2 1.78 43.56 45.34 NOTE
r-release-osx-x86_64-mavericks 1.2.2 NOTE
r-release-osx-x86_64-snowleopard 1.2.2 NOTE
r-release-windows-ix86+x86_64 1.2.2 7.00 69.00 76.00 NOTE
r-oldrel-windows-ix86+x86_64 1.2.2 9.00 72.00 81.00 NOTE

Check Details

Version: 1.2.2
Check: R code for possible problems
Result: NOTE
    dis: no visible binding for global variable ‘sub.mat’
    mat.dis: no visible binding for global variable ‘sub.mat’
    
    Found the following calls to data() loading into the global environment:
    File ‘bios2mds/R/dis.R’:
     data("sub.mat", package = "bios2mds", verbose = FALSE)
    File ‘bios2mds/R/mat.dis.R’:
     data("sub.mat", package = "bios2mds", verbose = FALSE)
    See section ‘Good practice’ in ‘?data’.
Flavors: r-devel-linux-x86_64-debian-clang, r-devel-linux-x86_64-debian-gcc, r-patched-linux-x86_64, r-release-linux-ix86, r-release-linux-x86_64

Version: 1.2.2
Check: R code for possible problems
Result: NOTE
    dis: no visible binding for global variable ‘sub.mat’
    mat.dis: no visible binding for global variable ‘sub.mat’
    mmds.3D.plot: no visible global function definition for ‘box3d’
    mmds.3D.plot: no visible global function definition for ‘axes3d’
    
    Found the following calls to data() loading into the global environment:
    File ‘bios2mds/R/dis.R’:
     data("sub.mat", package = "bios2mds", verbose = FALSE)
    File ‘bios2mds/R/mat.dis.R’:
     data("sub.mat", package = "bios2mds", verbose = FALSE)
    See section ‘Good practice’ in ‘?data’.
Flavors: r-devel-linux-x86_64-fedora-clang, r-devel-osx-x86_64-clang

Version: 1.2.2
Check: R code for possible problems
Result: NOTE
    dis: no visible binding for global variable ‘sub.mat’
    mat.dis: no visible binding for global variable ‘sub.mat’
    mmds.3D.plot: no visible global function definition for ‘box3d’
    mmds.3D.plot: no visible global function definition for ‘axes3d’
Flavor: r-devel-linux-x86_64-fedora-gcc

Version: 1.2.2
Check: R code for possible problems
Result: NOTE
    dis: no visible binding for global variable 'sub.mat'
    mat.dis: no visible binding for global variable 'sub.mat'
Flavors: r-devel-windows-ix86+x86_64, r-patched-solaris-sparc, r-patched-solaris-x86, r-release-osx-x86_64-mavericks, r-release-osx-x86_64-snowleopard, r-release-windows-ix86+x86_64, r-oldrel-windows-ix86+x86_64