CRAN Package Check Results for Package bioseq

Last updated on 2020-09-30 21:49:13 CEST.

Flavor Version Tinstall Tcheck Ttotal Status Flags
r-devel-linux-x86_64-debian-clang 0.1.1 4.02 52.75 56.77 OK
r-devel-linux-x86_64-debian-gcc 0.1.1 3.63 40.06 43.69 OK
r-devel-linux-x86_64-fedora-clang 0.1.1 77.86 NOTE
r-devel-linux-x86_64-fedora-gcc 0.1.1 66.40 OK
r-devel-windows-ix86+x86_64 0.1.1 8.00 71.00 79.00 OK
r-patched-linux-x86_64 0.1.1 4.23 49.83 54.06 OK
r-patched-solaris-x86 0.1.1 90.70 OK
r-release-linux-x86_64 0.1.1 4.07 49.87 53.94 OK
r-release-macos-x86_64 0.1.1 OK
r-release-windows-ix86+x86_64 0.1.1 10.00 73.00 83.00 OK
r-oldrel-macos-x86_64 0.1.1 OK
r-oldrel-windows-ix86+x86_64 0.1.1 7.00 77.00 84.00 OK

Check Details

Version: 0.1.1
Check: Rd cross-references
Result: NOTE
    Undeclared package ‘stringi’ in Rd xrefs
Flavor: r-devel-linux-x86_64-fedora-clang