CRAN Package Check Results for Package biospear

Last updated on 2019-08-21 02:49:01 CEST.

Flavor Version Tinstall Tcheck Ttotal Status Flags
r-devel-linux-x86_64-debian-clang 1.0.2 27.34 174.83 202.17 OK
r-devel-linux-x86_64-debian-gcc 1.0.2 21.55 133.37 154.92 OK
r-devel-linux-x86_64-fedora-clang 1.0.2 249.69 OK
r-devel-linux-x86_64-fedora-gcc 1.0.2 249.16 OK
r-devel-windows-ix86+x86_64 1.0.2 84.00 315.00 399.00 OK
r-patched-linux-x86_64 1.0.2 23.24 168.76 192.00 OK
r-patched-solaris-x86 1.0.2 350.90 OK
r-release-linux-x86_64 1.0.2 22.49 170.03 192.52 OK
r-release-windows-ix86+x86_64 1.0.2 65.00 174.00 239.00 OK
r-release-osx-x86_64 1.0.2 ERROR
r-oldrel-windows-ix86+x86_64 1.0.2 66.00 280.00 346.00 OK
r-oldrel-osx-x86_64 1.0.2 OK

Check Details

Version: 1.0.2
Check: package dependencies
Result: ERROR
    Package required but not available: ‘plsRcox’
    
    See section ‘The DESCRIPTION file’ in the ‘Writing R Extensions’
    manual.
Flavor: r-release-osx-x86_64