CRAN Package Check Results for Package biostat3

Last updated on 2024-06-16 07:58:21 CEST.

Flavor Version Tinstall Tcheck Ttotal Status Flags
r-devel-linux-x86_64-debian-clang 0.1.9 9.51 75.05 84.56 OK
r-devel-linux-x86_64-debian-gcc 0.1.9 7.45 57.31 64.76 OK
r-devel-linux-x86_64-fedora-clang 0.1.9 104.47 NOTE
r-devel-linux-x86_64-fedora-gcc 0.1.9 110.40 OK
r-devel-windows-x86_64 0.1.9 9.00 75.00 84.00 NOTE
r-patched-linux-x86_64 0.1.9 12.50 72.45 84.95 OK
r-release-linux-x86_64 0.1.9 9.27 71.78 81.05 OK
r-release-macos-arm64 0.1.9 37.00 NOTE
r-release-macos-x86_64 0.1.9 48.00 NOTE
r-release-windows-x86_64 0.1.9 10.00 77.00 87.00 NOTE
r-oldrel-macos-arm64 0.1.9 40.00 NOTE
r-oldrel-macos-x86_64 0.1.9 88.00 NOTE
r-oldrel-windows-x86_64 0.1.9 12.00 97.00 109.00 NOTE

Check Details

Version: 0.1.9
Check: installed package size
Result: NOTE installed size is 6.2Mb sub-directories of 1Mb or more: doc 5.6Mb Flavors: r-devel-linux-x86_64-fedora-clang, r-devel-windows-x86_64, r-release-macos-arm64, r-release-macos-x86_64, r-release-windows-x86_64, r-oldrel-macos-arm64, r-oldrel-macos-x86_64, r-oldrel-windows-x86_64