CRAN Package Check Results for Package bipartite

Last updated on 2015-01-25 23:52:06.

Flavor Version Tinstall Tcheck Ttotal Status Flags
r-devel-linux-x86_64-debian-clang 2.05 8.98 84.76 93.74 OK
r-devel-linux-x86_64-debian-gcc 2.05 9.44 86.96 96.40 OK
r-devel-linux-x86_64-fedora-clang 2.05 227.50 NOTE
r-devel-linux-x86_64-fedora-gcc 2.05 219.01 NOTE
r-devel-osx-x86_64-clang 2.05 217.69 NOTE
r-devel-windows-ix86+x86_64 2.05 42.00 136.00 178.00 OK
r-patched-linux-x86_64 2.05 11.28 92.59 103.87 OK
r-patched-solaris-sparc 2.05 1242.00 OK
r-patched-solaris-x86 2.05 264.20 OK
r-release-linux-ix86 2.05 12.32 92.84 105.17 OK
r-release-linux-x86_64 2.05 10.12 92.61 102.73 OK
r-release-osx-x86_64-mavericks 2.05 OK
r-release-osx-x86_64-snowleopard 2.05 OK
r-release-windows-ix86+x86_64 2.05 33.00 157.00 190.00 OK
r-oldrel-windows-ix86+x86_64 2.05 33.00 160.00 193.00 OK

Check Details

Version: 2.05
Check: S3 generic/method consistency
Result: NOTE
    Found the following apparent S3 methods exported but not registered:
     plot.wine
    See section ‘Registering S3 methods’ in the ‘Writing R Extensions’
    manual.
Flavors: r-devel-linux-x86_64-fedora-clang, r-devel-linux-x86_64-fedora-gcc, r-devel-osx-x86_64-clang