CRAN Package Check Results for Package bipartite

Last updated on 2022-09-30 23:55:26 CEST.

Flavor Version Tinstall Tcheck Ttotal Status Flags
r-devel-linux-x86_64-debian-clang 2.17 34.14 277.60 311.74 NOTE
r-devel-linux-x86_64-debian-gcc 2.17 29.11 196.06 225.17 NOTE
r-devel-linux-x86_64-fedora-clang 2.17 416.87 WARN
r-devel-linux-x86_64-fedora-gcc 2.17 373.13 NOTE
r-devel-windows-x86_64 2.17 103.00 394.00 497.00 NOTE
r-patched-linux-x86_64 2.17 35.89 254.94 290.83 OK
r-release-linux-x86_64 2.17 31.62 255.73 287.35 OK
r-release-macos-arm64 2.17 92.00 OK
r-release-macos-x86_64 2.17 144.00 OK
r-release-windows-x86_64 2.17 90.00 371.00 461.00 OK
r-oldrel-macos-arm64 2.17 88.00 OK
r-oldrel-macos-x86_64 2.17 149.00 OK
r-oldrel-windows-ix86+x86_64 2.17 70.00 392.00 462.00 OK

Additional issues

clang15 clang15

Check Details

Version: 2.17
Check: Rd files
Result: NOTE
    checkRd: (-1) NOS.Rd:6: Escaped LaTeX specials: \&
    checkRd: (-1) specieslevel.Rd:156: Escaped LaTeX specials: \&
Flavors: r-devel-linux-x86_64-debian-clang, r-devel-linux-x86_64-debian-gcc, r-devel-linux-x86_64-fedora-clang, r-devel-linux-x86_64-fedora-gcc, r-devel-windows-x86_64

Version: 2.17
Check: whether package can be installed
Result: WARN
    Found the following significant warnings:
     bmn5.cc:48:14: warning: invalid UTF-8 in comment [-Winvalid-utf8]
Flavor: r-devel-linux-x86_64-fedora-clang