CRAN Package Check Results for Package bipartite

Last updated on 2015-03-29 00:48:10.

Flavor Version Tinstall Tcheck Ttotal Status Flags
r-devel-linux-x86_64-debian-clang 2.05 7.39 75.24 82.63 NOTE
r-devel-linux-x86_64-debian-gcc 2.05 7.96 76.53 84.49 NOTE
r-devel-linux-x86_64-fedora-clang 2.05 176.60 NOTE
r-devel-linux-x86_64-fedora-gcc 2.05 172.64 NOTE
r-devel-osx-x86_64-clang 2.05 130.20 NOTE
r-prerel-windows-ix86+x86_64 2.05 36.00 131.00 167.00 NOTE
r-prerel-linux-x86_64 2.05 8.47 75.44 83.92 NOTE
r-prerel-solaris-sparc 2.05 879.10 NOTE
r-prerel-solaris-x86 2.05 193.80 NOTE
r-release-linux-x86_64 2.05 10.34 92.25 102.59 OK
r-release-osx-x86_64-mavericks 2.05 OK
r-release-osx-x86_64-snowleopard 2.05 OK
r-release-windows-ix86+x86_64 2.05 33.00 148.00 181.00 OK
r-oldrel-windows-ix86+x86_64 2.05 31.00 230.00 261.00 OK

Check Details

Version: 2.05
Check: DESCRIPTION meta-information
Result: NOTE
    Malformed Title field: should not end in a period.
Flavors: r-devel-linux-x86_64-debian-clang, r-devel-linux-x86_64-debian-gcc, r-devel-linux-x86_64-fedora-clang, r-devel-linux-x86_64-fedora-gcc, r-devel-osx-x86_64-clang, r-prerel-windows-ix86+x86_64, r-prerel-linux-x86_64, r-prerel-solaris-sparc, r-prerel-solaris-x86

Version: 2.05
Check: S3 generic/method consistency
Result: NOTE
    Found the following apparent S3 methods exported but not registered:
     plot.wine
    See section ‘Registering S3 methods’ in the ‘Writing R Extensions’
    manual.
Flavors: r-devel-linux-x86_64-debian-clang, r-devel-linux-x86_64-debian-gcc, r-devel-linux-x86_64-fedora-clang, r-devel-linux-x86_64-fedora-gcc, r-devel-osx-x86_64-clang, r-prerel-linux-x86_64