CRAN Package Check Results for Package bipartite

Last updated on 2018-02-22 16:47:32 CET.

Flavor Version Tinstall Tcheck Ttotal Status Flags
r-devel-linux-x86_64-debian-clang 2.08 19.65 103.39 123.04 OK
r-devel-linux-x86_64-debian-gcc 2.08 16.93 94.52 111.45 OK
r-devel-linux-x86_64-fedora-clang 2.08 175.14 OK
r-devel-linux-x86_64-fedora-gcc 2.08 165.40 OK
r-devel-windows-ix86+x86_64 2.08 47.00 157.00 204.00 NOTE
r-patched-linux-x86_64 2.08 12.68 130.24 142.92 OK
r-patched-solaris-x86 2.08 207.70 OK
r-release-linux-x86_64 2.08 13.33 129.87 143.20 OK
r-release-windows-ix86+x86_64 2.08 39.00 193.00 232.00 OK
r-release-osx-x86_64 2.08 OK
r-oldrel-windows-ix86+x86_64 2.08 26.00 203.00 229.00 OK
r-oldrel-osx-x86_64 2.08 OK

Check Details

Version: 2.08
Check: installed package size
Result: NOTE
     installed size is 5.0Mb
     sub-directories of 1Mb or more:
     doc 2.7Mb
     libs 1.5Mb
Flavor: r-devel-windows-ix86+x86_64