CRAN Package Check Results for Package bipartite

Last updated on 2017-03-23 03:47:37.

Flavor Version Tinstall Tcheck Ttotal Status Flags
r-devel-linux-x86_64-debian-clang 2.07 8.71 76.07 84.78 NOTE
r-devel-linux-x86_64-debian-gcc 2.07 7.88 74.75 82.63 NOTE
r-devel-linux-x86_64-fedora-clang 2.07 190.86 NOTE --no-stop-on-test-error
r-devel-linux-x86_64-fedora-gcc 2.07 177.39 NOTE --no-stop-on-test-error
r-devel-macos-x86_64-clang 2.07 120.12 NOTE --no-stop-on-test-error
r-devel-windows-ix86+x86_64 2.07 26.00 141.00 167.00 OK
r-patched-linux-x86_64 2.07 8.15 69.40 77.54 OK
r-patched-solaris-sparc 2.07 928.40 OK
r-patched-solaris-x86 2.07 205.10 OK
r-release-linux-x86_64 2.07 7.93 70.40 78.33 OK
r-release-osx-x86_64-mavericks 2.07 OK
r-release-windows-ix86+x86_64 2.07 34.00 141.00 175.00 OK
r-oldrel-windows-ix86+x86_64 2.07 37.00 203.00 240.00 OK

Check Details

Version: 2.07
Check: compiled code
Result: NOTE
    File ‘bipartite/libs/bipartite.so’:
     Found no calls to: ‘R_registerRoutines’, ‘R_useDynamicSymbols’
    
    It is good practice to register native routines and to disable symbol
    search.
    
    See ‘Writing portable packages’ in the ‘Writing R Extensions’ manual.
Flavors: r-devel-linux-x86_64-debian-clang, r-devel-linux-x86_64-debian-gcc

Version: 2.07
Flags: --no-stop-on-test-error
Check: compiled code
Result: NOTE
    File ‘bipartite/libs/bipartite.so’:
     Found no calls to: ‘R_registerRoutines’, ‘R_useDynamicSymbols’
    
    It is good practice to register native routines and to disable symbol
    search.
    
    See ‘Writing portable packages’ in the ‘Writing R Extensions’ manual.
Flavors: r-devel-linux-x86_64-fedora-clang, r-devel-linux-x86_64-fedora-gcc, r-devel-macos-x86_64-clang