CRAN Package Check Results for Package bipartite

Last updated on 2014-04-23 17:47:41.

Flavor Version Tinstall Tcheck Ttotal Status Flags
r-devel-linux-x86_64-debian-clang 2.04 6.28 54.58 60.86 OK
r-devel-linux-x86_64-debian-gcc 2.04 7.26 54.26 61.53 OK
r-devel-linux-x86_64-fedora-clang 2.04 158.57 OK
r-devel-linux-x86_64-fedora-gcc 2.04 154.23 OK
r-devel-osx-x86_64-clang 2.04 91.78 OK
r-devel-osx-x86_64-gcc 2.04 ERROR
r-devel-windows-ix86+x86_64 2.04 21.00 95.00 116.00 OK
r-patched-linux-x86_64 2.04 7.74 54.20 61.95 OK
r-patched-solaris-sparc 2.04 628.90 OK
r-patched-solaris-x86 2.04 179.40 OK
r-release-linux-ix86 2.04 11.00 86.00 97.00 OK
r-release-linux-x86_64 2.04 7.58 54.69 62.27 OK
r-release-osx-x86_64-mavericks 2.04 WARN
r-release-osx-x86_64-snowleopard 2.04 OK
r-release-windows-ix86+x86_64 2.04 22.00 104.00 126.00 OK
r-oldrel-windows-ix86+x86_64 2.04 23.00 104.00 127.00 OK

Check Details

Version: 2.04
Check: package dependencies
Result: ERROR
    Packages required but not available: ‘vegan’ ‘fields’ ‘igraph’ ‘permute’
    
    See the information on DESCRIPTION files in the chapter ‘Creating R
    packages’ of the ‘Writing R Extensions’ manual.
Flavor: r-devel-osx-x86_64-gcc

Version: 2.04
Check: PDF version of manual
Result: WARNING
    LaTeX errors when creating PDF version.
    This typically indicates Rd problems.
    LaTeX errors found:
    ! LaTeX Error: File `upquote.sty' not found.
    
    Type X to quit or <RETURN> to proceed,
    or enter new name. (Default extension: sty)
    
    f259e3c/Rd2.tex:8: ==> Fatal error occurred, no output PDF file produced!
Flavor: r-release-osx-x86_64-mavericks