CRAN Package Check Results for Package bipartite

Last updated on 2015-04-27 15:46:26.

Flavor Version Tinstall Tcheck Ttotal Status Flags
r-devel-linux-x86_64-debian-clang 2.05 7.60 75.88 83.48 NOTE
r-devel-linux-x86_64-debian-gcc 2.05 8.16 78.32 86.48 NOTE
r-devel-linux-x86_64-fedora-clang 2.05 180.03 NOTE
r-devel-linux-x86_64-fedora-gcc 2.05 168.50 NOTE
r-devel-osx-x86_64-clang 2.05 120.25 NOTE
r-devel-windows-ix86+x86_64 2.05 28.00 121.00 149.00 NOTE
r-patched-linux-x86_64 2.05 8.61 75.12 83.73 NOTE
r-patched-solaris-sparc 2.05 879.10 NOTE
r-patched-solaris-x86 2.05 200.20 NOTE
r-release-linux-x86_64 2.05 8.11 75.16 83.27 NOTE
r-release-osx-x86_64-mavericks 2.05 NOTE
r-release-osx-x86_64-snowleopard 2.05 ERROR
r-release-windows-ix86+x86_64 2.05 38.00 166.00 204.00 NOTE
r-oldrel-windows-ix86+x86_64 2.05 32.00 153.00 185.00 OK

Check Details

Version: 2.05
Check: DESCRIPTION meta-information
Result: NOTE
    Malformed Title field: should not end in a period.
Flavors: r-devel-linux-x86_64-debian-clang, r-devel-linux-x86_64-debian-gcc, r-devel-linux-x86_64-fedora-clang, r-devel-linux-x86_64-fedora-gcc, r-devel-osx-x86_64-clang, r-devel-windows-ix86+x86_64, r-patched-solaris-sparc, r-patched-solaris-x86, r-release-linux-x86_64, r-release-osx-x86_64-mavericks, r-release-windows-ix86+x86_64

Version: 2.05
Check: S3 generic/method consistency
Result: NOTE
    Found the following apparent S3 methods exported but not registered:
     plot.wine
    See section ‘Registering S3 methods’ in the ‘Writing R Extensions’
    manual.
Flavors: r-devel-linux-x86_64-debian-clang, r-devel-linux-x86_64-debian-gcc, r-devel-linux-x86_64-fedora-clang, r-devel-linux-x86_64-fedora-gcc, r-devel-osx-x86_64-clang, r-patched-solaris-x86, r-release-linux-x86_64

Version: 2.05
Check: package dependencies
Result: ERROR
    Packages required but not available: ‘vegan’ ‘fields’ ‘igraph’ ‘permute’
    
    See section ‘The DESCRIPTION file’ in the ‘Writing R Extensions’
    manual.
Flavor: r-release-osx-x86_64-snowleopard