CRAN Package Check Results for Package bipartite

Last updated on 2018-04-25 19:46:35 CEST.

Flavor Version Tinstall Tcheck Ttotal Status Flags
r-devel-linux-x86_64-debian-clang 2.08 18.36 121.87 140.23 WARN
r-devel-linux-x86_64-debian-gcc 2.08 16.65 94.22 110.87 OK
r-devel-linux-x86_64-fedora-clang 2.08 176.66 OK
r-devel-linux-x86_64-fedora-gcc 2.08 169.68 OK
r-devel-windows-ix86+x86_64 2.08 48.00 149.00 197.00 NOTE
r-patched-linux-x86_64 2.08 15.93 118.70 134.63 OK
r-patched-solaris-x86 2.08 210.20 OK
r-release-linux-x86_64 2.08 20.01 119.20 139.21 OK
r-release-windows-ix86+x86_64 2.08 48.00 149.00 197.00 NOTE
r-release-osx-x86_64 2.08 OK
r-oldrel-windows-ix86+x86_64 2.08 28.00 229.00 257.00 OK
r-oldrel-osx-x86_64 2.08 OK

Check Details

Version: 2.08
Check: whether package can be installed
Result: WARN
    Found the following significant warnings:
     ./MersenneTwister.h:187:2: warning: 'register' storage class specifier is deprecated and incompatible with C++17 [-Wdeprecated-register]
     ./MersenneTwister.h:232:2: warning: 'register' storage class specifier is deprecated and incompatible with C++17 [-Wdeprecated-register]
     ./MersenneTwister.h:233:2: warning: 'register' storage class specifier is deprecated and incompatible with C++17 [-Wdeprecated-register]
     ./MersenneTwister.h:234:2: warning: 'register' storage class specifier is deprecated and incompatible with C++17 [-Wdeprecated-register]
     ./MersenneTwister.h:269:3: warning: 'register' storage class specifier is deprecated and incompatible with C++17 [-Wdeprecated-register]
     ./MersenneTwister.h:270:3: warning: 'register' storage class specifier is deprecated and incompatible with C++17 [-Wdeprecated-register]
     ./MersenneTwister.h:271:3: warning: 'register' storage class specifier is deprecated and incompatible with C++17 [-Wdeprecated-register]
     ./MersenneTwister.h:289:2: warning: 'register' storage class specifier is deprecated and incompatible with C++17 [-Wdeprecated-register]
     ./MersenneTwister.h:290:2: warning: 'register' storage class specifier is deprecated and incompatible with C++17 [-Wdeprecated-register]
     ./MersenneTwister.h:291:2: warning: 'register' storage class specifier is deprecated and incompatible with C++17 [-Wdeprecated-register]
     ./MersenneTwister.h:305:2: warning: 'register' storage class specifier is deprecated and incompatible with C++17 [-Wdeprecated-register]
     ./MersenneTwister.h:306:2: warning: 'register' storage class specifier is deprecated and incompatible with C++17 [-Wdeprecated-register]
     ./MersenneTwister.h:345:2: warning: 'register' storage class specifier is deprecated and incompatible with C++17 [-Wdeprecated-register]
     ./MersenneTwister.h:346:2: warning: 'register' storage class specifier is deprecated and incompatible with C++17 [-Wdeprecated-register]
     ./MersenneTwister.h:347:2: warning: 'register' storage class specifier is deprecated and incompatible with C++17 [-Wdeprecated-register]
     ./MersenneTwister.h:355:2: warning: 'register' storage class specifier is deprecated and incompatible with C++17 [-Wdeprecated-register]
     ./MersenneTwister.h:356:2: warning: 'register' storage class specifier is deprecated and incompatible with C++17 [-Wdeprecated-register]
     ./MersenneTwister.h:357:2: warning: 'register' storage class specifier is deprecated and incompatible with C++17 [-Wdeprecated-register]
     ./MersenneTwister.h:366:2: warning: 'register' storage class specifier is deprecated and incompatible with C++17 [-Wdeprecated-register]
     ./MersenneTwister.h:367:2: warning: 'register' storage class specifier is deprecated and incompatible with C++17 [-Wdeprecated-register]
     ./MersenneTwister.h:375:2: warning: 'register' storage class specifier is deprecated and incompatible with C++17 [-Wdeprecated-register]
     ./MersenneTwister.h:376:2: warning: 'register' storage class specifier is deprecated and incompatible with C++17 [-Wdeprecated-register]
Flavor: r-devel-linux-x86_64-debian-clang

Version: 2.08
Check: installed package size
Result: NOTE
     installed size is 5.0Mb
     sub-directories of 1Mb or more:
     doc 2.7Mb
     libs 1.5Mb
Flavors: r-devel-windows-ix86+x86_64, r-release-windows-ix86+x86_64