CRAN Package Check Results for Package bipartite

Last updated on 2017-02-26 17:51:08.

Flavor Version Tinstall Tcheck Ttotal Status Flags
r-devel-linux-x86_64-debian-clang 2.07 8.41 74.92 83.33 NOTE
r-devel-linux-x86_64-debian-gcc 2.07 8.45 74.44 82.90 NOTE
r-devel-linux-x86_64-fedora-clang 2.07 179.22 NOTE --no-stop-on-test-error
r-devel-linux-x86_64-fedora-gcc 2.07 174.22 NOTE --no-stop-on-test-error
r-devel-macos-x86_64-clang 2.07 121.16 NOTE --no-stop-on-test-error
r-devel-windows-ix86+x86_64 2.07 39.00 221.00 260.00 OK
r-patched-linux-x86_64 2.07 8.06 71.01 79.07 OK
r-patched-solaris-sparc 2.07 857.20 OK
r-patched-solaris-x86 2.07 162.40 OK
r-release-linux-x86_64 2.07 7.75 70.65 78.40 OK
r-release-osx-x86_64-mavericks 2.07 OK
r-release-windows-ix86+x86_64 2.07 37.00 200.00 237.00 OK
r-oldrel-windows-ix86+x86_64 2.07 43.00 198.00 241.00 OK

Check Details

Version: 2.07
Check: compiled code
Result: NOTE
    File ‘bipartite/libs/bipartite.so’:
     Found no calls to: ‘R_registerRoutines’, ‘R_useDynamicSymbols’
    
    It is good practice to register native routines and to disable symbol
    search.
    
    See ‘Writing portable packages’ in the ‘Writing R Extensions’ manual.
Flavors: r-devel-linux-x86_64-debian-clang, r-devel-linux-x86_64-debian-gcc

Version: 2.07
Flags: --no-stop-on-test-error
Check: compiled code
Result: NOTE
    File ‘bipartite/libs/bipartite.so’:
     Found no calls to: ‘R_registerRoutines’, ‘R_useDynamicSymbols’
    
    It is good practice to register native routines and to disable symbol
    search.
    
    See ‘Writing portable packages’ in the ‘Writing R Extensions’ manual.
Flavors: r-devel-linux-x86_64-fedora-clang, r-devel-linux-x86_64-fedora-gcc, r-devel-macos-x86_64-clang