CRAN Package Check Results for Package bipartite

Last updated on 2018-06-22 00:46:21 CEST.

Flavor Version Tinstall Tcheck Ttotal Status Flags
r-devel-linux-x86_64-debian-clang 2.08 21.56 122.25 143.81 WARN
r-devel-linux-x86_64-debian-gcc 2.08 17.03 108.83 125.86 OK
r-devel-linux-x86_64-fedora-clang 2.08 196.43 OK
r-devel-linux-x86_64-fedora-gcc 2.08 182.20 OK
r-devel-windows-ix86+x86_64 2.08 53.00 163.00 216.00 NOTE
r-patched-linux-x86_64 2.08 17.90 120.95 138.85 OK
r-patched-solaris-x86 2.08 210.60 OK
r-release-linux-x86_64 2.08 17.06 120.73 137.79 OK
r-release-windows-ix86+x86_64 2.08 38.00 147.00 185.00 NOTE
r-release-osx-x86_64 2.08 WARN
r-oldrel-windows-ix86+x86_64 2.08 38.00 150.00 188.00 OK
r-oldrel-osx-x86_64 2.08 OK

Check Details

Version: 2.08
Check: whether package can be installed
Result: WARN
    Found the following significant warnings:
     ./MersenneTwister.h:187:2: warning: 'register' storage class specifier is deprecated and incompatible with C++17 [-Wdeprecated-register]
     ./MersenneTwister.h:232:2: warning: 'register' storage class specifier is deprecated and incompatible with C++17 [-Wdeprecated-register]
     ./MersenneTwister.h:233:2: warning: 'register' storage class specifier is deprecated and incompatible with C++17 [-Wdeprecated-register]
     ./MersenneTwister.h:234:2: warning: 'register' storage class specifier is deprecated and incompatible with C++17 [-Wdeprecated-register]
     ./MersenneTwister.h:269:3: warning: 'register' storage class specifier is deprecated and incompatible with C++17 [-Wdeprecated-register]
     ./MersenneTwister.h:270:3: warning: 'register' storage class specifier is deprecated and incompatible with C++17 [-Wdeprecated-register]
     ./MersenneTwister.h:271:3: warning: 'register' storage class specifier is deprecated and incompatible with C++17 [-Wdeprecated-register]
     ./MersenneTwister.h:289:2: warning: 'register' storage class specifier is deprecated and incompatible with C++17 [-Wdeprecated-register]
     ./MersenneTwister.h:290:2: warning: 'register' storage class specifier is deprecated and incompatible with C++17 [-Wdeprecated-register]
     ./MersenneTwister.h:291:2: warning: 'register' storage class specifier is deprecated and incompatible with C++17 [-Wdeprecated-register]
     ./MersenneTwister.h:305:2: warning: 'register' storage class specifier is deprecated and incompatible with C++17 [-Wdeprecated-register]
     ./MersenneTwister.h:306:2: warning: 'register' storage class specifier is deprecated and incompatible with C++17 [-Wdeprecated-register]
     ./MersenneTwister.h:345:2: warning: 'register' storage class specifier is deprecated and incompatible with C++17 [-Wdeprecated-register]
     ./MersenneTwister.h:346:2: warning: 'register' storage class specifier is deprecated and incompatible with C++17 [-Wdeprecated-register]
     ./MersenneTwister.h:347:2: warning: 'register' storage class specifier is deprecated and incompatible with C++17 [-Wdeprecated-register]
     ./MersenneTwister.h:355:2: warning: 'register' storage class specifier is deprecated and incompatible with C++17 [-Wdeprecated-register]
     ./MersenneTwister.h:356:2: warning: 'register' storage class specifier is deprecated and incompatible with C++17 [-Wdeprecated-register]
     ./MersenneTwister.h:357:2: warning: 'register' storage class specifier is deprecated and incompatible with C++17 [-Wdeprecated-register]
     ./MersenneTwister.h:366:2: warning: 'register' storage class specifier is deprecated and incompatible with C++17 [-Wdeprecated-register]
     ./MersenneTwister.h:367:2: warning: 'register' storage class specifier is deprecated and incompatible with C++17 [-Wdeprecated-register]
     ./MersenneTwister.h:375:2: warning: 'register' storage class specifier is deprecated and incompatible with C++17 [-Wdeprecated-register]
     ./MersenneTwister.h:376:2: warning: 'register' storage class specifier is deprecated and incompatible with C++17 [-Wdeprecated-register]
Flavors: r-devel-linux-x86_64-debian-clang, r-release-osx-x86_64

Version: 2.08
Check: installed package size
Result: NOTE
     installed size is 5.0Mb
     sub-directories of 1Mb or more:
     doc 2.7Mb
     libs 1.5Mb
Flavors: r-devel-windows-ix86+x86_64, r-release-windows-ix86+x86_64