CRAN Package Check Results for Package bipartite

Last updated on 2016-07-27 12:50:17.

Flavor Version Tinstall Tcheck Ttotal Status Flags
r-devel-linux-x86_64-debian-clang 2.06.1 10.20 84.32 94.52 WARN
r-devel-linux-x86_64-debian-gcc 2.06.1 10.19 81.37 91.56 OK
r-devel-linux-x86_64-fedora-clang 2.06.1 172.80 OK
r-devel-linux-x86_64-fedora-gcc 2.06.1 159.24 OK
r-devel-osx-x86_64-clang 2.06.1 114.44 OK
r-devel-windows-ix86+x86_64 2.06.1 36.00 191.00 227.00 OK
r-patched-linux-x86_64 2.06.1 9.93 78.60 88.53 OK
r-patched-solaris-sparc 2.06.1 784.40 OK
r-patched-solaris-x86 2.06.1 174.60 OK
r-release-linux-x86_64 2.06.1 10.48 81.08 91.56 OK
r-release-osx-x86_64-mavericks 2.06.1 OK
r-release-windows-ix86+x86_64 2.06.1 33.00 177.00 210.00 OK
r-oldrel-windows-ix86+x86_64 2.06.1 36.00 209.00 245.00 OK

Check Details

Version: 2.06.1
Check: whether package can be installed
Result: WARN
    Found the following significant warnings:
     ./MersenneTwister.h:187:2: warning: 'register' storage class specifier is deprecated and incompatible with C++1z [-Wdeprecated-register]
     ./MersenneTwister.h:232:2: warning: 'register' storage class specifier is deprecated and incompatible with C++1z [-Wdeprecated-register]
     ./MersenneTwister.h:233:2: warning: 'register' storage class specifier is deprecated and incompatible with C++1z [-Wdeprecated-register]
     ./MersenneTwister.h:234:2: warning: 'register' storage class specifier is deprecated and incompatible with C++1z [-Wdeprecated-register]
     ./MersenneTwister.h:269:3: warning: 'register' storage class specifier is deprecated and incompatible with C++1z [-Wdeprecated-register]
     ./MersenneTwister.h:270:3: warning: 'register' storage class specifier is deprecated and incompatible with C++1z [-Wdeprecated-register]
     ./MersenneTwister.h:271:3: warning: 'register' storage class specifier is deprecated and incompatible with C++1z [-Wdeprecated-register]
     ./MersenneTwister.h:289:2: warning: 'register' storage class specifier is deprecated and incompatible with C++1z [-Wdeprecated-register]
     ./MersenneTwister.h:290:2: warning: 'register' storage class specifier is deprecated and incompatible with C++1z [-Wdeprecated-register]
     ./MersenneTwister.h:291:2: warning: 'register' storage class specifier is deprecated and incompatible with C++1z [-Wdeprecated-register]
     ./MersenneTwister.h:305:2: warning: 'register' storage class specifier is deprecated and incompatible with C++1z [-Wdeprecated-register]
     ./MersenneTwister.h:306:2: warning: 'register' storage class specifier is deprecated and incompatible with C++1z [-Wdeprecated-register]
     ./MersenneTwister.h:345:2: warning: 'register' storage class specifier is deprecated and incompatible with C++1z [-Wdeprecated-register]
     ./MersenneTwister.h:346:2: warning: 'register' storage class specifier is deprecated and incompatible with C++1z [-Wdeprecated-register]
     ./MersenneTwister.h:347:2: warning: 'register' storage class specifier is deprecated and incompatible with C++1z [-Wdeprecated-register]
     ./MersenneTwister.h:355:2: warning: 'register' storage class specifier is deprecated and incompatible with C++1z [-Wdeprecated-register]
     ./MersenneTwister.h:356:2: warning: 'register' storage class specifier is deprecated and incompatible with C++1z [-Wdeprecated-register]
     ./MersenneTwister.h:357:2: warning: 'register' storage class specifier is deprecated and incompatible with C++1z [-Wdeprecated-register]
     ./MersenneTwister.h:366:2: warning: 'register' storage class specifier is deprecated and incompatible with C++1z [-Wdeprecated-register]
     ./MersenneTwister.h:367:2: warning: 'register' storage class specifier is deprecated and incompatible with C++1z [-Wdeprecated-register]
     ./MersenneTwister.h:375:2: warning: 'register' storage class specifier is deprecated and incompatible with C++1z [-Wdeprecated-register]
     ./MersenneTwister.h:376:2: warning: 'register' storage class specifier is deprecated and incompatible with C++1z [-Wdeprecated-register]
Flavor: r-devel-linux-x86_64-debian-clang