CRAN Package Check Results for Package bipartite

Last updated on 2015-05-24 14:46:50.

Flavor Version Tinstall Tcheck Ttotal Status Flags
r-devel-linux-x86_64-debian-clang 2.05 7.56 78.41 85.97 NOTE
r-devel-linux-x86_64-debian-gcc 2.05 8.81 74.27 83.08 NOTE
r-devel-linux-x86_64-fedora-clang 2.05 176.58 NOTE
r-devel-linux-x86_64-fedora-gcc 2.05 173.90 NOTE
r-devel-osx-x86_64-clang 2.05 117.83 NOTE
r-devel-windows-ix86+x86_64 2.05 26.00 135.00 161.00 NOTE
r-patched-linux-x86_64 2.05 8.13 77.45 85.58 NOTE
r-patched-solaris-sparc 2.05 880.40 NOTE
r-patched-solaris-x86 2.05 201.40 NOTE
r-release-linux-x86_64 2.05 8.08 75.06 83.14 NOTE
r-release-osx-x86_64-mavericks 2.05 NOTE
r-release-osx-x86_64-snowleopard 2.05 ERROR
r-release-windows-ix86+x86_64 2.05 29.00 132.00 161.00 NOTE
r-oldrel-windows-ix86+x86_64 2.05 34.00 151.00 185.00 OK

Check Details

Version: 2.05
Check: DESCRIPTION meta-information
Result: NOTE
    Malformed Title field: should not end in a period.
Flavors: r-devel-linux-x86_64-debian-clang, r-devel-linux-x86_64-debian-gcc, r-devel-linux-x86_64-fedora-clang, r-devel-linux-x86_64-fedora-gcc, r-devel-osx-x86_64-clang, r-devel-windows-ix86+x86_64, r-patched-linux-x86_64, r-patched-solaris-sparc, r-patched-solaris-x86, r-release-linux-x86_64, r-release-osx-x86_64-mavericks, r-release-windows-ix86+x86_64

Version: 2.05
Check: S3 generic/method consistency
Result: NOTE
    Found the following apparent S3 methods exported but not registered:
     plot.wine
    See section ‘Registering S3 methods’ in the ‘Writing R Extensions’
    manual.
Flavors: r-devel-linux-x86_64-debian-clang, r-devel-linux-x86_64-debian-gcc, r-devel-linux-x86_64-fedora-clang, r-devel-linux-x86_64-fedora-gcc, r-devel-osx-x86_64-clang, r-patched-linux-x86_64, r-patched-solaris-sparc, r-patched-solaris-x86, r-release-linux-x86_64

Version: 2.05
Check: package dependencies
Result: ERROR
    Packages required but not available: ‘vegan’ ‘fields’ ‘igraph’ ‘permute’
    
    See section ‘The DESCRIPTION file’ in the ‘Writing R Extensions’
    manual.
Flavor: r-release-osx-x86_64-snowleopard