CRAN Package Check Results for Package birankr

Last updated on 2021-12-06 23:50:41 CET.

Flavor Version Tinstall Tcheck Ttotal Status Flags
r-devel-linux-x86_64-debian-clang 1.0.1 7.45 87.94 95.39 NOTE
r-devel-linux-x86_64-debian-gcc 1.0.1 5.95 63.28 69.23 NOTE
r-devel-linux-x86_64-fedora-clang 1.0.1 110.77 NOTE
r-devel-linux-x86_64-fedora-gcc 1.0.1 95.27 NOTE
r-devel-windows-x86_64-new-UL 1.0.1 13.00 109.00 122.00 NOTE
r-devel-windows-x86_64-new-TK 1.0.1 NOTE
r-devel-windows-x86_64-old 1.0.1 11.00 71.00 82.00 NOTE
r-patched-linux-x86_64 1.0.1 8.41 70.24 78.65 NOTE
r-release-linux-x86_64 1.0.1 7.18 78.88 86.06 NOTE
r-release-macos-arm64 1.0.1 NOTE
r-release-macos-x86_64 1.0.1 NOTE
r-release-windows-ix86+x86_64 1.0.1 16.00 96.00 112.00 NOTE
r-oldrel-macos-x86_64 1.0.1 OK
r-oldrel-windows-ix86+x86_64 1.0.1 17.00 93.00 110.00 OK

Check Details

Version: 1.0.1
Check: LazyData
Result: NOTE
     'LazyData' is specified without a 'data' directory
Flavors: r-devel-linux-x86_64-debian-clang, r-devel-linux-x86_64-debian-gcc, r-devel-linux-x86_64-fedora-clang, r-devel-linux-x86_64-fedora-gcc, r-devel-windows-x86_64-new-UL, r-devel-windows-x86_64-new-TK, r-devel-windows-x86_64-old, r-patched-linux-x86_64, r-release-linux-x86_64, r-release-macos-arm64, r-release-macos-x86_64, r-release-windows-ix86+x86_64