CRAN Package Check Results for Package birdring

Last updated on 2020-11-27 01:47:05 CET.

Flavor Version Tinstall Tcheck Ttotal Status Flags
r-devel-linux-x86_64-debian-clang 1.4 22.43 152.26 174.69 OK
r-devel-linux-x86_64-debian-gcc 1.4 16.01 116.82 132.83 OK
r-devel-linux-x86_64-fedora-clang 1.4 216.21 OK
r-devel-linux-x86_64-fedora-gcc 1.4 201.49 OK
r-devel-windows-ix86+x86_64 1.4 44.00 192.00 236.00 OK
r-patched-linux-x86_64 1.4 21.52 142.09 163.61 OK
r-patched-solaris-x86 1.4 309.70 ERROR
r-release-linux-x86_64 1.4 19.01 141.29 160.30 OK
r-release-macos-x86_64 1.4 OK
r-release-windows-ix86+x86_64 1.4 47.00 207.00 254.00 OK
r-oldrel-macos-x86_64 1.4 OK
r-oldrel-windows-ix86+x86_64 1.4 45.00 187.00 232.00 OK

Check Details

Version: 1.4
Check: examples
Result: ERROR
    Running examples in ‘birdring-Ex.R’ failed
    The error most likely occurred in:
    
    > ### Name: draw.recmap
    > ### Title: Plot ringing data
    > ### Aliases: draw.recmap
    > ### Keywords: graphics
    >
    > ### ** Examples
    >
    > data(lancol)
    > if (requireNamespace("rgeos", quietly=TRUE) && packageVersion("rgeos") >= "0.5.1") {
    + if (rgeos::get_RGEOS_CheckValidity() == 1L) rgeos::set_RGEOS_CheckValidity(2L)
    + }
    > draw.recmap(lancol,lines=2,border='gray',subset="ring=='13B...6919'",gcircle=TRUE,zoom=3)
    Error in RGEOSBinTopoFunc(spgeom1, spgeom2, byid, id, drop_lower_td, unaryUnion_if_byid_false, :
     TopologyException: Input geom 0 is invalid: Ring Self-intersection at or near point 23.325118450000002 43.886598820000003 at 23.325118450000002 43.886598820000003
    Calls: draw.recmap -> lapply -> FUN -> gIntersection -> RGEOSBinTopoFunc
    Execution halted
Flavor: r-patched-solaris-x86