CRAN Package Check Results for Package birtr

Last updated on 2019-03-26 03:48:14 CET.

Flavor Version Tinstall Tcheck Ttotal Status Flags
r-devel-linux-x86_64-debian-clang 1.0.0 1.79 19.35 21.14 NOTE
r-devel-linux-x86_64-debian-gcc 1.0.0 1.67 15.58 17.25 NOTE
r-devel-linux-x86_64-fedora-clang 1.0.0 26.02 NOTE
r-devel-linux-x86_64-fedora-gcc 1.0.0 24.60 NOTE
r-devel-windows-ix86+x86_64 1.0.0 7.00 48.00 55.00 OK
r-patched-linux-x86_64 1.0.0 1.32 18.35 19.67 NOTE
r-patched-solaris-x86 1.0.0 36.60 OK
r-release-linux-x86_64 1.0.0 1.12 18.19 19.31 NOTE
r-release-windows-ix86+x86_64 1.0.0 4.00 33.00 37.00 OK
r-release-osx-x86_64 1.0.0 OK
r-oldrel-windows-ix86+x86_64 1.0.0 2.00 33.00 35.00 OK
r-oldrel-osx-x86_64 1.0.0 OK

Check Details

Version: 1.0.0
Check: DESCRIPTION meta-information
Result: NOTE
    Dependence on R version '3.4.1' not with patchlevel 0
Flavors: r-devel-linux-x86_64-debian-clang, r-devel-linux-x86_64-debian-gcc, r-devel-linux-x86_64-fedora-clang, r-devel-linux-x86_64-fedora-gcc, r-patched-linux-x86_64, r-release-linux-x86_64