CRAN Package Check Results for Package birtr

Last updated on 2019-05-19 12:46:19 CEST.

Flavor Version Tinstall Tcheck Ttotal Status Flags
r-devel-linux-x86_64-debian-clang 1.0.0 1.94 19.34 21.28 OK
r-devel-linux-x86_64-debian-gcc 1.0.0 1.58 15.64 17.22 OK
r-devel-linux-x86_64-fedora-clang 1.0.0 25.42 OK
r-devel-linux-x86_64-fedora-gcc 1.0.0 24.10 OK
r-devel-windows-ix86+x86_64 1.0.0 7.00 44.00 51.00 OK
r-patched-linux-x86_64 1.0.0 1.91 19.23 21.14 NOTE
r-patched-solaris-x86 1.0.0 39.70 OK
r-release-linux-x86_64 1.0.0 1.80 19.04 20.84 NOTE
r-release-windows-ix86+x86_64 1.0.0 4.00 46.00 50.00 OK
r-release-osx-x86_64 1.0.0 OK
r-oldrel-windows-ix86+x86_64 1.0.0 2.00 45.00 47.00 OK
r-oldrel-osx-x86_64 1.0.0 OK

Check Details

Version: 1.0.0
Check: DESCRIPTION meta-information
Result: NOTE
    Dependence on R version ‘3.4.1’ not with patchlevel 0
Flavors: r-patched-linux-x86_64, r-release-linux-x86_64