CRAN Package Check Results for Package bisectr

Last updated on 2014-04-24 11:48:42.

Flavor Version Tinstall Tcheck Ttotal Status Flags
r-devel-linux-x86_64-debian-clang 0.1.0 1.36 17.15 18.51 OK
r-devel-linux-x86_64-debian-gcc 0.1.0 1.36 17.54 18.90 OK
r-devel-linux-x86_64-fedora-clang 0.1.0 35.92 OK
r-devel-linux-x86_64-fedora-gcc 0.1.0 33.61 OK
r-devel-osx-x86_64-clang 0.1.0 34.95 OK
r-devel-osx-x86_64-gcc 0.1.0 ERROR
r-devel-windows-ix86+x86_64 0.1.0 4.00 26.00 30.00 OK
r-patched-linux-x86_64 0.1.0 1.37 17.15 18.52 OK
r-patched-solaris-sparc 0.1.0 192.90 OK
r-patched-solaris-x86 0.1.0 47.90 OK
r-release-linux-ix86 0.1.0 3.00 33.00 36.00 OK
r-release-linux-x86_64 0.1.0 1.34 17.38 18.72 OK
r-release-osx-x86_64-mavericks 0.1.0 OK
r-release-osx-x86_64-snowleopard 0.1.0 OK
r-release-windows-ix86+x86_64 0.1.0 5.00 25.00 30.00 OK
r-oldrel-windows-ix86+x86_64 0.1.0 5.00 26.00 31.00 OK

Check Details

Version: 0.1.0
Check: package dependencies
Result: ERROR
    Package required but not available: ‘devtools’
    
    See the information on DESCRIPTION files in the chapter ‘Creating R
    packages’ of the ‘Writing R Extensions’ manual.
Flavor: r-devel-osx-x86_64-gcc