CRAN Package Check Results for Package bisectr

Last updated on 2015-05-24 14:46:51.

Flavor Version Tinstall Tcheck Ttotal Status Flags
r-devel-linux-x86_64-debian-clang 0.1.0 1.31 16.88 18.19 OK
r-devel-linux-x86_64-debian-gcc 0.1.0 1.31 15.87 17.18 OK
r-devel-linux-x86_64-fedora-clang 0.1.0 35.69 OK
r-devel-linux-x86_64-fedora-gcc 0.1.0 34.32 OK
r-devel-osx-x86_64-clang 0.1.0 34.42 OK
r-devel-windows-ix86+x86_64 0.1.0 4.00 27.00 31.00 OK
r-patched-linux-x86_64 0.1.0 1.28 16.16 17.44 OK
r-patched-solaris-sparc 0.1.0 217.10 OK
r-patched-solaris-x86 0.1.0 50.30 OK
r-release-linux-x86_64 0.1.0 1.24 15.98 17.23 OK
r-release-osx-x86_64-mavericks 0.1.0 OK
r-release-osx-x86_64-snowleopard 0.1.0 ERROR
r-release-windows-ix86+x86_64 0.1.0 4.00 27.00 31.00 OK
r-oldrel-windows-ix86+x86_64 0.1.0 7.00 39.00 46.00 OK

Check Details

Version: 0.1.0
Check: package dependencies
Result: ERROR
    Package required but not available: ‘devtools’
    
    See section ‘The DESCRIPTION file’ in the ‘Writing R Extensions’
    manual.
Flavor: r-release-osx-x86_64-snowleopard