CRAN Package Check Results for Package bisectr

Last updated on 2015-04-21 10:50:58.

Flavor Version Tinstall Tcheck Ttotal Status Flags
r-devel-linux-x86_64-debian-clang 0.1.0 0.55 8.25 8.80 OK
r-devel-linux-x86_64-debian-gcc 0.1.0 0.55 8.22 8.77 OK
r-devel-linux-x86_64-fedora-clang 0.1.0 17.21 OK
r-devel-linux-x86_64-fedora-gcc 0.1.0 17.29 OK
r-devel-osx-x86_64-clang 0.1.0 21.81 OK
r-devel-windows-ix86+x86_64 0.1.0 3.00 15.00 18.00 OK
r-patched-linux-x86_64 0.1.0 0.68 8.25 8.93 OK
r-patched-solaris-sparc 0.1.0 117.00 OK
r-patched-solaris-x86 0.1.0 25.00 OK
r-release-linux-x86_64 0.1.0 0.54 8.06 8.60 OK
r-release-osx-x86_64-mavericks 0.1.0 OK
r-release-osx-x86_64-snowleopard 0.1.0 ERROR
r-release-windows-ix86+x86_64 0.1.0 1.00 13.00 14.00 OK
r-oldrel-windows-ix86+x86_64 0.1.0 2.00 17.00 19.00 OK

Check Details

Version: 0.1.0
Check: package dependencies
Result: ERROR
    Package required but not available: ‘devtools’
    
    See section ‘The DESCRIPTION file’ in the ‘Writing R Extensions’
    manual.
Flavor: r-release-osx-x86_64-snowleopard