CRAN Package Check Results for Package bisoreg

Last updated on 2014-07-31 17:48:18.

Flavor Version Tinstall Tcheck Ttotal Status Flags
r-devel-linux-x86_64-debian-clang 1.1 1.47 14.24 15.71 OK
r-devel-linux-x86_64-debian-gcc 1.1 1.59 14.56 16.15 OK
r-devel-linux-x86_64-fedora-clang 1.1 31.13 NOTE
r-devel-linux-x86_64-fedora-gcc 1.1 29.17 NOTE
r-devel-osx-x86_64-clang 1.1 31.09 OK
r-devel-windows-ix86+x86_64 1.1 11.00 34.00 45.00 OK
r-patched-linux-x86_64 1.1 1.68 14.22 15.90 OK
r-patched-solaris-sparc 1.1 174.80 OK
r-patched-solaris-x86 1.1 43.20 OK
r-release-linux-ix86 1.1 2.38 21.44 23.82 OK
r-release-linux-x86_64 1.1 1.70 14.83 16.54 OK
r-release-osx-x86_64-mavericks 1.1 OK
r-release-osx-x86_64-snowleopard 1.1 OK
r-release-windows-ix86+x86_64 1.1 22.00 47.00 69.00 OK
r-oldrel-windows-ix86+x86_64 1.1 20.00 48.00 68.00 OK

Check Details

Version: 1.1
Check: Rd line widths
Result: NOTE
    Rd file 'bisoreg.Rd':
     \usage lines wider than 90 characters:
     bisoreg(x, y, m = floor(n/2), priors = list(), inits = list(), n.sim = 5000, n.burn = 1000, n.thin = 10, seed)
     \examples lines wider than 100 characters:
     lines(childgrowth$day, predict(loess.wrapper(childgrowth$day, childgrowth$height)), lwd=2, col="green")
     outa1b1 <- bisoreg(childgrowth$day, childgrowth$height, 40, priors=list(a.p=1,b.p=1), n.sim=15000, n.thin=10)
     outa1b3 <- bisoreg(childgrowth$day, childgrowth$height, 40, priors=list(a.p=1,b.p=3), n.sim=15000, n.thin=10)
     outa3b1 <- bisoreg(childgrowth$day, childgrowth$height, 40, priors=list(a.p=3, b.p=1), n.sim=15000, n.thin=10)
    
    These lines will be truncated in the PDF manual.
Flavors: r-devel-linux-x86_64-fedora-clang, r-devel-linux-x86_64-fedora-gcc