CRAN Package Check Results for Package bisoreg

Last updated on 2015-07-31 22:49:21.

Flavor Version Tinstall Tcheck Ttotal Status Flags
r-devel-linux-x86_64-debian-clang 1.4 1.40 11.34 12.74 NOTE
r-devel-linux-x86_64-debian-gcc 1.4 1.78 10.96 12.74 NOTE
r-devel-linux-x86_64-fedora-clang 1.4 24.59 NOTE
r-devel-linux-x86_64-fedora-gcc 1.4 23.82 NOTE
r-devel-osx-x86_64-clang 1.4 23.69 OK
r-devel-windows-ix86+x86_64 1.4 14.00 41.00 55.00 NOTE
r-patched-linux-x86_64 1.4 1.52 11.22 12.75 OK
r-patched-solaris-sparc 1.4 164.40 OK
r-patched-solaris-x86 1.4 36.80 OK
r-release-linux-x86_64 1.4 1.53 11.37 12.90 OK
r-release-osx-x86_64-mavericks 1.4 OK
r-release-windows-ix86+x86_64 1.4 16.00 29.00 45.00 OK
r-oldrel-windows-ix86+x86_64 1.4 12.00 34.00 46.00 OK

Check Details

Version: 1.4
Check: R code for possible problems
Result: NOTE
    aveslope: no visible global function definition for ‘pbeta’
    bisoreg : <anonymous>: no visible global function definition for
     ‘pbeta’
    bisoreg: no visible global function definition for ‘rgamma’
    bisoreg: no visible global function definition for ‘rbeta’
    bisoreg: no visible global function definition for ‘rnorm’
    bisoreg: no visible global function definition for ‘rbinom’
    bisoreg: no visible global function definition for ‘dnorm’
    bisoreg: no visible global function definition for ‘var’
    fitted.biso : <anonymous>: no visible global function definition for
     ‘median’
    get.W : <anonymous>: no visible global function definition for ‘pbeta’
    loess.wrapper : theta.fit: no visible global function definition for
     ‘loess’
    loess.wrapper : theta.predict: no visible global function definition
     for ‘predict’
    loess.wrapper: no visible global function definition for ‘loess’
    nd2004 : initfun: no visible global function definition for ‘rnorm’
    nd2004 : initfun: no visible global function definition for ‘rgamma’
    plot.biso: no visible global function definition for ‘plot’
    plot.biso : <anonymous>: no visible global function definition for
     ‘quantile’
    plot.biso: no visible global function definition for ‘polygon’
    plot.biso: no visible global function definition for ‘gray’
    plot.biso: no visible global function definition for ‘points’
    plot.biso : <anonymous>: no visible global function definition for
     ‘median’
    plot.biso: no visible global function definition for ‘lines’
    summary.biso: no visible binding for global variable ‘fivenum’
    Undefined global functions or variables:
     dnorm fivenum gray lines loess median pbeta plot points polygon
     predict quantile rbeta rbinom rgamma rnorm var
    Consider adding
     importFrom("grDevices", "gray")
     importFrom("graphics", "lines", "plot", "points", "polygon")
     importFrom("stats", "dnorm", "fivenum", "loess", "median", "pbeta",
     "predict", "quantile", "rbeta", "rbinom", "rgamma", "rnorm",
     "var")
    to your NAMESPACE.
Flavors: r-devel-linux-x86_64-debian-clang, r-devel-linux-x86_64-debian-gcc, r-devel-linux-x86_64-fedora-clang, r-devel-linux-x86_64-fedora-gcc, r-devel-windows-ix86+x86_64