CRAN Package Check Results for Package bisoreg

Last updated on 2014-10-26 03:47:27.

Flavor Version Tinstall Tcheck Ttotal Status Flags
r-devel-linux-x86_64-debian-clang 1.1 1.59 14.70 16.28 NOTE
r-devel-linux-x86_64-debian-gcc 1.1 1.69 14.67 16.36 NOTE
r-devel-linux-x86_64-fedora-clang 1.1 32.47 NOTE
r-devel-linux-x86_64-fedora-gcc 1.1 31.09 NOTE
r-devel-osx-x86_64-clang 1.1 33.22 OK
r-devel-windows-ix86+x86_64 1.1 10.00 32.00 42.00 OK
r-patched-linux-x86_64 1.1 1.68 15.08 16.75 NOTE
r-patched-solaris-sparc 1.1 174.80 OK
r-patched-solaris-x86 1.1 46.00 OK
r-release-linux-ix86 1.1 2.45 21.57 24.02 OK
r-release-linux-x86_64 1.1 1.70 14.86 16.55 NOTE
r-release-osx-x86_64-mavericks 1.1 OK
r-release-osx-x86_64-snowleopard 1.1 OK
r-release-windows-ix86+x86_64 1.1 10.00 35.00 45.00 OK
r-oldrel-windows-ix86+x86_64 1.1 11.00 37.00 48.00 OK

Check Details

Version: 1.1
Check: Rd line widths
Result: NOTE
    Rd file 'bisoreg.Rd':
     \usage lines wider than 90 characters:
     bisoreg(x, y, m = floor(n/2), priors = list(), inits = list(), n.sim = 5000, n.burn = 1000, n.thin = 10, seed)
     \examples lines wider than 100 characters:
     lines(childgrowth$day, predict(loess.wrapper(childgrowth$day, childgrowth$height)), lwd=2, col="green")
     outa1b1 <- bisoreg(childgrowth$day, childgrowth$height, 40, priors=list(a.p=1,b.p=1), n.sim=15000, n.thin=10)
     outa1b3 <- bisoreg(childgrowth$day, childgrowth$height, 40, priors=list(a.p=1,b.p=3), n.sim=15000, n.thin=10)
     outa3b1 <- bisoreg(childgrowth$day, childgrowth$height, 40, priors=list(a.p=3, b.p=1), n.sim=15000, n.thin=10)
    
    These lines will be truncated in the PDF manual.
Flavors: r-devel-linux-x86_64-debian-clang, r-devel-linux-x86_64-debian-gcc, r-devel-linux-x86_64-fedora-clang, r-devel-linux-x86_64-fedora-gcc, r-patched-linux-x86_64, r-release-linux-x86_64