CRAN Package Check Results for Package bisoreg

Last updated on 2015-03-01 19:47:59.

Flavor Version Tinstall Tcheck Ttotal Status Flags
r-devel-linux-x86_64-debian-clang 1.1 1.41 12.33 13.74 NOTE
r-devel-linux-x86_64-debian-gcc 1.1 1.48 11.68 13.16 NOTE
r-devel-linux-x86_64-fedora-clang 1.1 26.80 NOTE
r-devel-linux-x86_64-fedora-gcc 1.1 24.66 NOTE
r-devel-osx-x86_64-clang 1.1 28.65 NOTE
r-devel-windows-ix86+x86_64 1.1 10.00 27.00 37.00 NOTE
r-patched-linux-x86_64 1.1 1.74 15.40 17.14 NOTE
r-patched-solaris-sparc 1.1 190.20 OK
r-patched-solaris-x86 1.1 45.30 OK
r-release-linux-ix86 1.1 2.46 23.56 26.01 NOTE
r-release-linux-x86_64 1.1 1.94 15.31 17.25 NOTE
r-release-osx-x86_64-mavericks 1.1 OK
r-release-osx-x86_64-snowleopard 1.1 OK
r-release-windows-ix86+x86_64 1.1 12.00 36.00 48.00 OK
r-oldrel-windows-ix86+x86_64 1.1 11.00 63.00 74.00 OK

Check Details

Version: 1.1
Check: DESCRIPTION meta-information
Result: NOTE
    Malformed Description field: should contain one or more complete sentences.
Flavors: r-devel-linux-x86_64-debian-clang, r-devel-linux-x86_64-debian-gcc, r-devel-linux-x86_64-fedora-clang, r-devel-linux-x86_64-fedora-gcc, r-devel-osx-x86_64-clang, r-devel-windows-ix86+x86_64

Version: 1.1
Check: S3 generic/method consistency
Result: NOTE
    Found the following apparent S3 methods exported but not registered:
     as.mcmc.biso fitted.biso pflat.biso pflat.default plot.biso
     print.biso summary.biso
    See section ‘Registering S3 methods’ in the ‘Writing R Extensions’
    manual.
Flavors: r-devel-linux-x86_64-debian-clang, r-devel-linux-x86_64-debian-gcc, r-devel-linux-x86_64-fedora-clang, r-devel-linux-x86_64-fedora-gcc, r-devel-osx-x86_64-clang

Version: 1.1
Check: Rd line widths
Result: NOTE
    Rd file 'bisoreg.Rd':
     \usage lines wider than 90 characters:
     bisoreg(x, y, m = floor(n/2), priors = list(), inits = list(), n.sim = 5000, n.burn = 1000, n.thin = 10, seed)
     \examples lines wider than 100 characters:
     lines(childgrowth$day, predict(loess.wrapper(childgrowth$day, childgrowth$height)), lwd=2, col="green")
     outa1b1 <- bisoreg(childgrowth$day, childgrowth$height, 40, priors=list(a.p=1,b.p=1), n.sim=15000, n.thin=10)
     outa1b3 <- bisoreg(childgrowth$day, childgrowth$height, 40, priors=list(a.p=1,b.p=3), n.sim=15000, n.thin=10)
     outa3b1 <- bisoreg(childgrowth$day, childgrowth$height, 40, priors=list(a.p=3, b.p=1), n.sim=15000, n.thin=10)
    
    These lines will be truncated in the PDF manual.
Flavors: r-devel-linux-x86_64-debian-clang, r-devel-linux-x86_64-debian-gcc, r-devel-linux-x86_64-fedora-clang, r-devel-linux-x86_64-fedora-gcc, r-patched-linux-x86_64, r-release-linux-ix86, r-release-linux-x86_64