CRAN Package Check Results for Package bit

Last updated on 2015-03-06 06:46:50.

Flavor Version Tinstall Tcheck Ttotal Status Flags
r-devel-linux-x86_64-debian-clang 1.1-12 2.62 16.84 19.46 NOTE
r-devel-linux-x86_64-debian-gcc 1.1-12 2.76 16.96 19.72 NOTE
r-devel-linux-x86_64-fedora-clang 1.1-12 36.51 NOTE
r-devel-linux-x86_64-fedora-gcc 1.1-12 34.56 NOTE
r-devel-osx-x86_64-clang 1.1-12 39.58 NOTE
r-devel-windows-ix86+x86_64 1.1-12 18.00 31.00 49.00 OK
r-patched-linux-x86_64 1.1-12 3.14 17.71 20.85 OK
r-patched-solaris-sparc 1.1-12 231.30 OK
r-patched-solaris-x86 1.1-12 53.00 OK
r-release-linux-ix86 1.1-12 3.53 24.81 28.34 OK
r-release-linux-x86_64 1.1-12 3.00 17.65 20.64 OK
r-release-osx-x86_64-mavericks 1.1-12 OK
r-release-osx-x86_64-snowleopard 1.1-12 OK
r-release-windows-ix86+x86_64 1.1-12 12.00 33.00 45.00 OK
r-oldrel-windows-ix86+x86_64 1.1-12 10.00 31.00 41.00 OK

Check Details

Version: 1.1-12
Check: S3 generic/method consistency
Result: NOTE
    Found the following apparent S3 methods exported but not registered:
     rev.rlepack unique.rlepack xor.default
    See section ‘Registering S3 methods’ in the ‘Writing R Extensions’
    manual.
Flavors: r-devel-linux-x86_64-debian-clang, r-devel-linux-x86_64-debian-gcc, r-devel-linux-x86_64-fedora-clang, r-devel-linux-x86_64-fedora-gcc, r-devel-osx-x86_64-clang