CRAN Package Check Results for Package bit

Last updated on 2015-05-27 09:47:46.

Flavor Version Tinstall Tcheck Ttotal Status Flags
r-devel-linux-x86_64-debian-clang 1.1-12 2.70 16.74 19.44 NOTE
r-devel-linux-x86_64-debian-gcc 1.1-12 2.72 16.50 19.22 NOTE
r-devel-linux-x86_64-fedora-clang 1.1-12 36.67 NOTE
r-devel-linux-x86_64-fedora-gcc 1.1-12 35.58 NOTE
r-devel-osx-x86_64-clang 1.1-12 39.19 NOTE
r-devel-windows-ix86+x86_64 1.1-12 13.00 32.00 45.00 OK
r-patched-linux-x86_64 1.1-12 2.84 16.27 19.10 NOTE
r-patched-solaris-sparc 1.1-12 220.90 NOTE
r-patched-solaris-x86 1.1-12 48.80 NOTE
r-release-linux-x86_64 1.1-12 2.70 16.73 19.43 NOTE
r-release-osx-x86_64-mavericks 1.1-12 OK
r-release-osx-x86_64-snowleopard 1.1-12 OK
r-release-windows-ix86+x86_64 1.1-12 10.00 36.00 46.00 OK
r-oldrel-windows-ix86+x86_64 1.1-12 16.00 33.00 49.00 OK

Check Details

Version: 1.1-12
Check: S3 generic/method consistency
Result: NOTE
    Found the following apparent S3 methods exported but not registered:
     rev.rlepack unique.rlepack xor.default
    See section ‘Registering S3 methods’ in the ‘Writing R Extensions’
    manual.
Flavors: r-devel-linux-x86_64-debian-clang, r-devel-linux-x86_64-debian-gcc, r-devel-linux-x86_64-fedora-clang, r-devel-linux-x86_64-fedora-gcc, r-devel-osx-x86_64-clang, r-patched-linux-x86_64, r-patched-solaris-sparc, r-patched-solaris-x86, r-release-linux-x86_64