CRAN Package Check Results for Package bit

Last updated on 2017-02-25 07:48:53.

Flavor Version Tinstall Tcheck Ttotal Status Flags
r-devel-linux-x86_64-debian-clang 1.1-12 3.36 18.56 21.91 NOTE
r-devel-linux-x86_64-debian-gcc 1.1-12 3.27 18.39 21.66 NOTE
r-devel-linux-x86_64-fedora-clang 1.1-12 37.47 NOTE --no-stop-on-test-error
r-devel-linux-x86_64-fedora-gcc 1.1-12 35.79 NOTE --no-stop-on-test-error
r-devel-macos-x86_64-clang 1.1-12 32.25 NOTE --no-stop-on-test-error
r-devel-windows-ix86+x86_64 1.1-12 13.00 55.00 68.00 OK
r-patched-linux-x86_64 1.1-12 2.89 16.85 19.75 NOTE
r-patched-solaris-sparc 1.1-12 212.30 NOTE
r-patched-solaris-x86 1.1-12 41.80 NOTE
r-release-linux-x86_64 1.1-12 2.90 16.44 19.34 NOTE
r-release-osx-x86_64-mavericks 1.1-12 OK
r-release-windows-ix86+x86_64 1.1-12 37.00 41.00 78.00 OK
r-oldrel-windows-ix86+x86_64 1.1-12 52.00 40.00 92.00 OK

Check Details

Version: 1.1-12
Check: S3 generic/method consistency
Result: NOTE
    Found the following apparent S3 methods exported but not registered:
     rev.rlepack unique.rlepack xor.default
    See section ‘Registering S3 methods’ in the ‘Writing R Extensions’
    manual.
Flavors: r-devel-linux-x86_64-debian-clang, r-devel-linux-x86_64-debian-gcc, r-patched-linux-x86_64, r-patched-solaris-sparc, r-patched-solaris-x86, r-release-linux-x86_64

Version: 1.1-12
Check: compiled code
Result: NOTE
    File ‘bit/libs/bit.so’:
     Found no calls to: ‘R_registerRoutines’, ‘R_useDynamicSymbols’
    
    It is good practice to register native routines and to disable symbol
    search.
    
    See ‘Writing portable packages’ in the ‘Writing R Extensions’ manual.
Flavors: r-devel-linux-x86_64-debian-clang, r-devel-linux-x86_64-debian-gcc

Version: 1.1-12
Flags: --no-stop-on-test-error
Check: S3 generic/method consistency
Result: NOTE
    Found the following apparent S3 methods exported but not registered:
     rev.rlepack unique.rlepack xor.default
    See section ‘Registering S3 methods’ in the ‘Writing R Extensions’
    manual.
Flavors: r-devel-linux-x86_64-fedora-clang, r-devel-linux-x86_64-fedora-gcc, r-devel-macos-x86_64-clang

Version: 1.1-12
Flags: --no-stop-on-test-error
Check: compiled code
Result: NOTE
    File ‘bit/libs/bit.so’:
     Found no calls to: ‘R_registerRoutines’, ‘R_useDynamicSymbols’
    
    It is good practice to register native routines and to disable symbol
    search.
    
    See ‘Writing portable packages’ in the ‘Writing R Extensions’ manual.
Flavors: r-devel-linux-x86_64-fedora-clang, r-devel-linux-x86_64-fedora-gcc, r-devel-macos-x86_64-clang