CRAN Package Check Results for Package bit

Last updated on 2015-01-26 11:48:45.

Flavor Version Tinstall Tcheck Ttotal Status Flags
r-devel-linux-x86_64-debian-clang 1.1-12 2.74 16.64 19.38 OK
r-devel-linux-x86_64-debian-gcc 1.1-12 2.76 16.42 19.19 OK
r-devel-linux-x86_64-fedora-clang 1.1-12 40.32 NOTE
r-devel-linux-x86_64-fedora-gcc 1.1-12 36.96 NOTE
r-devel-osx-x86_64-clang 1.1-12 51.21 NOTE
r-devel-windows-ix86+x86_64 1.1-12 13.00 34.00 47.00 OK
r-patched-linux-x86_64 1.1-12 3.24 17.45 20.69 OK
r-patched-solaris-sparc 1.1-12 235.20 OK
r-patched-solaris-x86 1.1-12 52.40 OK
r-release-linux-ix86 1.1-12 3.54 23.15 26.70 OK
r-release-linux-x86_64 1.1-12 3.06 17.59 20.64 OK
r-release-osx-x86_64-mavericks 1.1-12 OK
r-release-osx-x86_64-snowleopard 1.1-12 OK
r-release-windows-ix86+x86_64 1.1-12 12.00 33.00 45.00 OK
r-oldrel-windows-ix86+x86_64 1.1-12 10.00 31.00 41.00 OK

Check Details

Version: 1.1-12
Check: S3 generic/method consistency
Result: NOTE
    Found the following apparent S3 methods exported but not registered:
     xor.default rev.rlepack unique.rlepack
    See section ‘Registering S3 methods’ in the ‘Writing R Extensions’
    manual.
Flavors: r-devel-linux-x86_64-fedora-clang, r-devel-linux-x86_64-fedora-gcc, r-devel-osx-x86_64-clang