CRAN Package Check Results for Package bit

Last updated on 2016-04-29 15:46:44.

Flavor Version Tinstall Tcheck Ttotal Status Flags
r-devel-linux-x86_64-debian-gcc 1.1-12 2.64 16.48 19.12 NOTE
r-devel-linux-x86_64-fedora-clang 1.1-12 33.84 NOTE
r-devel-linux-x86_64-fedora-gcc 1.1-12 31.18 NOTE
r-devel-osx-x86_64-clang 1.1-12 38.71 NOTE
r-devel-windows-ix86+x86_64 1.1-12 12.00 38.00 50.00 OK
r-patched-linux-x86_64 1.1-12 2.88 16.71 19.60 NOTE
r-patched-solaris-sparc 1.1-12 207.40 NOTE
r-patched-solaris-x86 1.1-12 44.70 NOTE
r-release-linux-x86_64 1.1-12 2.88 17.96 20.83 NOTE
r-release-osx-x86_64-mavericks 1.1-12 OK
r-release-windows-ix86+x86_64 1.1-12 12.00 35.00 47.00 OK
r-oldrel-windows-ix86+x86_64 1.1-12 16.00 33.00 49.00 OK

Check Details

Version: 1.1-12
Check: S3 generic/method consistency
Result: NOTE
    Found the following apparent S3 methods exported but not registered:
     rev.rlepack unique.rlepack xor.default
    See section ‘Registering S3 methods’ in the ‘Writing R Extensions’
    manual.
Flavors: r-devel-linux-x86_64-debian-gcc, r-devel-linux-x86_64-fedora-clang, r-devel-linux-x86_64-fedora-gcc, r-devel-osx-x86_64-clang, r-patched-linux-x86_64, r-patched-solaris-sparc, r-patched-solaris-x86, r-release-linux-x86_64