CRAN Package Check Results for Package bit

Last updated on 2015-09-02 17:49:10.

Flavor Version Tinstall Tcheck Ttotal Status Flags
r-devel-linux-x86_64-debian-clang 1.1-12 2.64 16.00 18.64 NOTE
r-devel-linux-x86_64-debian-gcc 1.1-12 2.68 15.69 18.37 NOTE
r-devel-linux-x86_64-fedora-clang 1.1-12 34.55 NOTE
r-devel-linux-x86_64-fedora-gcc 1.1-12 31.10 NOTE
r-devel-osx-x86_64-clang 1.1-12 34.44 NOTE
r-devel-windows-ix86+x86_64 1.1-12 12.00 36.00 48.00 OK
r-patched-linux-x86_64 1.1-12 2.93 16.97 19.90 NOTE
r-patched-solaris-sparc 1.1-12 225.90 NOTE
r-patched-solaris-x86 1.1-12 48.20 NOTE
r-release-linux-x86_64 1.1-12 2.69 17.08 19.77 NOTE
r-release-osx-x86_64-mavericks 1.1-12 OK
r-release-windows-ix86+x86_64 1.1-12 12.00 48.00 60.00 OK
r-oldrel-windows-ix86+x86_64 1.1-12 16.00 33.00 49.00 OK

Check Details

Version: 1.1-12
Check: S3 generic/method consistency
Result: NOTE
    Found the following apparent S3 methods exported but not registered:
     rev.rlepack unique.rlepack xor.default
    See section ‘Registering S3 methods’ in the ‘Writing R Extensions’
    manual.
Flavors: r-devel-linux-x86_64-debian-clang, r-devel-linux-x86_64-debian-gcc, r-devel-linux-x86_64-fedora-clang, r-devel-linux-x86_64-fedora-gcc, r-devel-osx-x86_64-clang, r-patched-linux-x86_64, r-patched-solaris-sparc, r-patched-solaris-x86, r-release-linux-x86_64