CRAN Package Check Results for Package bit

Last updated on 2017-11-23 11:52:01 CET.

Flavor Version Tinstall Tcheck Ttotal Status Flags
r-devel-linux-x86_64-debian-clang 1.1-12 3.54 28.34 31.88 NOTE
r-devel-linux-x86_64-debian-gcc 1.1-12 5.49 43.91 49.40 NOTE
r-devel-linux-x86_64-fedora-clang 1.1-12 36.13 NOTE
r-devel-linux-x86_64-fedora-gcc 1.1-12 35.20 NOTE
r-devel-windows-ix86+x86_64 1.1-12 23.00 44.00 67.00 OK
r-patched-linux-x86_64 1.1-12 4.50 47.78 52.28 NOTE
r-patched-solaris-x86 1.1-12 53.20 NOTE
r-release-linux-x86_64 1.1-12 3.25 18.41 21.66 NOTE
r-release-windows-ix86+x86_64 1.1-12 15.00 43.00 58.00 OK
r-release-osx-x86_64 1.1-12 OK
r-oldrel-windows-ix86+x86_64 1.1-12 37.00 41.00 78.00 OK
r-oldrel-osx-x86_64 1.1-12 OK

Check Details

Version: 1.1-12
Check: S3 generic/method consistency
Result: NOTE
    Found the following apparent S3 methods exported but not registered:
     rev.rlepack unique.rlepack xor.default
    See section ‘Registering S3 methods’ in the ‘Writing R Extensions’
    manual.
Flavors: r-devel-linux-x86_64-debian-clang, r-devel-linux-x86_64-debian-gcc, r-devel-linux-x86_64-fedora-clang, r-devel-linux-x86_64-fedora-gcc, r-patched-linux-x86_64, r-patched-solaris-x86, r-release-linux-x86_64

Version: 1.1-12
Check: compiled code
Result: NOTE
    File ‘bit/libs/bit.so’:
     Found no calls to: ‘R_registerRoutines’, ‘R_useDynamicSymbols’
    
    It is good practice to register native routines and to disable symbol
    search.
    
    See ‘Writing portable packages’ in the ‘Writing R Extensions’ manual.
Flavors: r-devel-linux-x86_64-debian-clang, r-devel-linux-x86_64-debian-gcc, r-devel-linux-x86_64-fedora-clang, r-devel-linux-x86_64-fedora-gcc, r-patched-linux-x86_64, r-release-linux-x86_64