CRAN Package Check Results for Package bit

Last updated on 2016-12-05 12:51:18.

Flavor Version Tinstall Tcheck Ttotal Status Flags
r-devel-linux-x86_64-debian-clang 1.1-12 4.00 18.85 22.85 NOTE
r-devel-linux-x86_64-debian-gcc 1.1-12 3.36 18.76 22.11 NOTE
r-devel-linux-x86_64-fedora-clang 1.1-12 38.61 NOTE --no-stop-on-test-error
r-devel-linux-x86_64-fedora-gcc 1.1-12 36.62 NOTE --no-stop-on-test-error
r-devel-macos-x86_64-clang 1.1-12 32.55 NOTE
r-devel-windows-ix86+x86_64 1.1-12 18.00 56.00 74.00 OK
r-patched-linux-x86_64 1.1-12 3.12 16.47 19.59 NOTE
r-patched-solaris-sparc 1.1-12 210.40 NOTE
r-patched-solaris-x86 1.1-12 42.90 NOTE
r-release-linux-x86_64 1.1-12 2.79 17.01 19.80 NOTE
r-release-osx-x86_64-mavericks 1.1-12 OK
r-release-windows-ix86+x86_64 1.1-12 37.00 41.00 78.00 OK
r-oldrel-windows-ix86+x86_64 1.1-12 52.00 40.00 92.00 OK

Check Details

Version: 1.1-12
Check: S3 generic/method consistency
Result: NOTE
    Found the following apparent S3 methods exported but not registered:
     rev.rlepack unique.rlepack xor.default
    See section ‘Registering S3 methods’ in the ‘Writing R Extensions’
    manual.
Flavors: r-devel-linux-x86_64-debian-clang, r-devel-linux-x86_64-debian-gcc, r-devel-macos-x86_64-clang, r-patched-linux-x86_64, r-patched-solaris-sparc, r-patched-solaris-x86, r-release-linux-x86_64

Version: 1.1-12
Flags: --no-stop-on-test-error
Check: S3 generic/method consistency
Result: NOTE
    Found the following apparent S3 methods exported but not registered:
     rev.rlepack unique.rlepack xor.default
    See section ‘Registering S3 methods’ in the ‘Writing R Extensions’
    manual.
Flavors: r-devel-linux-x86_64-fedora-clang, r-devel-linux-x86_64-fedora-gcc