CRAN Package Check Results for Package bit

Last updated on 2017-07-20 23:51:08.

Flavor Version Tinstall Tcheck Ttotal Status Flags
r-devel-linux-x86_64-debian-clang 1.1-12 3.24 26.74 29.98 NOTE
r-devel-linux-x86_64-debian-gcc 1.1-12 3.26 26.50 29.76 NOTE
r-devel-linux-x86_64-fedora-clang 1.1-12 40.30 NOTE
r-devel-linux-x86_64-fedora-gcc 1.1-12 35.39 NOTE
r-devel-windows-ix86+x86_64 1.1-12 16.00 41.00 57.00 OK
r-patched-linux-x86_64 1.1-12 3.19 26.82 30.01 NOTE
r-patched-solaris-x86 1.1-12 49.10 NOTE
r-release-linux-x86_64 1.1-12 3.10 26.56 29.66 NOTE
r-release-windows-ix86+x86_64 1.1-12 14.00 42.00 56.00 OK
r-release-osx-x86_64 1.1-12 OK
r-oldrel-windows-ix86+x86_64 1.1-12 37.00 41.00 78.00 OK
r-oldrel-osx-x86_64 1.1-12 OK

Check Details

Version: 1.1-12
Check: S3 generic/method consistency
Result: NOTE
    Found the following apparent S3 methods exported but not registered:
     rev.rlepack unique.rlepack xor.default
    See section ‘Registering S3 methods’ in the ‘Writing R Extensions’
    manual.
Flavors: r-devel-linux-x86_64-debian-clang, r-devel-linux-x86_64-debian-gcc, r-devel-linux-x86_64-fedora-clang, r-devel-linux-x86_64-fedora-gcc, r-patched-linux-x86_64, r-patched-solaris-x86, r-release-linux-x86_64

Version: 1.1-12
Check: compiled code
Result: NOTE
    File ‘bit/libs/bit.so’:
     Found no calls to: ‘R_registerRoutines’, ‘R_useDynamicSymbols’
    
    It is good practice to register native routines and to disable symbol
    search.
    
    See ‘Writing portable packages’ in the ‘Writing R Extensions’ manual.
Flavors: r-devel-linux-x86_64-debian-clang, r-devel-linux-x86_64-debian-gcc, r-devel-linux-x86_64-fedora-clang, r-devel-linux-x86_64-fedora-gcc, r-patched-linux-x86_64, r-release-linux-x86_64