CRAN Package Check Results for Package bit

Last updated on 2017-01-17 05:48:37.

Flavor Version Tinstall Tcheck Ttotal Status Flags
r-devel-linux-x86_64-debian-clang 1.1-12 3.36 18.31 21.67 NOTE
r-devel-linux-x86_64-debian-gcc 1.1-12 3.81 17.83 21.63 NOTE
r-devel-linux-x86_64-fedora-clang 1.1-12 37.25 NOTE --no-stop-on-test-error
r-devel-linux-x86_64-fedora-gcc 1.1-12 34.72 NOTE --no-stop-on-test-error
r-devel-macos-x86_64-clang 1.1-12 31.77 NOTE --no-stop-on-test-error
r-devel-windows-ix86+x86_64 1.1-12 44.00 45.00 89.00 OK
r-patched-linux-x86_64 1.1-12 2.96 16.35 19.31 NOTE
r-patched-solaris-sparc 1.1-12 212.30 NOTE
r-patched-solaris-x86 1.1-12 45.00 NOTE
r-release-linux-x86_64 1.1-12 3.19 16.85 20.03 NOTE
r-release-osx-x86_64-mavericks 1.1-12 OK
r-release-windows-ix86+x86_64 1.1-12 37.00 41.00 78.00 OK
r-oldrel-windows-ix86+x86_64 1.1-12 52.00 40.00 92.00 OK

Check Details

Version: 1.1-12
Check: S3 generic/method consistency
Result: NOTE
    Found the following apparent S3 methods exported but not registered:
     rev.rlepack unique.rlepack xor.default
    See section ‘Registering S3 methods’ in the ‘Writing R Extensions’
    manual.
Flavors: r-devel-linux-x86_64-debian-clang, r-devel-linux-x86_64-debian-gcc, r-patched-linux-x86_64, r-patched-solaris-sparc, r-patched-solaris-x86, r-release-linux-x86_64

Version: 1.1-12
Flags: --no-stop-on-test-error
Check: S3 generic/method consistency
Result: NOTE
    Found the following apparent S3 methods exported but not registered:
     rev.rlepack unique.rlepack xor.default
    See section ‘Registering S3 methods’ in the ‘Writing R Extensions’
    manual.
Flavors: r-devel-linux-x86_64-fedora-clang, r-devel-linux-x86_64-fedora-gcc, r-devel-macos-x86_64-clang

Version: 1.1-12
Flags: --no-stop-on-test-error
Check: compiled code
Result: NOTE
    File ‘bit/libs/bit.so’:
     Found no calls to: ‘R_registerRoutines’, ‘R_useDynamicSymbols’
    
    It is good practice to use registered native symbols and disable symbol
    search.
    
    See ‘Writing portable packages’ in the ‘Writing R Extensions’ manual.
Flavor: r-devel-linux-x86_64-fedora-gcc