CRAN Package Check Results for Package bit

Last updated on 2016-09-28 11:50:00.

Flavor Version Tinstall Tcheck Ttotal Status Flags
r-devel-linux-x86_64-debian-clang 1.1-12 3.26 17.09 20.35 NOTE
r-devel-linux-x86_64-debian-gcc 1.1-12 3.05 17.17 20.23 NOTE
r-devel-linux-x86_64-fedora-clang 1.1-12 35.22 NOTE
r-devel-linux-x86_64-fedora-gcc 1.1-12 30.75 NOTE
r-devel-macos-x86_64-clang 1.1-12 29.46 NOTE
r-devel-windows-ix86+x86_64 1.1-12 16.00 56.00 72.00 OK
r-patched-linux-x86_64 1.1-12 3.40 17.14 20.54 NOTE
r-patched-solaris-sparc 1.1-12 210.40 NOTE
r-patched-solaris-x86 1.1-12 43.30 NOTE
r-release-linux-x86_64 1.1-12 3.07 16.83 19.90 NOTE
r-release-osx-x86_64-mavericks 1.1-12 OK
r-release-windows-ix86+x86_64 1.1-12 11.00 44.00 55.00 OK
r-oldrel-windows-ix86+x86_64 1.1-12 12.00 35.00 47.00 OK

Check Details

Version: 1.1-12
Check: S3 generic/method consistency
Result: NOTE
    Found the following apparent S3 methods exported but not registered:
     rev.rlepack unique.rlepack xor.default
    See section ‘Registering S3 methods’ in the ‘Writing R Extensions’
    manual.
Flavors: r-devel-linux-x86_64-debian-clang, r-devel-linux-x86_64-debian-gcc, r-devel-linux-x86_64-fedora-clang, r-devel-linux-x86_64-fedora-gcc, r-devel-macos-x86_64-clang, r-patched-linux-x86_64, r-patched-solaris-sparc, r-patched-solaris-x86, r-release-linux-x86_64