CRAN Package Check Results for Package bit

Last updated on 2014-04-25 05:47:12.

Flavor Version Tinstall Tcheck Ttotal Status Flags
r-devel-linux-x86_64-debian-clang 1.1-12 3.01 17.13 20.14 OK
r-devel-linux-x86_64-debian-gcc 1.1-12 3.01 16.75 19.76 OK
r-devel-linux-x86_64-fedora-clang 1.1-12 37.59 OK
r-devel-linux-x86_64-fedora-gcc 1.1-12 35.59 OK
r-devel-osx-x86_64-clang 1.1-12 35.42 OK
r-devel-osx-x86_64-gcc 1.1-12 NOTE
r-devel-windows-ix86+x86_64 1.1-12 12.00 31.00 43.00 OK
r-patched-linux-x86_64 1.1-12 3.03 17.02 20.05 OK
r-patched-solaris-sparc 1.1-12 203.50 OK
r-patched-solaris-x86 1.1-12 50.30 OK
r-release-linux-ix86 1.1-12 5.00 32.00 37.00 OK
r-release-linux-x86_64 1.1-12 3.20 17.63 20.83 OK
r-release-osx-x86_64-mavericks 1.1-12 OK
r-release-osx-x86_64-snowleopard 1.1-12 OK
r-release-windows-ix86+x86_64 1.1-12 22.00 39.00 61.00 OK
r-oldrel-windows-ix86+x86_64 1.1-12 10.00 31.00 41.00 OK

Check Details

Version: 1.1-12
Check: Rd cross-references
Result: NOTE
    Package unavailable to check Rd xrefs: ‘ff’
Flavor: r-devel-osx-x86_64-gcc