CRAN Package Check Results for Package bit

Last updated on 2016-08-27 23:48:02.

Flavor Version Tinstall Tcheck Ttotal Status Flags
r-devel-linux-x86_64-debian-clang 1.1-12 3.17 17.00 20.17 NOTE
r-devel-linux-x86_64-debian-gcc 1.1-12 2.98 16.50 19.49 NOTE
r-devel-linux-x86_64-fedora-clang 1.1-12 34.23 NOTE
r-devel-linux-x86_64-fedora-gcc 1.1-12 32.33 NOTE
r-devel-osx-x86_64-clang 1.1-12 30.09 NOTE
r-devel-windows-ix86+x86_64 1.1-12 18.00 58.00 76.00 OK
r-patched-linux-x86_64 1.1-12 2.94 16.59 19.53 NOTE
r-patched-solaris-sparc 1.1-12 210.40 NOTE
r-patched-solaris-x86 1.1-12 43.00 NOTE
r-release-linux-x86_64 1.1-12 3.21 16.61 19.82 NOTE
r-release-osx-x86_64-mavericks 1.1-12 OK
r-release-windows-ix86+x86_64 1.1-12 15.00 52.00 67.00 OK
r-oldrel-windows-ix86+x86_64 1.1-12 12.00 35.00 47.00 OK

Check Details

Version: 1.1-12
Check: S3 generic/method consistency
Result: NOTE
    Found the following apparent S3 methods exported but not registered:
     rev.rlepack unique.rlepack xor.default
    See section ‘Registering S3 methods’ in the ‘Writing R Extensions’
    manual.
Flavors: r-devel-linux-x86_64-debian-clang, r-devel-linux-x86_64-debian-gcc, r-devel-linux-x86_64-fedora-clang, r-devel-linux-x86_64-fedora-gcc, r-devel-osx-x86_64-clang, r-patched-linux-x86_64, r-patched-solaris-sparc, r-patched-solaris-x86, r-release-linux-x86_64