CRAN Package Check Results for Package bit

Last updated on 2015-08-04 14:47:53.

Flavor Version Tinstall Tcheck Ttotal Status Flags
r-devel-linux-x86_64-debian-clang 1.1-12 2.73 15.81 18.54 NOTE
r-devel-linux-x86_64-debian-gcc 1.1-12 2.73 15.66 18.39 NOTE
r-devel-linux-x86_64-fedora-clang 1.1-12 35.13 NOTE
r-devel-linux-x86_64-fedora-gcc 1.1-12 33.16 NOTE
r-devel-osx-x86_64-clang 1.1-12 33.33 NOTE
r-devel-windows-ix86+x86_64 1.1-12 12.00 31.00 43.00 OK
r-patched-linux-x86_64 1.1-12 2.82 15.58 18.40 NOTE
r-patched-solaris-sparc 1.1-12 225.90 NOTE
r-patched-solaris-x86 1.1-12 48.60 NOTE
r-release-linux-x86_64 1.1-12 2.84 16.14 18.99 NOTE
r-release-osx-x86_64-mavericks 1.1-12 OK
r-release-windows-ix86+x86_64 1.1-12 12.00 33.00 45.00 OK
r-oldrel-windows-ix86+x86_64 1.1-12 16.00 33.00 49.00 OK

Check Details

Version: 1.1-12
Check: S3 generic/method consistency
Result: NOTE
    Found the following apparent S3 methods exported but not registered:
     rev.rlepack unique.rlepack xor.default
    See section ‘Registering S3 methods’ in the ‘Writing R Extensions’
    manual.
Flavors: r-devel-linux-x86_64-debian-clang, r-devel-linux-x86_64-debian-gcc, r-devel-linux-x86_64-fedora-clang, r-devel-linux-x86_64-fedora-gcc, r-devel-osx-x86_64-clang, r-patched-linux-x86_64, r-patched-solaris-sparc, r-patched-solaris-x86, r-release-linux-x86_64