CRAN Package Check Results for Package bit

Last updated on 2016-07-27 15:47:36.

Flavor Version Tinstall Tcheck Ttotal Status Flags
r-devel-linux-x86_64-debian-clang 1.1-12 3.47 19.23 22.69 NOTE
r-devel-linux-x86_64-debian-gcc 1.1-12 3.25 18.63 21.87 NOTE
r-devel-linux-x86_64-fedora-clang 1.1-12 33.24 NOTE
r-devel-linux-x86_64-fedora-gcc 1.1-12 30.87 NOTE
r-devel-osx-x86_64-clang 1.1-12 30.31 NOTE
r-devel-windows-ix86+x86_64 1.1-12 12.00 42.00 54.00 OK
r-patched-linux-x86_64 1.1-12 3.47 18.15 21.62 NOTE
r-patched-solaris-sparc 1.1-12 210.40 NOTE
r-patched-solaris-x86 1.1-12 42.30 NOTE
r-release-linux-x86_64 1.1-12 3.52 19.14 22.66 NOTE
r-release-osx-x86_64-mavericks 1.1-12 OK
r-release-windows-ix86+x86_64 1.1-12 15.00 52.00 67.00 OK
r-oldrel-windows-ix86+x86_64 1.1-12 12.00 35.00 47.00 OK

Check Details

Version: 1.1-12
Check: S3 generic/method consistency
Result: NOTE
    Found the following apparent S3 methods exported but not registered:
     rev.rlepack unique.rlepack xor.default
    See section ‘Registering S3 methods’ in the ‘Writing R Extensions’
    manual.
Flavors: r-devel-linux-x86_64-debian-clang, r-devel-linux-x86_64-debian-gcc, r-devel-linux-x86_64-fedora-clang, r-devel-linux-x86_64-fedora-gcc, r-devel-osx-x86_64-clang, r-patched-linux-x86_64, r-patched-solaris-sparc, r-patched-solaris-x86, r-release-linux-x86_64