CRAN Package Check Results for Package bit

Last updated on 2015-04-18 03:50:10.

Flavor Version Tinstall Tcheck Ttotal Status Flags
r-devel-linux-x86_64-debian-clang 1.1-12 2.67 17.20 19.88 NOTE
r-devel-linux-x86_64-debian-gcc 1.1-12 2.78 17.53 20.31 NOTE
r-devel-linux-x86_64-fedora-clang 1.1-12 36.22 NOTE
r-devel-linux-x86_64-fedora-gcc 1.1-12 34.11 NOTE
r-devel-osx-x86_64-clang 1.1-12 38.74 NOTE
r-prerel-windows-ix86+x86_64 1.1-12 19.00 32.00 51.00 OK
r-prerel-linux-x86_64 1.1-12 2.76 16.57 19.33 NOTE
r-prerel-solaris-sparc 1.1-12 234.30 OK
r-prerel-solaris-x86 1.1-12 48.10 OK
r-release-linux-x86_64 1.1-12 3.22 17.91 21.13 OK
r-release-osx-x86_64-mavericks 1.1-12 OK
r-release-osx-x86_64-snowleopard 1.1-12 OK
r-release-windows-ix86+x86_64 1.1-12 16.00 33.00 49.00 OK
r-oldrel-windows-ix86+x86_64 1.1-12 10.00 31.00 41.00 OK

Check Details

Version: 1.1-12
Check: S3 generic/method consistency
Result: NOTE
    Found the following apparent S3 methods exported but not registered:
     rev.rlepack unique.rlepack xor.default
    See section ‘Registering S3 methods’ in the ‘Writing R Extensions’
    manual.
Flavors: r-devel-linux-x86_64-debian-clang, r-devel-linux-x86_64-debian-gcc, r-devel-linux-x86_64-fedora-clang, r-devel-linux-x86_64-fedora-gcc, r-devel-osx-x86_64-clang, r-prerel-linux-x86_64