CRAN Package Check Results for Package bit64

Last updated on 2017-02-20 17:48:45.

Flavor Version Tinstall Tcheck Ttotal Status Flags
r-devel-linux-x86_64-debian-clang 0.9-5 8.23 26.35 34.59 NOTE
r-devel-linux-x86_64-debian-gcc 0.9-5 7.85 26.56 34.41 NOTE
r-devel-linux-x86_64-fedora-clang 0.9-5 63.05 NOTE --no-stop-on-test-error
r-devel-linux-x86_64-fedora-gcc 0.9-5 58.41 NOTE --no-stop-on-test-error
r-devel-macos-x86_64-clang 51.70 NOTE --no-stop-on-test-error
r-devel-windows-ix86+x86_64 0.9-5 25.00 72.00 97.00 OK
r-patched-linux-x86_64 0.9-5 7.05 24.09 31.14 OK
r-patched-solaris-sparc 0.9-5 349.50 OK
r-patched-solaris-x86 0.9-5 72.90 OK
r-release-linux-x86_64 0.9-5 7.30 25.18 32.48 OK
r-release-osx-x86_64-mavericks 0.9-5 OK
r-release-windows-ix86+x86_64 0.9-5 24.00 52.00 76.00 OK
r-oldrel-windows-ix86+x86_64 0.9-5 23.00 55.00 78.00 OK

Memtest notes: clang-UBSAN gcc6-UBSAN gcc7-UBSAN

Check Details

Version: 0.9-5
Check: compiled code
Result: NOTE
    File ‘bit64/libs/bit64.so’:
     Found no calls to: ‘R_registerRoutines’, ‘R_useDynamicSymbols’
    
    It is good practice to register native routines and to disable symbol
    search.
    
    See ‘Writing portable packages’ in the ‘Writing R Extensions’ manual.
Flavors: r-devel-linux-x86_64-debian-clang, r-devel-linux-x86_64-debian-gcc

Version: 0.9-5
Flags: --no-stop-on-test-error
Check: compiled code
Result: NOTE
    File ‘bit64/libs/bit64.so’:
     Found no calls to: ‘R_registerRoutines’, ‘R_useDynamicSymbols’
    
    It is good practice to register native routines and to disable symbol
    search.
    
    See ‘Writing portable packages’ in the ‘Writing R Extensions’ manual.
Flavors: r-devel-linux-x86_64-fedora-clang, r-devel-linux-x86_64-fedora-gcc, r-devel-macos-x86_64-clang