CRAN Package Check Results for Package bit64

Last updated on 2014-07-26 19:50:19.

Flavor Version Tinstall Tcheck Ttotal Status Flags
r-devel-linux-x86_64-debian-clang 0.9-4 5.76 25.64 31.40 OK
r-devel-linux-x86_64-debian-gcc 0.9-4 7.86 26.82 34.68 OK
r-devel-linux-x86_64-fedora-clang 0.9-4 67.28 OK
r-devel-linux-x86_64-fedora-gcc 0.9-4 63.71 OK
r-devel-osx-x86_64-clang 0.9-4 59.76 OK
r-devel-windows-ix86+x86_64 0.9-4 20.00 47.00 67.00 WARN
r-patched-linux-x86_64 0.9-4 7.78 25.24 33.02 OK
r-patched-solaris-sparc 0.9-4 350.60 OK
r-patched-solaris-x86 0.9-4 89.10 OK
r-release-linux-ix86 0.9-4 9.36 34.38 43.74 OK
r-release-linux-x86_64 0.9-4 9.98 25.96 35.95 OK
r-release-osx-x86_64-mavericks 0.9-4 OK
r-release-osx-x86_64-snowleopard 0.9-4 OK
r-release-windows-ix86+x86_64 0.9-4 30.00 47.00 77.00 WARN
r-oldrel-windows-ix86+x86_64 0.9-4 17.00 43.00 60.00 OK

Memtest notes: UBSAN

Check Details

Version: 0.9-4
Check: whether package can be installed
Result: WARNING
    Found the following significant warnings:
     integer64.c:180:4: warning: too many arguments for format [-Wformat-extra-args]
    See 'd:/Rcompile/CRANpkg/local/3.2/bit64.Rcheck/00install.out' for details.
Flavor: r-devel-windows-ix86+x86_64

Version: 0.9-4
Check: whether package can be installed
Result: WARNING
    Found the following significant warnings:
     integer64.c:180:4: warning: too many arguments for format [-Wformat-extra-args]
    See 'd:/Rcompile/CRANpkg/local/3.1/bit64.Rcheck/00install.out' for details.
Flavor: r-release-windows-ix86+x86_64