CRAN Package Check Results for Package bit64

Last updated on 2014-10-22 01:47:22.

Flavor Version Tinstall Tcheck Ttotal Status Flags
r-devel-linux-x86_64-debian-clang 0.9-4 5.76 25.68 31.44 NOTE
r-devel-linux-x86_64-debian-gcc 0.9-4 7.29 24.71 32.00 NOTE
r-devel-linux-x86_64-fedora-clang 0.9-4 63.05 NOTE
r-devel-linux-x86_64-fedora-gcc 0.9-4 64.65 NOTE
r-devel-osx-x86_64-clang 0.9-4 56.72 NOTE
r-devel-windows-ix86+x86_64 0.9-4 21.00 45.00 66.00 WARN
r-patched-linux-x86_64 0.9-4 7.60 26.15 33.75 NOTE
r-patched-solaris-sparc 0.9-4 399.30 NOTE
r-patched-solaris-x86 0.9-4 88.60 NOTE
r-release-linux-ix86 0.9-4 9.43 35.10 44.53 OK
r-release-linux-x86_64 0.9-4 7.58 26.82 34.39 OK
r-release-osx-x86_64-mavericks 0.9-4 OK
r-release-osx-x86_64-snowleopard 0.9-4 OK
r-release-windows-ix86+x86_64 0.9-4 30.00 47.00 77.00 WARN
r-oldrel-windows-ix86+x86_64 0.9-4 17.00 43.00 60.00 OK

Memtest notes: UBSAN UBSAN-gcc

Check Details

Version: 0.9-4
Check: R code for possible problems
Result: NOTE
    %in%.integer64: no visible global function definition for ‘clone’
    as.data.frame.integer64: no visible global function definition for
     ‘setattr’
    as.factor.integer64: no visible global function definition for ‘clone’
    as.ordered.integer64: no visible global function definition for ‘clone’
    benchmark64: no visible binding for global variable ‘repeat.time’
    duplicated.integer64: no visible global function definition for ‘clone’
    jamcache: no visible global function definition for ‘setattr’
    keypos.integer64: no visible global function definition for ‘clone’
    match.integer64: no visible global function definition for ‘clone’
    newcache: no visible global function definition for ‘setattr’
    nties.integer64: no visible global function definition for ‘clone’
    optimizer64: no visible binding for global variable ‘repeat.time’
    optimizer64: no visible global function definition for ‘clone’
    order.integer64: no visible global function definition for ‘clone’
    qtile.integer64: no visible global function definition for ‘clone’
    ramsort.integer64: no visible global function definition for ‘setattr’
    rank.integer64: no visible global function definition for ‘clone’
    remcache: no visible global function definition for ‘setattr’
    sort.integer64: no visible global function definition for ‘setattr’
    sort.integer64: no visible global function definition for ‘clone’
    sortcache: no visible global function definition for ‘clone’
    sortfin.integer64: no visible global function definition for ‘clone’
    sortordercache: no visible global function definition for ‘clone’
    sortorderpos.integer64: no visible global function definition for
     ‘clone’
    table.integer64: no visible global function definition for ‘clone’
    tiepos.integer64: no visible global function definition for ‘clone’
    unipos.integer64: no visible global function definition for ‘clone’
    unique.integer64: no visible global function definition for ‘clone’
Flavors: r-devel-linux-x86_64-debian-clang, r-devel-linux-x86_64-debian-gcc, r-devel-linux-x86_64-fedora-clang, r-devel-linux-x86_64-fedora-gcc, r-devel-osx-x86_64-clang, r-devel-windows-ix86+x86_64, r-patched-linux-x86_64, r-patched-solaris-sparc, r-patched-solaris-x86

Version: 0.9-4
Check: compiled code
Result: NOTE
    File ‘bit64/libs/bit64.so’:
     Found ‘rand’, possibly from ‘rand’ (C)
     Object: ‘sort64.o’
    
    Compiled code should not call entry points which might terminate R nor
    write to stdout/stderr instead of to the console, nor the C RNG.
    
    See ‘Writing portable packages’ in the ‘Writing R Extensions’ manual.
Flavors: r-devel-linux-x86_64-debian-clang, r-devel-linux-x86_64-debian-gcc, r-devel-linux-x86_64-fedora-clang, r-devel-linux-x86_64-fedora-gcc, r-patched-linux-x86_64, r-patched-solaris-sparc, r-patched-solaris-x86

Version: 0.9-4
Check: compiled code
Result: NOTE
    File ‘bit64/libs/bit64.so’:
     Found ‘_rand’, possibly from ‘rand’ (C)
     Object: ‘sort64.o’
    
    Compiled code should not call entry points which might terminate R nor
    write to stdout/stderr instead of to the console, nor the C RNG.
    
    See ‘Writing portable packages’ in the ‘Writing R Extensions’ manual.
Flavor: r-devel-osx-x86_64-clang

Version: 0.9-4
Check: whether package can be installed
Result: WARN
    Found the following significant warnings:
     integer64.c:180:4: warning: too many arguments for format [-Wformat-extra-args]
Flavors: r-devel-windows-ix86+x86_64, r-release-windows-ix86+x86_64

Version: 0.9-4
Check: compiled code
Result: NOTE
    File 'bit64/libs/i386/bit64.dll':
     Found 'rand', possibly from 'rand' (C)
     Object: 'sort64.o'
    File 'bit64/libs/x64/bit64.dll':
     Found 'rand', possibly from 'rand' (C)
     Object: 'sort64.o'
    
    Compiled code should not call entry points which might terminate R nor
    write to stdout/stderr instead of to the console, nor the C RNG.
    
    See 'Writing portable packages' in the 'Writing R Extensions' manual.
Flavor: r-devel-windows-ix86+x86_64