CRAN Package Check Results for Package bit64

Last updated on 2017-12-15 04:47:08 CET.

Flavor Version Tinstall Tcheck Ttotal Status Flags
r-devel-linux-x86_64-debian-clang 0.9-7 10.89 31.18 42.07 FAIL
r-devel-linux-x86_64-debian-gcc 0.9-7 9.67 33.74 43.41 OK
r-devel-linux-x86_64-fedora-clang 0.9-7 63.11 OK
r-devel-linux-x86_64-fedora-gcc 0.9-7 60.76 OK
r-devel-windows-ix86+x86_64 0.9-7 35.00 58.00 93.00 OK
r-patched-linux-x86_64 0.9-7 10.39 41.44 51.83 OK
r-patched-solaris-x86 0.9-7 85.10 OK
r-release-linux-x86_64 0.9-7 11.13 42.53 53.66 OK
r-release-windows-ix86+x86_64 0.9-7 28.00 60.00 88.00 OK
r-release-osx-x86_64 0.9-7 OK
r-oldrel-windows-ix86+x86_64 0.9-7 40.00 81.00 121.00 OK
r-oldrel-osx-x86_64 0.9-7 OK

Additional issues

clang-UBSAN gcc-UBSAN rchk

Check Details

Version: 0.9-7
Check: pragmas in C/C++ headers and code
Result: FAIL
    
Flavor: r-devel-linux-x86_64-debian-clang