CRAN Package Check Results for Package bit64

Last updated on 2014-04-23 17:47:41.

Flavor Version Tinstall Tcheck Ttotal Status Flags
r-devel-linux-x86_64-debian-clang 0.9-4 5.88 27.28 33.16 OK
r-devel-linux-x86_64-debian-gcc 0.9-4 7.77 26.47 34.24 OK
r-devel-linux-x86_64-fedora-clang 0.9-4 67.80 OK
r-devel-linux-x86_64-fedora-gcc 0.9-4 64.49 OK
r-devel-osx-x86_64-clang 0.9-4 55.03 OK
r-devel-osx-x86_64-gcc 0.9-4 NOTE
r-devel-windows-ix86+x86_64 0.9-4 22.00 43.00 65.00 OK
r-patched-linux-x86_64 0.9-4 7.29 26.59 33.88 OK
r-patched-solaris-sparc 0.9-4 350.60 OK
r-patched-solaris-x86 0.9-4 88.80 OK
r-release-linux-ix86 0.9-4 11.00 46.00 57.00 OK
r-release-linux-x86_64 0.9-4 7.53 26.67 34.20 OK
r-release-osx-x86_64-mavericks 0.9-4 OK
r-release-osx-x86_64-snowleopard 0.9-4 OK
r-release-windows-ix86+x86_64 0.9-4 33.00 60.00 93.00 OK
r-oldrel-windows-ix86+x86_64 0.9-4 17.00 43.00 60.00 OK

Memtest notes: UBSAN

Check Details

Version: 0.9-4
Check: Rd cross-references
Result: NOTE
    Package unavailable to check Rd xrefs: ‘ff’
Flavor: r-devel-osx-x86_64-gcc