CRAN Package Check Results for Package bit64

Last updated on 2014-12-20 12:47:22.

Flavor Version Tinstall Tcheck Ttotal Status Flags
r-devel-linux-x86_64-debian-clang 0.9-4 6.22 25.54 31.76 NOTE
r-devel-linux-x86_64-debian-gcc 0.9-4 7.25 24.95 32.20 NOTE
r-devel-linux-x86_64-fedora-clang 0.9-4 64.81 NOTE
r-devel-linux-x86_64-fedora-gcc 0.9-4 60.60 NOTE
r-devel-osx-x86_64-clang 0.9-4 59.46 NOTE
r-devel-windows-ix86+x86_64 0.9-4 34.00 58.00 92.00 WARN
r-patched-linux-x86_64 0.9-4 7.60 25.65 33.24 NOTE
r-patched-solaris-sparc 0.9-4 393.90 NOTE
r-patched-solaris-x86 0.9-4 90.20 NOTE
r-release-linux-ix86 0.9-4 8.94 31.99 40.93 NOTE
r-release-linux-x86_64 0.9-4 7.49 26.18 33.68 NOTE
r-release-osx-x86_64-mavericks 0.9-4 OK
r-release-osx-x86_64-snowleopard 0.9-4 OK
r-release-windows-ix86+x86_64 0.9-4 22.00 50.00 72.00 WARN
r-oldrel-windows-ix86+x86_64 0.9-4 17.00 43.00 60.00 OK

Memtest notes: UBSAN UBSAN-clang-trunk UBSAN-gcc

Check Details

Version: 0.9-4
Check: R code for possible problems
Result: NOTE
    %in%.integer64: no visible global function definition for ‘clone’
    as.data.frame.integer64: no visible global function definition for
     ‘setattr’
    as.factor.integer64: no visible global function definition for ‘clone’
    as.ordered.integer64: no visible global function definition for ‘clone’
    benchmark64: no visible binding for global variable ‘repeat.time’
    duplicated.integer64: no visible global function definition for ‘clone’
    jamcache: no visible global function definition for ‘setattr’
    keypos.integer64: no visible global function definition for ‘clone’
    match.integer64: no visible global function definition for ‘clone’
    newcache: no visible global function definition for ‘setattr’
    nties.integer64: no visible global function definition for ‘clone’
    optimizer64: no visible binding for global variable ‘repeat.time’
    optimizer64: no visible global function definition for ‘clone’
    order.integer64: no visible global function definition for ‘clone’
    qtile.integer64: no visible global function definition for ‘clone’
    ramsort.integer64: no visible global function definition for ‘setattr’
    rank.integer64: no visible global function definition for ‘clone’
    remcache: no visible global function definition for ‘setattr’
    sort.integer64: no visible global function definition for ‘setattr’
    sort.integer64: no visible global function definition for ‘clone’
    sortcache: no visible global function definition for ‘clone’
    sortfin.integer64: no visible global function definition for ‘clone’
    sortordercache: no visible global function definition for ‘clone’
    sortorderpos.integer64: no visible global function definition for
     ‘clone’
    table.integer64: no visible global function definition for ‘clone’
    tiepos.integer64: no visible global function definition for ‘clone’
    unipos.integer64: no visible global function definition for ‘clone’
    unique.integer64: no visible global function definition for ‘clone’
Flavors: r-devel-linux-x86_64-debian-clang, r-devel-linux-x86_64-debian-gcc, r-devel-linux-x86_64-fedora-clang, r-devel-linux-x86_64-fedora-gcc, r-devel-osx-x86_64-clang, r-devel-windows-ix86+x86_64, r-patched-linux-x86_64, r-patched-solaris-sparc, r-patched-solaris-x86, r-release-linux-ix86, r-release-linux-x86_64, r-release-windows-ix86+x86_64

Version: 0.9-4
Check: compiled code
Result: NOTE
    File ‘bit64/libs/bit64.so’:
     Found ‘rand’, possibly from ‘rand’ (C)
     Object: ‘sort64.o’
    
    Compiled code should not call entry points which might terminate R nor
    write to stdout/stderr instead of to the console, nor the system RNG.
    
    See ‘Writing portable packages’ in the ‘Writing R Extensions’ manual.
Flavors: r-devel-linux-x86_64-debian-clang, r-devel-linux-x86_64-debian-gcc, r-devel-linux-x86_64-fedora-clang, r-devel-linux-x86_64-fedora-gcc, r-patched-linux-x86_64, r-patched-solaris-sparc, r-patched-solaris-x86

Version: 0.9-4
Check: compiled code
Result: NOTE
    File ‘bit64/libs/bit64.so’:
     Found ‘_rand’, possibly from ‘rand’ (C)
     Object: ‘sort64.o’
    
    Compiled code should not call entry points which might terminate R nor
    write to stdout/stderr instead of to the console, nor the system RNG.
    
    See ‘Writing portable packages’ in the ‘Writing R Extensions’ manual.
Flavor: r-devel-osx-x86_64-clang

Version: 0.9-4
Check: whether package can be installed
Result: WARN
    Found the following significant warnings:
     integer64.c:180:4: warning: too many arguments for format [-Wformat-extra-args]
Flavors: r-devel-windows-ix86+x86_64, r-release-windows-ix86+x86_64

Version: 0.9-4
Check: compiled code
Result: NOTE
    File 'bit64/libs/i386/bit64.dll':
     Found 'rand', possibly from 'rand' (C)
     Object: 'sort64.o'
    File 'bit64/libs/x64/bit64.dll':
     Found 'rand', possibly from 'rand' (C)
     Object: 'sort64.o'
    
    Compiled code should not call entry points which might terminate R nor
    write to stdout/stderr instead of to the console, nor the system RNG.
    
    See 'Writing portable packages' in the 'Writing R Extensions' manual.
Flavor: r-devel-windows-ix86+x86_64

Version: 0.9-4
Check: compiled code
Result: NOTE
    File ‘bit64/libs/bit64.so’:
     Found ‘rand’, possibly from ‘rand’ (C)
     Object: ‘sort64.o’
    
    Compiled code should not call entry points which might terminate R nor
    write to stdout/stderr instead of to the console, nor the C RNG.
    
    See ‘Writing portable packages’ in the ‘Writing R Extensions’ manual.
Flavors: r-release-linux-ix86, r-release-linux-x86_64

Version: 0.9-4
Check: compiled code
Result: NOTE
    File 'bit64/libs/i386/bit64.dll':
     Found 'rand', possibly from 'rand' (C)
     Object: 'sort64.o'
    File 'bit64/libs/x64/bit64.dll':
     Found 'rand', possibly from 'rand' (C)
     Object: 'sort64.o'
    
    Compiled code should not call entry points which might terminate R nor
    write to stdout/stderr instead of to the console, nor the C RNG.
    
    See 'Writing portable packages' in the 'Writing R Extensions' manual.
Flavor: r-release-windows-ix86+x86_64