CRAN Package Check Results for Package bit64

Last updated on 2017-04-28 06:48:30.

Flavor Version Tinstall Tcheck Ttotal Status Flags
r-devel-linux-x86_64-debian-clang 0.9-5 8.87 26.62 35.49 WARN
r-devel-linux-x86_64-debian-gcc 0.9-5 7.59 26.36 33.96 WARN
r-devel-linux-x86_64-fedora-clang 0.9-5 64.53 WARN --no-stop-on-test-error
r-devel-linux-x86_64-fedora-gcc 0.9-5 58.95 WARN --no-stop-on-test-error
r-devel-windows-ix86+x86_64 0.9-5 35.00 60.00 95.00 WARN
r-patched-linux-x86_64 0.9-5 7.65 26.40 34.05 WARN
r-patched-solaris-sparc 0.9-5 373.80 WARN
r-patched-solaris-x86 0.9-5 83.10 WARN
r-release-linux-x86_64 0.9-5 7.36 26.07 33.44 WARN
r-release-windows-ix86+x86_64 0.9-5 25.00 57.00 82.00 WARN
r-release-osx-x86_64 0.9-5 WARN
r-oldrel-windows-ix86+x86_64 0.9-5 24.00 52.00 76.00 OK
r-oldrel-osx-x86_64 0.9-5 OK

Memtest notes: clang-UBSAN gcc-UBSAN

Check Details

Version: 0.9-5
Check: S3 generic/method consistency
Result: WARN
    median:
     function(x, na.rm, ...)
    median.integer64:
     function(x, na.rm)
    
    median:
     function(x, na.rm, ...)
    median.integer64:
     function(x, na.rm)
    
    See section ‘Generic functions and methods’ in the ‘Writing R
    Extensions’ manual.
Flavors: r-devel-linux-x86_64-debian-clang, r-devel-linux-x86_64-debian-gcc, r-devel-windows-ix86+x86_64, r-patched-linux-x86_64, r-patched-solaris-sparc, r-patched-solaris-x86, r-release-linux-x86_64, r-release-windows-ix86+x86_64, r-release-osx-x86_64

Version: 0.9-5
Check: compiled code
Result: NOTE
    File ‘bit64/libs/bit64.so’:
     Found no calls to: ‘R_registerRoutines’, ‘R_useDynamicSymbols’
    
    It is good practice to register native routines and to disable symbol
    search.
    
    See ‘Writing portable packages’ in the ‘Writing R Extensions’ manual.
Flavors: r-devel-linux-x86_64-debian-clang, r-devel-linux-x86_64-debian-gcc, r-patched-linux-x86_64, r-release-linux-x86_64

Version: 0.9-5
Flags: --no-stop-on-test-error
Check: S3 generic/method consistency
Result: WARN
    median:
     function(x, na.rm, ...)
    median.integer64:
     function(x, na.rm)
    
    median:
     function(x, na.rm, ...)
    median.integer64:
     function(x, na.rm)
    
    See section ‘Generic functions and methods’ in the ‘Writing R
    Extensions’ manual.
Flavors: r-devel-linux-x86_64-fedora-clang, r-devel-linux-x86_64-fedora-gcc

Version: 0.9-5
Flags: --no-stop-on-test-error
Check: compiled code
Result: NOTE
    File ‘bit64/libs/bit64.so’:
     Found no calls to: ‘R_registerRoutines’, ‘R_useDynamicSymbols’
    
    It is good practice to register native routines and to disable symbol
    search.
    
    See ‘Writing portable packages’ in the ‘Writing R Extensions’ manual.
Flavors: r-devel-linux-x86_64-fedora-clang, r-devel-linux-x86_64-fedora-gcc