CRAN Package Check Results for Package bit64

Last updated on 2015-07-01 06:48:26.

Flavor Version Tinstall Tcheck Ttotal Status Flags
r-devel-linux-x86_64-debian-clang 0.9-4 5.93 23.95 29.88 NOTE
r-devel-linux-x86_64-debian-gcc 0.9-4 7.10 23.28 30.38 NOTE
r-devel-linux-x86_64-fedora-clang 0.9-4 55.79 NOTE
r-devel-linux-x86_64-fedora-gcc 0.9-4 56.75 NOTE
r-devel-osx-x86_64-clang 0.9-4 52.83 NOTE
r-devel-windows-ix86+x86_64 0.9-4 32.00 42.00 74.00 WARN
r-patched-linux-x86_64 0.9-4 7.13 23.15 30.28 NOTE
r-patched-solaris-sparc 0.9-4 359.70 NOTE
r-patched-solaris-x86 0.9-4 82.50 NOTE
r-release-linux-x86_64 0.9-4 7.47 24.20 31.67 NOTE
r-release-osx-x86_64-mavericks 0.9-4 NOTE
r-release-windows-ix86+x86_64 0.9-4 22.00 48.00 70.00 WARN
r-oldrel-windows-ix86+x86_64 0.9-4 28.00 51.00 79.00 WARN

Memtest notes: UBSAN UBSAN-gcc

Check Details

Version: 0.9-4
Check: S3 generic/method consistency
Result: NOTE
    Found the following apparent S3 methods exported but not registered:
     :.integer64 is.double.integer64
    See section ‘Registering S3 methods’ in the ‘Writing R Extensions’
    manual.
Flavors: r-devel-linux-x86_64-debian-clang, r-devel-linux-x86_64-debian-gcc, r-devel-linux-x86_64-fedora-clang, r-devel-linux-x86_64-fedora-gcc, r-devel-osx-x86_64-clang, r-patched-linux-x86_64, r-patched-solaris-sparc, r-patched-solaris-x86, r-release-linux-x86_64

Version: 0.9-4
Check: R code for possible problems
Result: NOTE
    %in%.integer64: no visible global function definition for ‘clone’
    as.data.frame.integer64: no visible global function definition for
     ‘setattr’
    as.factor.integer64: no visible global function definition for ‘clone’
    as.ordered.integer64: no visible global function definition for ‘clone’
    benchmark64: no visible binding for global variable ‘repeat.time’
    benchmark64: no visible global function definition for ‘cor’
    duplicated.integer64: no visible global function definition for ‘clone’
    jamcache: no visible global function definition for ‘setattr’
    keypos.integer64: no visible global function definition for ‘clone’
    match.integer64: no visible global function definition for ‘clone’
    newcache: no visible global function definition for ‘setattr’
    nties.integer64: no visible global function definition for ‘clone’
    optimizer64: no visible binding for global variable ‘repeat.time’
    optimizer64: no visible global function definition for ‘par’
    optimizer64: no visible global function definition for ‘clone’
    optimizer64: no visible global function definition for ‘barplot’
    optimizer64: no visible global function definition for ‘title’
    order.integer64: no visible global function definition for ‘clone’
    qtile.integer64: no visible global function definition for ‘clone’
    ramsort.integer64: no visible global function definition for ‘setattr’
    rank.integer64: no visible global function definition for ‘clone’
    remcache: no visible global function definition for ‘setattr’
    sort.integer64: no visible global function definition for ‘setattr’
    sort.integer64: no visible global function definition for ‘clone’
    sortcache: no visible global function definition for ‘clone’
    sortfin.integer64: no visible global function definition for ‘clone’
    sortordercache: no visible global function definition for ‘clone’
    sortorderpos.integer64: no visible global function definition for
     ‘clone’
    table.integer64: no visible global function definition for ‘clone’
    tiepos.integer64: no visible global function definition for ‘clone’
    unipos.integer64: no visible global function definition for ‘clone’
    unique.integer64: no visible global function definition for ‘clone’
Flavors: r-devel-linux-x86_64-debian-clang, r-devel-linux-x86_64-debian-gcc, r-devel-linux-x86_64-fedora-clang, r-devel-linux-x86_64-fedora-gcc

Version: 0.9-4
Check: compiled code
Result: NOTE
    File ‘bit64/libs/bit64.so’:
     Found ‘rand’, possibly from ‘rand’ (C)
     Object: ‘sort64.o’
    
    Compiled code should not call entry points which might terminate R nor
    write to stdout/stderr instead of to the console, nor the system RNG.
    
    See ‘Writing portable packages’ in the ‘Writing R Extensions’ manual.
Flavors: r-devel-linux-x86_64-debian-clang, r-devel-linux-x86_64-debian-gcc, r-devel-linux-x86_64-fedora-clang, r-devel-linux-x86_64-fedora-gcc, r-patched-linux-x86_64, r-patched-solaris-sparc, r-patched-solaris-x86, r-release-linux-x86_64

Version: 0.9-4
Check: R code for possible problems
Result: NOTE
    %in%.integer64: no visible global function definition for ‘clone’
    as.data.frame.integer64: no visible global function definition for
     ‘setattr’
    as.factor.integer64: no visible global function definition for ‘clone’
    as.ordered.integer64: no visible global function definition for ‘clone’
    benchmark64: no visible binding for global variable ‘repeat.time’
    duplicated.integer64: no visible global function definition for ‘clone’
    jamcache: no visible global function definition for ‘setattr’
    keypos.integer64: no visible global function definition for ‘clone’
    match.integer64: no visible global function definition for ‘clone’
    newcache: no visible global function definition for ‘setattr’
    nties.integer64: no visible global function definition for ‘clone’
    optimizer64: no visible binding for global variable ‘repeat.time’
    optimizer64: no visible global function definition for ‘clone’
    order.integer64: no visible global function definition for ‘clone’
    qtile.integer64: no visible global function definition for ‘clone’
    ramsort.integer64: no visible global function definition for ‘setattr’
    rank.integer64: no visible global function definition for ‘clone’
    remcache: no visible global function definition for ‘setattr’
    sort.integer64: no visible global function definition for ‘setattr’
    sort.integer64: no visible global function definition for ‘clone’
    sortcache: no visible global function definition for ‘clone’
    sortfin.integer64: no visible global function definition for ‘clone’
    sortordercache: no visible global function definition for ‘clone’
    sortorderpos.integer64: no visible global function definition for
     ‘clone’
    table.integer64: no visible global function definition for ‘clone’
    tiepos.integer64: no visible global function definition for ‘clone’
    unipos.integer64: no visible global function definition for ‘clone’
    unique.integer64: no visible global function definition for ‘clone’
Flavors: r-devel-osx-x86_64-clang, r-devel-windows-ix86+x86_64, r-patched-linux-x86_64, r-patched-solaris-sparc, r-patched-solaris-x86, r-release-linux-x86_64, r-release-osx-x86_64-mavericks, r-release-windows-ix86+x86_64, r-oldrel-windows-ix86+x86_64

Version: 0.9-4
Check: compiled code
Result: NOTE
    File ‘bit64/libs/bit64.so’:
     Found ‘_rand’, possibly from ‘rand’ (C)
     Object: ‘sort64.o’
    
    Compiled code should not call entry points which might terminate R nor
    write to stdout/stderr instead of to the console, nor the system RNG.
    
    See ‘Writing portable packages’ in the ‘Writing R Extensions’ manual.
Flavors: r-devel-osx-x86_64-clang, r-release-osx-x86_64-mavericks

Version: 0.9-4
Check: whether package can be installed
Result: WARN
    Found the following significant warnings:
     integer64.c:180:4: warning: too many arguments for format [-Wformat-extra-args]
Flavors: r-devel-windows-ix86+x86_64, r-release-windows-ix86+x86_64, r-oldrel-windows-ix86+x86_64

Version: 0.9-4
Check: compiled code
Result: NOTE
    File 'bit64/libs/i386/bit64.dll':
     Found 'rand', possibly from 'rand' (C)
     Object: 'sort64.o'
    File 'bit64/libs/x64/bit64.dll':
     Found 'rand', possibly from 'rand' (C)
     Object: 'sort64.o'
    
    Compiled code should not call entry points which might terminate R nor
    write to stdout/stderr instead of to the console, nor the system RNG.
    
    See 'Writing portable packages' in the 'Writing R Extensions' manual.
Flavors: r-devel-windows-ix86+x86_64, r-release-windows-ix86+x86_64, r-oldrel-windows-ix86+x86_64