CRAN Package Check Results for Package bit64

Last updated on 2017-03-24 06:48:00.

Flavor Version Tinstall Tcheck Ttotal Status Flags
r-devel-linux-x86_64-debian-clang 0.9-5 9.01 26.84 35.84 WARN
r-devel-linux-x86_64-debian-gcc 0.9-5 7.94 26.40 34.34 WARN
r-devel-linux-x86_64-fedora-clang 0.9-5 68.43 WARN --no-stop-on-test-error
r-devel-linux-x86_64-fedora-gcc 0.9-5 59.32 WARN --no-stop-on-test-error
r-devel-macos-x86_64-clang 0.9-5 50.86 WARN --no-stop-on-test-error
r-devel-windows-ix86+x86_64 0.9-5 26.00 56.00 82.00 WARN
r-patched-linux-x86_64 0.9-5 7.29 24.55 31.85 OK
r-patched-solaris-sparc 0.9-5 373.80 WARN
r-patched-solaris-x86 0.9-5 82.60 WARN
r-release-linux-x86_64 0.9-5 7.26 24.42 31.68 OK
r-release-osx-x86_64-mavericks 0.9-5 OK
r-release-windows-ix86+x86_64 0.9-5 24.00 52.00 76.00 OK
r-oldrel-windows-ix86+x86_64 0.9-5 23.00 55.00 78.00 OK

Memtest notes: clang-UBSAN gcc-UBSAN

Check Details

Version: 0.9-5
Check: S3 generic/method consistency
Result: WARN
    median:
     function(x, na.rm, ...)
    median.integer64:
     function(x, na.rm)
    
    median:
     function(x, na.rm, ...)
    median.integer64:
     function(x, na.rm)
    
    See section ‘Generic functions and methods’ in the ‘Writing R
    Extensions’ manual.
Flavors: r-devel-linux-x86_64-debian-clang, r-devel-linux-x86_64-debian-gcc, r-devel-windows-ix86+x86_64, r-patched-solaris-sparc, r-patched-solaris-x86

Version: 0.9-5
Check: compiled code
Result: NOTE
    File ‘bit64/libs/bit64.so’:
     Found no calls to: ‘R_registerRoutines’, ‘R_useDynamicSymbols’
    
    It is good practice to register native routines and to disable symbol
    search.
    
    See ‘Writing portable packages’ in the ‘Writing R Extensions’ manual.
Flavors: r-devel-linux-x86_64-debian-clang, r-devel-linux-x86_64-debian-gcc

Version: 0.9-5
Flags: --no-stop-on-test-error
Check: S3 generic/method consistency
Result: WARN
    median:
     function(x, na.rm, ...)
    median.integer64:
     function(x, na.rm)
    
    median:
     function(x, na.rm, ...)
    median.integer64:
     function(x, na.rm)
    
    See section ‘Generic functions and methods’ in the ‘Writing R
    Extensions’ manual.
Flavors: r-devel-linux-x86_64-fedora-clang, r-devel-linux-x86_64-fedora-gcc, r-devel-macos-x86_64-clang

Version: 0.9-5
Flags: --no-stop-on-test-error
Check: compiled code
Result: NOTE
    File ‘bit64/libs/bit64.so’:
     Found no calls to: ‘R_registerRoutines’, ‘R_useDynamicSymbols’
    
    It is good practice to register native routines and to disable symbol
    search.
    
    See ‘Writing portable packages’ in the ‘Writing R Extensions’ manual.
Flavors: r-devel-linux-x86_64-fedora-clang, r-devel-linux-x86_64-fedora-gcc, r-devel-macos-x86_64-clang