CRAN Package Check Results for Package bite

Last updated on 2022-01-25 05:54:37 CET.

Flavor Version Tinstall Tcheck Ttotal Status Flags
r-devel-linux-x86_64-debian-clang 0.3 12.86 118.92 131.78 OK
r-devel-linux-x86_64-debian-gcc 0.3 12.19 104.66 116.85 OK
r-devel-linux-x86_64-fedora-clang 0.3 164.16 NOTE
r-devel-linux-x86_64-fedora-gcc 0.3 156.14 NOTE
r-devel-windows-x86_64-new-UL 0.3 41.00 146.00 187.00 OK
r-devel-windows-x86_64-new-TK 0.3 NOTE
r-patched-linux-x86_64 0.3 13.81 115.98 129.79 OK
r-release-linux-x86_64 0.3 9.80 115.38 125.18 OK
r-release-macos-arm64 0.3 NOTE
r-release-macos-x86_64 0.3 NOTE
r-release-windows-ix86+x86_64 0.3 26.00 135.00 161.00 OK
r-oldrel-macos-x86_64 0.3 NOTE
r-oldrel-windows-ix86+x86_64 0.3 26.00 137.00 163.00 OK

Check Details

Version: 0.3
Check: dependencies in R code
Result: NOTE
    Namespace in Imports field not imported from: ‘MASS’
     All declared Imports should be used.
Flavors: r-devel-linux-x86_64-fedora-clang, r-devel-linux-x86_64-fedora-gcc, r-devel-windows-x86_64-new-TK, r-release-macos-arm64, r-release-macos-x86_64, r-oldrel-macos-x86_64