CRAN Package Check Results for Package bitops

Last updated on 2017-06-24 09:55:11.

Flavor Version Tinstall Tcheck Ttotal Status Flags
r-devel-linux-x86_64-debian-clang 1.0-6 1.16 10.97 12.13 NOTE
r-devel-linux-x86_64-debian-gcc 1.0-6 1.06 10.98 12.04 NOTE
r-devel-linux-x86_64-fedora-clang 1.0-6 19.97 NOTE
r-devel-linux-x86_64-fedora-gcc 1.0-6 18.78 NOTE
r-devel-windows-ix86+x86_64 1.0-6 6.00 29.00 35.00 OK
r-patched-linux-x86_64 1.0-6 1.01 10.99 11.99 NOTE
r-patched-solaris-sparc 1.0-6 119.80 OK
r-patched-solaris-x86 1.0-6 28.00 OK
r-release-linux-x86_64 1.0-6 1.02 11.00 12.02 NOTE
r-release-windows-ix86+x86_64 1.0-6 7.00 27.00 34.00 OK
r-release-osx-x86_64 1.0-6 OK
r-oldrel-windows-ix86+x86_64 1.0-6 17.00 26.00 43.00 OK
r-oldrel-osx-x86_64 1.0-6 OK

Additional issues

clang-UBSAN

Check Details

Version: 1.0-6
Check: compiled code
Result: NOTE
    File ‘bitops/libs/bitops.so’:
     Found no calls to: ‘R_registerRoutines’, ‘R_useDynamicSymbols’
    
    It is good practice to register native routines and to disable symbol
    search.
    
    See ‘Writing portable packages’ in the ‘Writing R Extensions’ manual.
Flavors: r-devel-linux-x86_64-debian-clang, r-devel-linux-x86_64-debian-gcc, r-devel-linux-x86_64-fedora-clang, r-devel-linux-x86_64-fedora-gcc, r-patched-linux-x86_64, r-release-linux-x86_64