CRAN Package Check Results for Package bitops

Last updated on 2018-06-23 01:46:28 CEST.

Flavor Version Tinstall Tcheck Ttotal Status Flags
r-devel-linux-x86_64-debian-clang 1.0-6 1.50 18.19 19.69 NOTE
r-devel-linux-x86_64-debian-gcc 1.0-6 1.05 14.33 15.38 NOTE
r-devel-linux-x86_64-fedora-clang 1.0-6 23.35 NOTE
r-devel-linux-x86_64-fedora-gcc 1.0-6 21.49 NOTE
r-devel-windows-ix86+x86_64 1.0-6 10.00 32.00 42.00 OK
r-patched-linux-x86_64 1.0-6 1.36 16.99 18.35 NOTE
r-patched-solaris-x86 1.0-6 36.00 OK
r-release-linux-x86_64 1.0-6 1.32 16.82 18.14 NOTE
r-release-windows-ix86+x86_64 1.0-6 10.00 31.00 41.00 OK
r-release-osx-x86_64 1.0-6 OK
r-oldrel-windows-ix86+x86_64 1.0-6 6.00 28.00 34.00 OK
r-oldrel-osx-x86_64 1.0-6 OK

Additional issues

clang-UBSAN

Check Details

Version: 1.0-6
Check: compiled code
Result: NOTE
    File ‘bitops/libs/bitops.so’:
     Found no calls to: ‘R_registerRoutines’, ‘R_useDynamicSymbols’
    
    It is good practice to register native routines and to disable symbol
    search.
    
    See ‘Writing portable packages’ in the ‘Writing R Extensions’ manual.
Flavors: r-devel-linux-x86_64-debian-clang, r-devel-linux-x86_64-debian-gcc, r-devel-linux-x86_64-fedora-clang, r-devel-linux-x86_64-fedora-gcc, r-patched-linux-x86_64, r-release-linux-x86_64