CRAN Package Check Results for Package bitops

Last updated on 2019-02-18 17:48:00 CET.

Flavor Version Tinstall Tcheck Ttotal Status Flags
r-devel-linux-x86_64-debian-clang 1.0-6 1.77 17.81 19.58 OK
r-devel-linux-x86_64-debian-gcc 1.0-6 1.31 14.55 15.86 OK
r-devel-linux-x86_64-fedora-clang 1.0-6 25.82 NOTE
r-devel-linux-x86_64-fedora-gcc 1.0-6 24.08 NOTE
r-devel-windows-ix86+x86_64 1.0-6 9.00 33.00 42.00 OK
r-patched-linux-x86_64 1.0-6 1.37 17.08 18.45 OK
r-patched-solaris-x86 1.0-6 34.90 OK
r-release-linux-x86_64 1.0-6 OK
r-release-windows-ix86+x86_64 1.0-6 7.00 33.00 40.00 OK
r-release-osx-x86_64 1.0-6 OK
r-oldrel-windows-ix86+x86_64 1.0-6 7.00 26.00 33.00 OK
r-oldrel-osx-x86_64 1.0-6 OK

Additional issues

clang-UBSAN

Check Details

Version: 1.0-6
Check: compiled code
Result: NOTE
    File ‘bitops/libs/bitops.so’:
     Found no calls to: ‘R_registerRoutines’, ‘R_useDynamicSymbols’
    
    It is good practice to register native routines and to disable symbol
    search.
    
    See ‘Writing portable packages’ in the ‘Writing R Extensions’ manual.
Flavors: r-devel-linux-x86_64-fedora-clang, r-devel-linux-x86_64-fedora-gcc