CRAN Package Check Results for Package bitops

Last updated on 2019-04-20 10:47:30 CEST.

Flavor Version Tinstall Tcheck Ttotal Status Flags
r-devel-linux-x86_64-debian-clang 1.0-6 2.07 17.65 19.72 OK
r-devel-linux-x86_64-debian-gcc 1.0-6 2.46 17.98 20.44 OK
r-devel-linux-x86_64-fedora-clang 1.0-6 24.54 NOTE
r-devel-linux-x86_64-fedora-gcc 1.0-6 23.35 NOTE
r-devel-windows-ix86+x86_64 1.0-6 8.00 33.00 41.00 OK
r-patched-linux-x86_64 1.0-6 1.84 17.97 19.81 OK
r-patched-solaris-x86 1.0-6 40.70 OK
r-release-linux-x86_64 1.0-6 1.41 16.82 18.23 OK
r-release-windows-ix86+x86_64 1.0-6 7.00 33.00 40.00 OK
r-release-osx-x86_64 1.0-6 OK
r-oldrel-windows-ix86+x86_64 1.0-6 7.00 26.00 33.00 OK
r-oldrel-osx-x86_64 1.0-6 OK

Additional issues

clang-UBSAN

Check Details

Version: 1.0-6
Check: compiled code
Result: NOTE
    File ‘bitops/libs/bitops.so’:
     Found no calls to: ‘R_registerRoutines’, ‘R_useDynamicSymbols’
    
    It is good practice to register native routines and to disable symbol
    search.
    
    See ‘Writing portable packages’ in the ‘Writing R Extensions’ manual.
Flavors: r-devel-linux-x86_64-fedora-clang, r-devel-linux-x86_64-fedora-gcc