CRAN Package Check Results for Package bitops

Last updated on 2018-09-21 23:47:56 CEST.

Flavor Version Tinstall Tcheck Ttotal Status Flags
r-devel-linux-x86_64-debian-clang 1.0-6 1.55 18.05 19.60 OK
r-devel-linux-x86_64-debian-gcc 1.0-6 1.11 14.55 15.66 OK
r-devel-linux-x86_64-fedora-clang 1.0-6 23.53 NOTE
r-devel-linux-x86_64-fedora-gcc 1.0-6 22.50 NOTE
r-devel-windows-ix86+x86_64 1.0-6 7.00 34.00 41.00 OK
r-patched-linux-x86_64 1.0-6 1.29 16.68 17.97 NOTE
r-patched-solaris-x86 1.0-6 37.40 OK
r-release-linux-x86_64 1.0-6 1.34 16.86 18.20 OK
r-release-windows-ix86+x86_64 1.0-6 10.00 31.00 41.00 OK
r-release-osx-x86_64 1.0-6 OK
r-oldrel-windows-ix86+x86_64 1.0-6 6.00 28.00 34.00 OK
r-oldrel-osx-x86_64 1.0-6 OK

Additional issues

clang-UBSAN

Check Details

Version: 1.0-6
Check: compiled code
Result: NOTE
    File ‘bitops/libs/bitops.so’:
     Found no calls to: ‘R_registerRoutines’, ‘R_useDynamicSymbols’
    
    It is good practice to register native routines and to disable symbol
    search.
    
    See ‘Writing portable packages’ in the ‘Writing R Extensions’ manual.
Flavors: r-devel-linux-x86_64-fedora-clang, r-devel-linux-x86_64-fedora-gcc, r-patched-linux-x86_64