CRAN Package Check Results for Package bitops

Last updated on 2017-05-24 22:46:58.

Flavor Version Tinstall Tcheck Ttotal Status Flags
r-devel-linux-x86_64-debian-clang 1.0-6 1.16 11.08 12.24 NOTE
r-devel-linux-x86_64-debian-gcc 1.0-6 1.09 11.11 12.20 NOTE
r-devel-linux-x86_64-fedora-clang 1.0-6 19.71 NOTE --no-stop-on-test-error
r-devel-linux-x86_64-fedora-gcc 1.0-6 18.88 NOTE --no-stop-on-test-error
r-devel-windows-ix86+x86_64 1.0-6 11.00 35.00 46.00 OK
r-patched-linux-x86_64 1.0-6 0.98 10.89 11.87 NOTE
r-patched-solaris-sparc 1.0-6 119.80 OK
r-patched-solaris-x86 1.0-6 28.90 OK
r-release-linux-x86_64 1.0-6 1.01 10.85 11.85 NOTE
r-release-windows-ix86+x86_64 1.0-6 7.00 27.00 34.00 OK
r-release-osx-x86_64 1.0-6 OK
r-oldrel-windows-ix86+x86_64 1.0-6 17.00 26.00 43.00 OK
r-oldrel-osx-x86_64 1.0-6 OK

Additional issues

clang-UBSAN

Check Details

Version: 1.0-6
Check: compiled code
Result: NOTE
    File ‘bitops/libs/bitops.so’:
     Found no calls to: ‘R_registerRoutines’, ‘R_useDynamicSymbols’
    
    It is good practice to register native routines and to disable symbol
    search.
    
    See ‘Writing portable packages’ in the ‘Writing R Extensions’ manual.
Flavors: r-devel-linux-x86_64-debian-clang, r-devel-linux-x86_64-debian-gcc, r-patched-linux-x86_64, r-release-linux-x86_64

Version: 1.0-6
Flags: --no-stop-on-test-error
Check: compiled code
Result: NOTE
    File ‘bitops/libs/bitops.so’:
     Found no calls to: ‘R_registerRoutines’, ‘R_useDynamicSymbols’
    
    It is good practice to register native routines and to disable symbol
    search.
    
    See ‘Writing portable packages’ in the ‘Writing R Extensions’ manual.
Flavors: r-devel-linux-x86_64-fedora-clang, r-devel-linux-x86_64-fedora-gcc