CRAN Package Check Results for Package bitops

Last updated on 2017-02-24 23:52:17.

Flavor Version Tinstall Tcheck Ttotal Status Flags
r-devel-linux-x86_64-debian-clang 1.0-6 1.15 10.75 11.91 NOTE
r-devel-linux-x86_64-debian-gcc 1.0-6 1.10 10.73 11.83 NOTE
r-devel-linux-x86_64-fedora-clang 1.0-6 19.54 NOTE --no-stop-on-test-error
r-devel-linux-x86_64-fedora-gcc 1.0-6 18.61 NOTE --no-stop-on-test-error
r-devel-macos-x86_64-clang 1.0-6 18.41 NOTE --no-stop-on-test-error
r-devel-windows-ix86+x86_64 1.0-6 7.00 37.00 44.00 OK
r-patched-linux-x86_64 1.0-6 0.96 8.84 9.79 OK
r-patched-solaris-sparc 1.0-6 109.10 OK
r-patched-solaris-x86 1.0-6 24.10 OK
r-release-linux-x86_64 1.0-6 0.96 8.66 9.62 OK
r-release-osx-x86_64-mavericks 1.0-6 OK
r-release-windows-ix86+x86_64 1.0-6 17.00 26.00 43.00 OK
r-oldrel-windows-ix86+x86_64 1.0-6 23.00 24.00 47.00 OK

Memtest notes: clang-UBSAN

Check Details

Version: 1.0-6
Check: compiled code
Result: NOTE
    File ‘bitops/libs/bitops.so’:
     Found no calls to: ‘R_registerRoutines’, ‘R_useDynamicSymbols’
    
    It is good practice to register native routines and to disable symbol
    search.
    
    See ‘Writing portable packages’ in the ‘Writing R Extensions’ manual.
Flavors: r-devel-linux-x86_64-debian-clang, r-devel-linux-x86_64-debian-gcc

Version: 1.0-6
Flags: --no-stop-on-test-error
Check: compiled code
Result: NOTE
    File ‘bitops/libs/bitops.so’:
     Found no calls to: ‘R_registerRoutines’, ‘R_useDynamicSymbols’
    
    It is good practice to register native routines and to disable symbol
    search.
    
    See ‘Writing portable packages’ in the ‘Writing R Extensions’ manual.
Flavors: r-devel-linux-x86_64-fedora-clang, r-devel-linux-x86_64-fedora-gcc, r-devel-macos-x86_64-clang