CRAN Package Check Results for Package bitops

Last updated on 2017-03-30 10:48:01.

Flavor Version Tinstall Tcheck Ttotal Status Flags
r-devel-linux-x86_64-debian-clang 1.0-6 1.15 10.65 11.80 NOTE
r-devel-linux-x86_64-debian-gcc 1.0-6 1.00 10.47 11.47 NOTE
r-devel-linux-x86_64-fedora-clang 1.0-6 21.22 NOTE --no-stop-on-test-error
r-devel-linux-x86_64-fedora-gcc 1.0-6 18.71 NOTE --no-stop-on-test-error
r-devel-macos-x86_64-clang 1.0-6 17.94 NOTE --no-stop-on-test-error
r-devel-windows-ix86+x86_64 1.0-6 14.00 27.00 41.00 OK
r-patched-linux-x86_64 1.0-6 1.10 10.51 11.60 NOTE
r-patched-solaris-sparc 1.0-6 119.80 OK
r-patched-solaris-x86 1.0-6 30.90 OK
r-release-linux-x86_64 1.0-6 0.93 8.67 9.60 OK
r-release-osx-x86_64-mavericks 1.0-6 OK
r-release-windows-ix86+x86_64 1.0-6 17.00 26.00 43.00 OK
r-oldrel-windows-ix86+x86_64 1.0-6 23.00 24.00 47.00 OK

Memtest notes: clang-UBSAN

Check Details

Version: 1.0-6
Check: compiled code
Result: NOTE
    File ‘bitops/libs/bitops.so’:
     Found no calls to: ‘R_registerRoutines’, ‘R_useDynamicSymbols’
    
    It is good practice to register native routines and to disable symbol
    search.
    
    See ‘Writing portable packages’ in the ‘Writing R Extensions’ manual.
Flavors: r-devel-linux-x86_64-debian-clang, r-devel-linux-x86_64-debian-gcc, r-patched-linux-x86_64

Version: 1.0-6
Flags: --no-stop-on-test-error
Check: compiled code
Result: NOTE
    File ‘bitops/libs/bitops.so’:
     Found no calls to: ‘R_registerRoutines’, ‘R_useDynamicSymbols’
    
    It is good practice to register native routines and to disable symbol
    search.
    
    See ‘Writing portable packages’ in the ‘Writing R Extensions’ manual.
Flavors: r-devel-linux-x86_64-fedora-clang, r-devel-linux-x86_64-fedora-gcc, r-devel-macos-x86_64-clang