CRAN Package Check Results for Package bitops

Last updated on 2017-10-20 06:48:39.

Flavor Version Tinstall Tcheck Ttotal Status Flags
r-devel-linux-x86_64-debian-clang 1.0-6 1.03 10.72 11.75 NOTE
r-devel-linux-x86_64-debian-gcc 1.0-6 1.09 12.73 13.82 NOTE
r-devel-linux-x86_64-fedora-clang 1.0-6 21.07 NOTE
r-devel-linux-x86_64-fedora-gcc 1.0-6 20.06 NOTE
r-devel-windows-ix86+x86_64 1.0-6 11.00 27.00 38.00 OK
r-patched-linux-x86_64 1.0-6 1.12 11.05 12.17 NOTE
r-patched-solaris-x86 1.0-6 30.20 OK
r-release-linux-x86_64 1.0-6 1.08 10.90 11.98 NOTE
r-release-windows-ix86+x86_64 1.0-6 6.00 28.00 34.00 OK
r-release-osx-x86_64 1.0-6 OK
r-oldrel-windows-ix86+x86_64 1.0-6 17.00 26.00 43.00 OK
r-oldrel-osx-x86_64 1.0-6 OK

Additional issues

clang-UBSAN

Check Details

Version: 1.0-6
Check: compiled code
Result: NOTE
    File ‘bitops/libs/bitops.so’:
     Found no calls to: ‘R_registerRoutines’, ‘R_useDynamicSymbols’
    
    It is good practice to register native routines and to disable symbol
    search.
    
    See ‘Writing portable packages’ in the ‘Writing R Extensions’ manual.
Flavors: r-devel-linux-x86_64-debian-clang, r-devel-linux-x86_64-debian-gcc, r-devel-linux-x86_64-fedora-clang, r-devel-linux-x86_64-fedora-gcc, r-patched-linux-x86_64, r-release-linux-x86_64