CRAN Package Check Results for Package bitops

Last updated on 2018-02-23 01:46:15 CET.

Flavor Version Tinstall Tcheck Ttotal Status Flags
r-devel-linux-x86_64-debian-clang 1.0-6 1.35 15.15 16.50 NOTE
r-devel-linux-x86_64-debian-gcc 1.0-6 0.98 13.23 14.21 NOTE
r-devel-linux-x86_64-fedora-clang 1.0-6 21.65 NOTE
r-devel-linux-x86_64-fedora-gcc 1.0-6 20.49 NOTE
r-devel-windows-ix86+x86_64 1.0-6 9.00 44.00 53.00 OK
r-patched-linux-x86_64 1.0-6 1.23 15.56 16.79 NOTE
r-patched-solaris-x86 1.0-6 30.60 OK
r-release-linux-x86_64 1.0-6 1.29 15.45 16.74 NOTE
r-release-windows-ix86+x86_64 1.0-6 6.00 28.00 34.00 OK
r-release-osx-x86_64 1.0-6 OK
r-oldrel-windows-ix86+x86_64 1.0-6 17.00 26.00 43.00 OK
r-oldrel-osx-x86_64 1.0-6 OK

Additional issues

clang-UBSAN

Check Details

Version: 1.0-6
Check: compiled code
Result: NOTE
    File ‘bitops/libs/bitops.so’:
     Found no calls to: ‘R_registerRoutines’, ‘R_useDynamicSymbols’
    
    It is good practice to register native routines and to disable symbol
    search.
    
    See ‘Writing portable packages’ in the ‘Writing R Extensions’ manual.
Flavors: r-devel-linux-x86_64-debian-clang, r-devel-linux-x86_64-debian-gcc, r-devel-linux-x86_64-fedora-clang, r-devel-linux-x86_64-fedora-gcc, r-patched-linux-x86_64, r-release-linux-x86_64