CRAN Package Check Results for Package bivarRIpower

Last updated on 2019-01-18 00:46:21 CET.

Flavor Version Tinstall Tcheck Ttotal Status Flags
r-devel-linux-x86_64-debian-clang 1.2 1.26 18.12 19.38 NOTE
r-devel-linux-x86_64-debian-gcc 1.2 1.16 14.78 15.94 NOTE
r-devel-linux-x86_64-fedora-clang 1.2 22.99 NOTE
r-devel-linux-x86_64-fedora-gcc 1.2 21.55 NOTE
r-devel-windows-ix86+x86_64 1.2 2.00 28.00 30.00 NOTE
r-patched-linux-x86_64 1.2 1.25 17.05 18.30 NOTE
r-patched-solaris-x86 1.2 34.70 NOTE
r-release-linux-x86_64 1.2 0.94 16.89 17.83 NOTE
r-release-windows-ix86+x86_64 1.2 3.00 28.00 31.00 NOTE
r-release-osx-x86_64 1.2 NOTE
r-oldrel-windows-ix86+x86_64 1.2 2.00 23.00 25.00 NOTE
r-oldrel-osx-x86_64 1.2 NOTE

Check Details

Version: 1.2
Check: DESCRIPTION meta-information
Result: NOTE
    Malformed Description field: should contain one or more complete sentences.
Flavors: r-devel-linux-x86_64-debian-clang, r-devel-linux-x86_64-debian-gcc, r-devel-linux-x86_64-fedora-clang, r-devel-linux-x86_64-fedora-gcc, r-devel-windows-ix86+x86_64, r-patched-linux-x86_64, r-patched-solaris-x86, r-release-linux-x86_64, r-release-windows-ix86+x86_64, r-release-osx-x86_64, r-oldrel-windows-ix86+x86_64, r-oldrel-osx-x86_64

Version: 1.2
Check: R code for possible problems
Result: NOTE
    bivarcalcn: no visible global function definition for ‘qnorm’
    bivarcalcn: no visible global function definition for ‘pnorm’
    Undefined global functions or variables:
     pnorm qnorm
    Consider adding
     importFrom("stats", "pnorm", "qnorm")
    to your NAMESPACE file.
Flavors: r-devel-linux-x86_64-debian-clang, r-devel-linux-x86_64-debian-gcc, r-devel-linux-x86_64-fedora-clang, r-devel-linux-x86_64-fedora-gcc, r-devel-windows-ix86+x86_64, r-patched-linux-x86_64, r-patched-solaris-x86, r-release-linux-x86_64, r-release-windows-ix86+x86_64, r-release-osx-x86_64, r-oldrel-windows-ix86+x86_64, r-oldrel-osx-x86_64

Version: 1.2
Check: Rd files
Result: NOTE
    prepare_Rd: bivarcalcn.Rd:49-50: Dropping empty section \details
    prepare_Rd: bivarcalcn.Rd:59-61: Dropping empty section \note
    prepare_Rd: bivarcalcn.Rd:65-67: Dropping empty section \seealso
Flavors: r-devel-linux-x86_64-debian-clang, r-devel-linux-x86_64-debian-gcc, r-devel-linux-x86_64-fedora-clang, r-devel-linux-x86_64-fedora-gcc, r-devel-windows-ix86+x86_64, r-patched-linux-x86_64, r-patched-solaris-x86, r-release-linux-x86_64, r-release-windows-ix86+x86_64, r-release-osx-x86_64, r-oldrel-windows-ix86+x86_64, r-oldrel-osx-x86_64