CRAN Package Check Results for Package biwavelet

Last updated on 2015-07-31 04:47:52.

Flavor Version Tinstall Tcheck Ttotal Status Flags
r-devel-linux-x86_64-debian-clang 0.17.10 1.61 26.28 27.89 NOTE
r-devel-linux-x86_64-debian-gcc 0.17.10 2.49 25.64 28.14 NOTE
r-devel-linux-x86_64-fedora-clang 0.17.10 56.58 NOTE
r-devel-linux-x86_64-fedora-gcc 0.17.10 55.31 NOTE
r-devel-osx-x86_64-clang 0.17.10 49.24 OK
r-devel-windows-ix86+x86_64 0.17.10 5.00 60.00 65.00 NOTE
r-patched-linux-x86_64 0.17.10 1.56 25.78 27.34 OK
r-patched-solaris-sparc 0.17.10 361.40 OK
r-patched-solaris-x86 0.17.10 75.60 OK
r-release-linux-x86_64 0.17.10 1.63 25.97 27.60 OK
r-release-osx-x86_64-mavericks 0.17.10 OK
r-release-windows-ix86+x86_64 0.17.10 7.00 67.00 74.00 OK
r-oldrel-windows-ix86+x86_64 0.17.10 10.00 57.00 67.00 OK

Check Details

Version: 0.17.10
Check: R code for possible problems
Result: NOTE
    arrow: no visible global function definition for ‘par’
    arrow: no visible global function definition for ‘polygon’
    convolve2D: no visible global function definition for ‘mvfft’
    convolve2D: no visible global function definition for ‘fft’
    phase.plot: no visible global function definition for ‘par’
    plot.biwavelet: no visible global function definition for ‘par’
    plot.biwavelet: no visible global function definition for
     ‘colorRampPalette’
    plot.biwavelet: no visible global function definition for ‘image’
    plot.biwavelet: no visible global function definition for ‘box’
    plot.biwavelet: no visible global function definition for ‘axis’
    plot.biwavelet: no visible global function definition for ‘axTicks’
    plot.biwavelet: no visible global function definition for ‘polygon’
    plot.biwavelet: no visible global function definition for ‘adjustcolor’
    plot.biwavelet: no visible global function definition for ‘contour’
    plot.biwavelet: no visible global function definition for ‘quantile’
    pwtc: no visible global function definition for ‘arima’
    pwtc: no visible global function definition for ‘sd’
    smooth.wavelet: no visible global function definition for ‘fft’
    wclust: no visible global function definition for ‘txtProgressBar’
    wclust: no visible global function definition for ‘setTxtProgressBar’
    wclust: no visible global function definition for ‘as.dist’
    wdist: no visible global function definition for ‘weighted.mean’
    wt: no visible global function definition for ‘var’
    wt: no visible global function definition for ‘fft’
    wt.sig: no visible global function definition for ‘arima’
    wt.sig: no visible global function definition for ‘qchisq’
    wtc: no visible global function definition for ‘arima’
    wtc: no visible global function definition for ‘sd’
    wtc.sig: no visible global function definition for ‘arima.sim’
    wtc.sig: no visible global function definition for ‘txtProgressBar’
    wtc.sig: no visible global function definition for ‘setTxtProgressBar’
    wtc.sig: no visible binding for global variable ‘quantile’
    xwt: no visible global function definition for ‘arima’
    xwt: no visible global function definition for ‘sd’
    Undefined global functions or variables:
     adjustcolor arima arima.sim as.dist axTicks axis box colorRampPalette
     contour fft image mvfft par polygon qchisq quantile sd
     setTxtProgressBar txtProgressBar var weighted.mean
    Consider adding
     importFrom("grDevices", "adjustcolor", "colorRampPalette")
     importFrom("graphics", "axTicks", "axis", "box", "contour", "image",
     "par", "polygon")
     importFrom("stats", "arima", "arima.sim", "as.dist", "fft", "mvfft",
     "qchisq", "quantile", "sd", "var", "weighted.mean")
     importFrom("utils", "setTxtProgressBar", "txtProgressBar")
    to your NAMESPACE.
Flavors: r-devel-linux-x86_64-debian-clang, r-devel-linux-x86_64-debian-gcc, r-devel-linux-x86_64-fedora-clang, r-devel-linux-x86_64-fedora-gcc, r-devel-windows-ix86+x86_64