CRAN Package Check Results for Package biwavelet

Last updated on 2016-05-05 06:47:10.

Flavor Version Tinstall Tcheck Ttotal Status Flags
r-devel-linux-x86_64-debian-gcc 0.19.1 13.94 29.59 43.53 OK
r-devel-linux-x86_64-fedora-clang 0.19.1 94.43 OK
r-devel-linux-x86_64-fedora-gcc 0.19.1 86.76 OK
r-devel-osx-x86_64-clang 0.19.1 54.49 OK
r-devel-windows-ix86+x86_64 0.19.1 50.00 78.00 128.00 OK
r-patched-linux-x86_64 0.19.1 13.93 29.87 43.80 OK
r-patched-solaris-sparc 0.19.1 93.40 ERROR
r-patched-solaris-x86 0.19.1 18.70 ERROR
r-release-linux-x86_64 0.19.1 14.26 29.44 43.70 OK
r-release-osx-x86_64-mavericks 0.19.1 OK
r-release-windows-ix86+x86_64 0.19.1 50.00 78.00 128.00 OK
r-oldrel-windows-ix86+x86_64 0.19.1 74.00 120.00 194.00 OK

Memtest notes: valgrind

Check Details

Version: 0.19.1
Check: whether package can be installed
Result: ERROR
    Installation failed.
Flavors: r-patched-solaris-sparc, r-patched-solaris-x86