CRAN Package Check Results for Package biwavelet

Last updated on 2016-08-24 02:48:19.

Flavor Version Tinstall Tcheck Ttotal Status Flags
r-devel-linux-x86_64-debian-clang 0.20.7 17.98 30.89 48.87 WARN
r-devel-linux-x86_64-debian-gcc 0.20.7 16.83 31.06 47.89 WARN
r-devel-linux-x86_64-fedora-clang 0.20.7 99.82 WARN
r-devel-linux-x86_64-fedora-gcc 0.20.7 89.95 WARN
r-devel-osx-x86_64-clang 0.20.7 71.33 WARN
r-devel-windows-ix86+x86_64 0.20.7 77.00 114.00 191.00 OK
r-patched-linux-x86_64 0.20.7 14.79 30.31 45.10 WARN
r-patched-solaris-sparc 0.20.7 556.40 OK
r-patched-solaris-x86 0.20.7 103.70 OK
r-release-linux-x86_64 0.20.7 14.74 31.14 45.88 WARN
r-release-osx-x86_64-mavericks 0.20.7 OK
r-release-windows-ix86+x86_64 0.20.7 81.00 115.00 196.00 OK
r-oldrel-windows-ix86+x86_64 0.20.7 72.00 85.00 157.00 OK

Memtest notes: valgrind

Check Details

Version: 0.20.7
Check: whether package can be installed
Result: WARN
    Found the following significant warnings:
     rcpp_row_quantile.cpp:39:17: warning: variable length arrays are a C99 feature [-Wvla-extension]
Flavors: r-devel-linux-x86_64-debian-clang, r-devel-linux-x86_64-fedora-clang, r-devel-osx-x86_64-clang

Version: 0.20.7
Check: whether package can be installed
Result: WARN
    Found the following significant warnings:
     rcpp_row_quantile.cpp:39:24: warning: ISO C++ forbids variable length array ‘rowData’ [-Wvla]
Flavors: r-devel-linux-x86_64-debian-gcc, r-devel-linux-x86_64-fedora-gcc, r-patched-linux-x86_64, r-release-linux-x86_64