CRAN Package Check Results for Package biwavelet

Last updated on 2017-04-27 11:53:22.

Flavor Version Tinstall Tcheck Ttotal Status Flags
r-devel-linux-x86_64-debian-clang 0.20.11 19.36 43.10 62.46 NOTE
r-devel-linux-x86_64-debian-gcc 0.20.11 17.97 41.01 58.98 NOTE
r-devel-linux-x86_64-fedora-clang 0.20.11 126.41 NOTE --no-stop-on-test-error
r-devel-linux-x86_64-fedora-gcc 0.20.11 117.20 NOTE --no-stop-on-test-error
r-devel-windows-ix86+x86_64 0.20.11 62.00 114.00 176.00 OK
r-patched-linux-x86_64 0.20.11 15.53 41.67 57.19 NOTE
r-patched-solaris-sparc 0.20.11 599.60 WARN
r-patched-solaris-x86 0.20.11 124.30 WARN
r-release-linux-x86_64 0.20.11 15.95 41.53 57.48 NOTE
r-release-windows-ix86+x86_64 0.20.11 59.00 118.00 177.00 OK
r-release-osx-x86_64 0.20.11 WARN
r-oldrel-windows-ix86+x86_64 0.20.11 88.00 131.00 219.00 OK
r-oldrel-osx-x86_64 0.20.11 WARN

Memtest notes: valgrind

Check Details

Version: 0.20.11
Check: compiled code
Result: NOTE
    File ‘biwavelet/libs/biwavelet.so’:
     Found no calls to: ‘R_registerRoutines’, ‘R_useDynamicSymbols’
    
    It is good practice to register native routines and to disable symbol
    search.
    
    See ‘Writing portable packages’ in the ‘Writing R Extensions’ manual.
Flavors: r-devel-linux-x86_64-debian-clang, r-devel-linux-x86_64-debian-gcc, r-patched-linux-x86_64, r-release-linux-x86_64

Version: 0.20.11
Flags: --no-stop-on-test-error
Check: compiled code
Result: NOTE
    File ‘biwavelet/libs/biwavelet.so’:
     Found no calls to: ‘R_registerRoutines’, ‘R_useDynamicSymbols’
    
    It is good practice to register native routines and to disable symbol
    search.
    
    See ‘Writing portable packages’ in the ‘Writing R Extensions’ manual.
Flavors: r-devel-linux-x86_64-fedora-clang, r-devel-linux-x86_64-fedora-gcc

Version: 0.20.11
Check: package dependencies
Result: NOTE
    Package suggested but not available for checking: ‘microbenchmark’
Flavors: r-patched-solaris-sparc, r-patched-solaris-x86

Version: 0.20.11
Check: re-building of vignette outputs
Result: WARN
    Error in re-building vignettes:
     ...
    Warning in engine$weave(file, quiet = quiet, encoding = enc) :
     Pandoc (>= 1.12.3) and/or pandoc-citeproc not available. Falling back to R Markdown v1.
Flavor: r-patched-solaris-sparc

Version: 0.20.11
Check: re-building of vignette outputs
Result: WARN
    Error in re-building vignettes:
     ...
    Warning in engine$weave(file, quiet = quiet, encoding = enc) :
     Pandoc (>= 1.12.3) and/or pandoc-citeproc not available. Falling back to R Markdown v1.
    Quitting from lines 40-46 (profiling.Rmd)
    Error: processing vignette 'profiling.Rmd' failed with diagnostics:
    cannot open the connection
    Execution halted
Flavors: r-patched-solaris-x86, r-release-osx-x86_64

Version: 0.20.11
Check: package dependencies
Result: NOTE
    Package suggested but not available for checking: ‘devtools’
Flavor: r-release-osx-x86_64

Version: 0.20.11
Check: re-building of vignette outputs
Result: WARN
    Error in re-building vignettes:
     ...
    Warning: It seems you should call rmarkdown::render() instead of knitr::knit2html() because profiling.Rmd appears to be an R Markdown v2 document.
    Quitting from lines 40-46 (profiling.Rmd)
    Error: processing vignette 'profiling.Rmd' failed with diagnostics:
    cannot open the connection
    Execution halted
Flavor: r-oldrel-osx-x86_64