CRAN Package Check Results for Package biwavelet

Last updated on 2016-06-29 23:51:18.

Flavor Version Tinstall Tcheck Ttotal Status Flags
r-devel-linux-x86_64-debian-gcc 0.20.7 21.98 31.10 53.08 WARN
r-devel-linux-x86_64-fedora-clang 0.20.7 98.05 WARN
r-devel-linux-x86_64-fedora-gcc 0.20.7 88.95 WARN
r-devel-osx-x86_64-clang 0.20.7 70.84 WARN
r-devel-windows-ix86+x86_64 0.20.7 55.00 83.00 138.00 OK
r-patched-linux-x86_64 0.20.7 15.72 31.04 46.75 WARN
r-patched-solaris-sparc 0.20.7 544.50 NOTE
r-patched-solaris-x86 0.20.7 106.50 OK
r-release-linux-x86_64 0.20.7 14.93 30.70 45.62 WARN
r-release-osx-x86_64-mavericks 0.20.7 OK
r-release-windows-ix86+x86_64 0.20.7 72.00 108.00 180.00 OK
r-oldrel-windows-ix86+x86_64 0.20.7 82.00 92.00 174.00 OK

Memtest notes: valgrind

Check Details

Version: 0.20.7
Check: whether package can be installed
Result: WARN
    Found the following significant warnings:
     rcpp_row_quantile.cpp:39:24: warning: ISO C++ forbids variable length array ‘rowData’ [-Wvla]
Flavors: r-devel-linux-x86_64-debian-gcc, r-devel-linux-x86_64-fedora-gcc, r-patched-linux-x86_64, r-release-linux-x86_64

Version: 0.20.7
Check: whether package can be installed
Result: WARN
    Found the following significant warnings:
     rcpp_row_quantile.cpp:39:17: warning: variable length arrays are a C99 feature [-Wvla-extension]
Flavors: r-devel-linux-x86_64-fedora-clang, r-devel-osx-x86_64-clang

Version: 0.20.7
Check: installed package size
Result: NOTE
     installed size is 5.3Mb
     sub-directories of 1Mb or more:
     libs 5.0Mb
Flavor: r-patched-solaris-sparc