CRAN Package Check Results for Package biwavelet

Last updated on 2016-12-02 22:50:11.

Flavor Version Tinstall Tcheck Ttotal Status Flags
r-devel-linux-x86_64-debian-clang 0.20.11 18.13 43.31 61.44 OK
r-devel-linux-x86_64-debian-gcc 0.20.11 17.25 42.76 60.01 OK
r-devel-linux-x86_64-fedora-clang 0.20.11 124.55 OK
r-devel-linux-x86_64-fedora-gcc 0.20.11 117.51 OK
r-devel-macos-x86_64-clang 0.20.11 89.54 OK
r-devel-windows-ix86+x86_64 0.20.11 58.00 99.00 157.00 OK
r-patched-linux-x86_64 0.20.11 15.33 37.20 52.53 OK
r-patched-solaris-sparc 0.20.11 579.60 WARN
r-patched-solaris-x86 0.20.11 106.10 WARN
r-release-linux-x86_64 0.20.11 15.63 37.93 53.56 OK
r-release-osx-x86_64-mavericks 0.20.11 WARN
r-release-windows-ix86+x86_64 0.20.11 88.00 143.00 231.00 OK
r-oldrel-windows-ix86+x86_64 0.20.11 82.00 143.00 225.00 OK

Memtest notes: valgrind

Check Details

Version: 0.20.11
Check: package dependencies
Result: NOTE
    Package suggested but not available for checking: ‘microbenchmark’
Flavors: r-patched-solaris-sparc, r-patched-solaris-x86

Version: 0.20.11
Check: re-building of vignette outputs
Result: WARN
    Error in re-building vignettes:
     ...
    Warning in engine$weave(file, quiet = quiet, encoding = enc) :
     Pandoc (>= 1.12.3) and/or pandoc-citeproc not available. Falling back to R Markdown v1.
Flavor: r-patched-solaris-sparc

Version: 0.20.11
Check: re-building of vignette outputs
Result: WARN
    Error in re-building vignettes:
     ...
    Warning in engine$weave(file, quiet = quiet, encoding = enc) :
     Pandoc (>= 1.12.3) and/or pandoc-citeproc not available. Falling back to R Markdown v1.
    Quitting from lines 40-46 (profiling.Rmd)
    Error: processing vignette 'profiling.Rmd' failed with diagnostics:
    cannot open the connection
    Execution halted
Flavor: r-patched-solaris-x86

Version: 0.20.11
Check: re-building of vignette outputs
Result: WARN
    Error in re-building vignettes:
     ...
    Warning: It seems you should call rmarkdown::render() instead of knitr::knit2html() because profiling.Rmd appears to be an R Markdown v2 document.
    Quitting from lines 40-46 (profiling.Rmd)
    Error: processing vignette 'profiling.Rmd' failed with diagnostics:
    cannot open the connection
    Execution halted
Flavor: r-release-osx-x86_64-mavericks