CRAN Package Check Results for Package biwavelet

Last updated on 2017-02-25 03:48:02.

Flavor Version Tinstall Tcheck Ttotal Status Flags
r-devel-linux-x86_64-debian-clang 0.20.11 18.67 41.36 60.04 NOTE
r-devel-linux-x86_64-debian-gcc 0.20.11 17.59 42.12 59.71 NOTE
r-devel-linux-x86_64-fedora-clang 0.20.11 124.17 NOTE --no-stop-on-test-error
r-devel-linux-x86_64-fedora-gcc 0.20.11 114.54 NOTE --no-stop-on-test-error
r-devel-macos-x86_64-clang 0.20.11 87.81 NOTE --no-stop-on-test-error
r-devel-windows-ix86+x86_64 0.20.11 122.00 150.00 272.00 OK
r-patched-linux-x86_64 0.20.11 15.37 37.18 52.56 OK
r-patched-solaris-sparc 0.20.11 609.20 WARN
r-patched-solaris-x86 0.20.11 119.20 WARN
r-release-linux-x86_64 0.20.11 15.01 36.84 51.85 OK
r-release-osx-x86_64-mavericks 0.20.11 WARN
r-release-windows-ix86+x86_64 0.20.11 87.00 149.00 236.00 OK
r-oldrel-windows-ix86+x86_64 0.20.11 118.00 191.00 309.00 OK

Memtest notes: valgrind

Check Details

Version: 0.20.11
Check: compiled code
Result: NOTE
    File ‘biwavelet/libs/biwavelet.so’:
     Found no calls to: ‘R_registerRoutines’, ‘R_useDynamicSymbols’
    
    It is good practice to register native routines and to disable symbol
    search.
    
    See ‘Writing portable packages’ in the ‘Writing R Extensions’ manual.
Flavors: r-devel-linux-x86_64-debian-clang, r-devel-linux-x86_64-debian-gcc

Version: 0.20.11
Flags: --no-stop-on-test-error
Check: compiled code
Result: NOTE
    File ‘biwavelet/libs/biwavelet.so’:
     Found no calls to: ‘R_registerRoutines’, ‘R_useDynamicSymbols’
    
    It is good practice to register native routines and to disable symbol
    search.
    
    See ‘Writing portable packages’ in the ‘Writing R Extensions’ manual.
Flavors: r-devel-linux-x86_64-fedora-clang, r-devel-linux-x86_64-fedora-gcc, r-devel-macos-x86_64-clang

Version: 0.20.11
Check: package dependencies
Result: NOTE
    Package suggested but not available for checking: ‘microbenchmark’
Flavors: r-patched-solaris-sparc, r-patched-solaris-x86

Version: 0.20.11
Check: re-building of vignette outputs
Result: WARN
    Error in re-building vignettes:
     ...
    Warning in engine$weave(file, quiet = quiet, encoding = enc) :
     Pandoc (>= 1.12.3) and/or pandoc-citeproc not available. Falling back to R Markdown v1.
    Quitting from lines 40-46 (profiling.Rmd)
    Error: processing vignette 'profiling.Rmd' failed with diagnostics:
    cannot open the connection
    Execution halted
Flavors: r-patched-solaris-sparc, r-patched-solaris-x86

Version: 0.20.11
Check: re-building of vignette outputs
Result: WARN
    Error in re-building vignettes:
     ...
    Warning: It seems you should call rmarkdown::render() instead of knitr::knit2html() because profiling.Rmd appears to be an R Markdown v2 document.
    Quitting from lines 40-46 (profiling.Rmd)
    Error: processing vignette 'profiling.Rmd' failed with diagnostics:
    cannot open the connection
    Execution halted
Flavor: r-release-osx-x86_64-mavericks