CRAN Package Check Results for Package biwavelet

Last updated on 2017-08-18 04:46:34.

Flavor Version Tinstall Tcheck Ttotal Status Flags
r-devel-linux-x86_64-debian-clang 0.20.11 20.72 42.78 63.50 NOTE
r-devel-linux-x86_64-debian-gcc 0.20.11 20.67 41.94 62.61 NOTE
r-devel-linux-x86_64-fedora-clang 0.20.11 131.73 NOTE
r-devel-linux-x86_64-fedora-gcc 0.20.11 123.54 NOTE
r-devel-windows-ix86+x86_64 0.20.11 67.00 121.00 188.00 OK
r-patched-linux-x86_64 0.20.11 19.86 42.30 62.16 NOTE
r-patched-solaris-x86 0.20.11 123.30 WARN
r-release-linux-x86_64 0.20.11 19.35 41.75 61.10 NOTE
r-release-windows-ix86+x86_64 0.20.11 66.00 116.00 182.00 OK
r-release-osx-x86_64 0.20.11 WARN
r-oldrel-windows-ix86+x86_64 0.20.11 60.00 96.00 156.00 OK
r-oldrel-osx-x86_64 0.20.11 WARN

Additional issues

valgrind

Check Details

Version: 0.20.11
Check: compiled code
Result: NOTE
    File ‘biwavelet/libs/biwavelet.so’:
     Found no calls to: ‘R_registerRoutines’, ‘R_useDynamicSymbols’
    
    It is good practice to register native routines and to disable symbol
    search.
    
    See ‘Writing portable packages’ in the ‘Writing R Extensions’ manual.
Flavors: r-devel-linux-x86_64-debian-clang, r-devel-linux-x86_64-debian-gcc, r-devel-linux-x86_64-fedora-clang, r-devel-linux-x86_64-fedora-gcc, r-patched-linux-x86_64, r-release-linux-x86_64

Version: 0.20.11
Check: package dependencies
Result: NOTE
    Package suggested but not available for checking: ‘microbenchmark’
Flavor: r-patched-solaris-x86

Version: 0.20.11
Check: re-building of vignette outputs
Result: WARN
    Error in re-building vignettes:
     ...
    Warning in engine$weave(file, quiet = quiet, encoding = enc) :
     Pandoc (>= 1.12.3) and/or pandoc-citeproc not available. Falling back to R Markdown v1.
Flavor: r-patched-solaris-x86

Version: 0.20.11
Check: package dependencies
Result: NOTE
    Package suggested but not available for checking: ‘devtools’
Flavor: r-release-osx-x86_64

Version: 0.20.11
Check: re-building of vignette outputs
Result: WARN
    Error in re-building vignettes:
     ...
    Warning in engine$weave(file, quiet = quiet, encoding = enc) :
     Pandoc (>= 1.12.3) and/or pandoc-citeproc not available. Falling back to R Markdown v1.
    Quitting from lines 40-46 (profiling.Rmd)
    Error: processing vignette 'profiling.Rmd' failed with diagnostics:
    cannot open the connection
    Execution halted
Flavor: r-release-osx-x86_64

Version: 0.20.11
Check: re-building of vignette outputs
Result: WARN
    Error in re-building vignettes:
     ...
    Warning: It seems you should call rmarkdown::render() instead of knitr::knit2html() because profiling.Rmd appears to be an R Markdown v2 document.
    Quitting from lines 40-46 (profiling.Rmd)
    Error: processing vignette 'profiling.Rmd' failed with diagnostics:
    cannot open the connection
    Execution halted
Flavor: r-oldrel-osx-x86_64