CRAN Package Check Results for Package biwavelet

Last updated on 2016-09-29 04:47:10.

Flavor Version Tinstall Tcheck Ttotal Status Flags
r-devel-linux-x86_64-debian-clang 0.20.11 19.16 37.92 57.08 OK
r-devel-linux-x86_64-debian-gcc 0.20.11 17.75 37.81 55.56 OK
r-devel-linux-x86_64-fedora-clang 0.20.11 111.00 OK
r-devel-linux-x86_64-fedora-gcc 0.20.11 100.14 OK
r-devel-macos-x86_64-clang 0.20.11 77.65 OK
r-devel-windows-ix86+x86_64 0.20.11 59.00 117.00 176.00 OK
r-patched-linux-x86_64 0.20.11 16.20 37.82 54.02 OK
r-patched-solaris-sparc 0.20.11 566.50 WARN
r-patched-solaris-x86 0.20.11 114.70 WARN
r-release-linux-x86_64 0.20.11 15.67 38.61 54.28 OK
r-release-osx-x86_64-mavericks 0.20.11 WARN
r-release-windows-ix86+x86_64 0.20.11 80.00 125.00 205.00 OK
r-oldrel-windows-ix86+x86_64 0.20.11 87.00 139.00 226.00 OK

Memtest notes: valgrind

Check Details

Version: 0.20.11
Check: package dependencies
Result: NOTE
    Package suggested but not available for checking: ‘microbenchmark’
Flavors: r-patched-solaris-sparc, r-patched-solaris-x86

Version: 0.20.11
Check: re-building of vignette outputs
Result: WARN
    Error in re-building vignettes:
     ...
    Warning: It seems you should call rmarkdown::render() instead of knitr::knit2html() because profiling.Rmd appears to be an R Markdown v2 document.
    Quitting from lines 40-46 (profiling.Rmd)
    Error: processing vignette 'profiling.Rmd' failed with diagnostics:
    cannot open the connection
    Execution halted
Flavors: r-patched-solaris-sparc, r-patched-solaris-x86, r-release-osx-x86_64-mavericks