CRAN Package Check Results for Package biwavelet

Last updated on 2018-02-18 07:50:06 CET.

Flavor Version Tinstall Tcheck Ttotal Status Flags
r-release-osx-x86_64 0.20.11 WARN
r-oldrel-osx-x86_64 0.20.11 WARN

Check Details

Version: 0.20.11
Check: package dependencies
Result: NOTE
    Package suggested but not available for checking: ‘devtools’
Flavor: r-release-osx-x86_64

Version: 0.20.11
Check: re-building of vignette outputs
Result: WARN
    Error in re-building vignettes:
     ...
    Warning in engine$weave(file, quiet = quiet, encoding = enc) :
     Pandoc (>= 1.12.3) and/or pandoc-citeproc not available. Falling back to R Markdown v1.
    Quitting from lines 40-46 (profiling.Rmd)
    Error: processing vignette 'profiling.Rmd' failed with diagnostics:
    cannot open the connection
    Execution halted
Flavor: r-release-osx-x86_64

Version: 0.20.11
Check: re-building of vignette outputs
Result: WARN
    Error in re-building vignettes:
     ...
    Warning: It seems you should call rmarkdown::render() instead of knitr::knit2html() because profiling.Rmd appears to be an R Markdown v2 document.
    Quitting from lines 40-46 (profiling.Rmd)
    Error: processing vignette 'profiling.Rmd' failed with diagnostics:
    cannot open the connection
    Execution halted
Flavor: r-oldrel-osx-x86_64