CRAN Package Check Results for Package biwavelet

Last updated on 2017-06-22 13:46:37.

Flavor Version Tinstall Tcheck Ttotal Status Flags
r-devel-linux-x86_64-debian-clang 0.20.11 21.01 43.15 64.17 NOTE
r-devel-linux-x86_64-debian-gcc 0.20.11 20.67 43.37 64.04 NOTE
r-devel-linux-x86_64-fedora-clang 0.20.11 130.87 NOTE
r-devel-linux-x86_64-fedora-gcc 0.20.11 119.47 NOTE
r-devel-windows-ix86+x86_64 0.20.11 95.00 116.00 211.00 OK
r-patched-linux-x86_64 0.20.11 16.91 42.52 59.44 NOTE
r-patched-solaris-sparc 0.20.11 643.10 WARN
r-patched-solaris-x86 0.20.11 133.90 WARN
r-release-linux-x86_64 0.20.11 16.93 41.70 58.63 NOTE
r-release-windows-ix86+x86_64 0.20.11 90.00 152.00 242.00 OK
r-release-osx-x86_64 0.20.11 WARN
r-oldrel-windows-ix86+x86_64 0.20.11 90.00 135.00 225.00 OK
r-oldrel-osx-x86_64 0.20.11 WARN

Additional issues

valgrind

Check Details

Version: 0.20.11
Check: compiled code
Result: NOTE
    File ‘biwavelet/libs/biwavelet.so’:
     Found no calls to: ‘R_registerRoutines’, ‘R_useDynamicSymbols’
    
    It is good practice to register native routines and to disable symbol
    search.
    
    See ‘Writing portable packages’ in the ‘Writing R Extensions’ manual.
Flavors: r-devel-linux-x86_64-debian-clang, r-devel-linux-x86_64-debian-gcc, r-devel-linux-x86_64-fedora-clang, r-devel-linux-x86_64-fedora-gcc, r-patched-linux-x86_64, r-release-linux-x86_64

Version: 0.20.11
Check: package dependencies
Result: NOTE
    Package suggested but not available for checking: ‘microbenchmark’
Flavors: r-patched-solaris-sparc, r-patched-solaris-x86

Version: 0.20.11
Check: re-building of vignette outputs
Result: WARN
    Error in re-building vignettes:
     ...
    Warning in engine$weave(file, quiet = quiet, encoding = enc) :
     Pandoc (>= 1.12.3) and/or pandoc-citeproc not available. Falling back to R Markdown v1.
    Quitting from lines 40-46 (profiling.Rmd)
    Error: processing vignette 'profiling.Rmd' failed with diagnostics:
    cannot open the connection
    Execution halted
Flavors: r-patched-solaris-sparc, r-release-osx-x86_64

Version: 0.20.11
Check: re-building of vignette outputs
Result: WARN
    Error in re-building vignettes:
     ...
    Warning in engine$weave(file, quiet = quiet, encoding = enc) :
     Pandoc (>= 1.12.3) and/or pandoc-citeproc not available. Falling back to R Markdown v1.
Flavor: r-patched-solaris-x86

Version: 0.20.11
Check: package dependencies
Result: NOTE
    Package suggested but not available for checking: ‘devtools’
Flavor: r-release-osx-x86_64

Version: 0.20.11
Check: re-building of vignette outputs
Result: WARN
    Error in re-building vignettes:
     ...
    Warning: It seems you should call rmarkdown::render() instead of knitr::knit2html() because profiling.Rmd appears to be an R Markdown v2 document.
    Quitting from lines 40-46 (profiling.Rmd)
    Error: processing vignette 'profiling.Rmd' failed with diagnostics:
    cannot open the connection
    Execution halted
Flavor: r-oldrel-osx-x86_64