CRAN Package Check Results for Package biwavelet

Last updated on 2022-06-29 14:51:12 CEST.

Flavor Version Tinstall Tcheck Ttotal Status Flags
r-devel-linux-x86_64-debian-clang 0.20.21 47.20 96.37 143.57 OK
r-devel-linux-x86_64-debian-gcc 0.20.21 37.84 70.93 108.77 OK
r-devel-linux-x86_64-fedora-clang 0.20.21 204.36 NOTE
r-devel-linux-x86_64-fedora-gcc 0.20.21 189.02 OK
r-devel-windows-x86_64 0.20.21 64.00 140.00 204.00 OK
r-patched-linux-x86_64 0.20.21 43.34 91.08 134.42 OK
r-release-linux-x86_64 0.20.21 36.39 91.32 127.71 OK
r-release-macos-arm64 0.20.21 51.00 OK
r-release-macos-x86_64 0.20.21 90.00 OK
r-release-windows-x86_64 0.20.21 72.00 137.00 209.00 OK
r-oldrel-macos-arm64 0.20.21 56.00 OK
r-oldrel-macos-x86_64 0.20.21 94.00 OK
r-oldrel-windows-ix86+x86_64 0.20.21 147.00 176.00 323.00 OK

Check Details

Version: 0.20.21
Check: Rd cross-references
Result: NOTE
    Undeclared package ‘RColorBrewer’ in Rd xrefs
Flavor: r-devel-linux-x86_64-fedora-clang