CRAN Package Check Results for Package biwavelet

Last updated on 2017-10-17 01:47:48.

Flavor Version Tinstall Tcheck Ttotal Status Flags
r-devel-linux-x86_64-debian-clang 0.20.11 20.77 42.89 63.65 NOTE
r-devel-linux-x86_64-debian-gcc 0.20.11 18.59 46.42 65.01 NOTE
r-devel-linux-x86_64-fedora-clang 0.20.11 131.72 NOTE
r-devel-linux-x86_64-fedora-gcc 0.20.11 125.98 NOTE
r-devel-windows-ix86+x86_64 0.20.11 61.00 111.00 172.00 OK
r-patched-linux-x86_64 0.20.11 19.74 42.12 61.85 NOTE
r-patched-solaris-x86 0.20.11 123.40 WARN
r-release-linux-x86_64 0.20.11 19.71 42.20 61.91 NOTE
r-release-windows-ix86+x86_64 0.20.11 96.00 150.00 246.00 OK
r-release-osx-x86_64 0.20.11 WARN
r-oldrel-windows-ix86+x86_64 0.20.11 83.00 138.00 221.00 OK
r-oldrel-osx-x86_64 0.20.11 WARN

Check Details

Version: 0.20.11
Check: compiled code
Result: NOTE
    File ‘biwavelet/libs/biwavelet.so’:
     Found no calls to: ‘R_registerRoutines’, ‘R_useDynamicSymbols’
    
    It is good practice to register native routines and to disable symbol
    search.
    
    See ‘Writing portable packages’ in the ‘Writing R Extensions’ manual.
Flavors: r-devel-linux-x86_64-debian-clang, r-devel-linux-x86_64-debian-gcc, r-devel-linux-x86_64-fedora-clang, r-devel-linux-x86_64-fedora-gcc, r-patched-linux-x86_64, r-release-linux-x86_64

Version: 0.20.11
Check: package dependencies
Result: NOTE
    Package suggested but not available for checking: ‘microbenchmark’
Flavor: r-patched-solaris-x86

Version: 0.20.11
Check: re-building of vignette outputs
Result: WARN
    Error in re-building vignettes:
     ...
    Warning in engine$weave(file, quiet = quiet, encoding = enc) :
     Pandoc (>= 1.12.3) and/or pandoc-citeproc not available. Falling back to R Markdown v1.
Flavor: r-patched-solaris-x86

Version: 0.20.11
Check: package dependencies
Result: NOTE
    Package suggested but not available for checking: ‘devtools’
Flavor: r-release-osx-x86_64

Version: 0.20.11
Check: re-building of vignette outputs
Result: WARN
    Error in re-building vignettes:
     ...
    Warning in engine$weave(file, quiet = quiet, encoding = enc) :
     Pandoc (>= 1.12.3) and/or pandoc-citeproc not available. Falling back to R Markdown v1.
    Quitting from lines 40-46 (profiling.Rmd)
    Error: processing vignette 'profiling.Rmd' failed with diagnostics:
    cannot open the connection
    Execution halted
Flavor: r-release-osx-x86_64

Version: 0.20.11
Check: re-building of vignette outputs
Result: WARN
    Error in re-building vignettes:
     ...
    Warning: It seems you should call rmarkdown::render() instead of knitr::knit2html() because profiling.Rmd appears to be an R Markdown v2 document.
    Quitting from lines 40-46 (profiling.Rmd)
    Error: processing vignette 'profiling.Rmd' failed with diagnostics:
    cannot open the connection
    Execution halted
Flavor: r-oldrel-osx-x86_64