CRAN Package Check Results for Package biwavelet

Last updated on 2016-07-28 17:48:10.

Flavor Version Tinstall Tcheck Ttotal Status Flags
r-devel-linux-x86_64-debian-clang 0.20.7 23.72 35.49 59.21 WARN
r-devel-linux-x86_64-debian-gcc 0.20.7 25.71 35.04 60.75 WARN
r-devel-linux-x86_64-fedora-clang 0.20.7 101.82 WARN
r-devel-linux-x86_64-fedora-gcc 0.20.7 86.65 WARN
r-devel-osx-x86_64-clang 0.20.7 71.57 WARN
r-devel-windows-ix86+x86_64 0.20.7 73.00 100.00 173.00 OK
r-patched-linux-x86_64 0.20.7 18.55 35.57 54.12 WARN
r-patched-solaris-sparc 0.20.7 543.70 OK
r-patched-solaris-x86 0.20.7 104.20 OK
r-release-linux-x86_64 0.20.7 20.10 35.68 55.78 WARN
r-release-osx-x86_64-mavericks 0.20.7 OK
r-release-windows-ix86+x86_64 0.20.7 79.00 103.00 182.00 OK
r-oldrel-windows-ix86+x86_64 0.20.7 73.00 113.00 186.00 OK

Memtest notes: valgrind

Check Details

Version: 0.20.7
Check: whether package can be installed
Result: WARN
    Found the following significant warnings:
     rcpp_row_quantile.cpp:39:17: warning: variable length arrays are a C99 feature [-Wvla-extension]
Flavors: r-devel-linux-x86_64-debian-clang, r-devel-linux-x86_64-fedora-clang, r-devel-osx-x86_64-clang

Version: 0.20.7
Check: whether package can be installed
Result: WARN
    Found the following significant warnings:
     rcpp_row_quantile.cpp:39:24: warning: ISO C++ forbids variable length array ‘rowData’ [-Wvla]
Flavors: r-devel-linux-x86_64-debian-gcc, r-devel-linux-x86_64-fedora-gcc, r-patched-linux-x86_64, r-release-linux-x86_64