CRAN Package Check Results for Package biwavelet

Last updated on 2017-01-22 09:47:52.

Flavor Version Tinstall Tcheck Ttotal Status Flags
r-devel-linux-x86_64-debian-clang 0.20.11 18.43 42.37 60.80 OK
r-devel-linux-x86_64-debian-gcc 0.20.11 17.39 41.95 59.34 OK
r-devel-linux-x86_64-fedora-clang 0.20.11 121.68 OK --no-stop-on-test-error
r-devel-linux-x86_64-fedora-gcc 0.20.11 112.69 OK --no-stop-on-test-error
r-devel-macos-x86_64-clang 0.20.11 87.14 OK --no-stop-on-test-error
r-devel-windows-ix86+x86_64 0.20.11 79.00 134.00 213.00 OK
r-patched-linux-x86_64 0.20.11 15.35 37.19 52.54 OK
r-patched-solaris-sparc 0.20.11 609.20 WARN
r-patched-solaris-x86 0.20.11 115.40 WARN
r-release-linux-x86_64 0.20.11 15.51 38.27 53.78 OK
r-release-osx-x86_64-mavericks 0.20.11 WARN
r-release-windows-ix86+x86_64 0.20.11 114.00 97.00 211.00 OK
r-oldrel-windows-ix86+x86_64 0.20.11 112.00 144.00 256.00 OK

Memtest notes: valgrind

Check Details

Version: 0.20.11
Check: package dependencies
Result: NOTE
    Package suggested but not available for checking: ‘microbenchmark’
Flavors: r-patched-solaris-sparc, r-patched-solaris-x86

Version: 0.20.11
Check: re-building of vignette outputs
Result: WARN
    Error in re-building vignettes:
     ...
    Warning in engine$weave(file, quiet = quiet, encoding = enc) :
     Pandoc (>= 1.12.3) and/or pandoc-citeproc not available. Falling back to R Markdown v1.
    Quitting from lines 40-46 (profiling.Rmd)
    Error: processing vignette 'profiling.Rmd' failed with diagnostics:
    cannot open the connection
    Execution halted
Flavors: r-patched-solaris-sparc, r-patched-solaris-x86

Version: 0.20.11
Check: re-building of vignette outputs
Result: WARN
    Error in re-building vignettes:
     ...
    Warning: It seems you should call rmarkdown::render() instead of knitr::knit2html() because profiling.Rmd appears to be an R Markdown v2 document.
    Quitting from lines 40-46 (profiling.Rmd)
    Error: processing vignette 'profiling.Rmd' failed with diagnostics:
    cannot open the connection
    Execution halted
Flavor: r-release-osx-x86_64-mavericks