CRAN Package Check Results for Package biwavelet

Last updated on 2014-04-23 07:54:55.

Flavor Version Tinstall Tcheck Ttotal Status Flags
r-devel-linux-x86_64-debian-clang 0.17.3 2.05 30.77 32.82 OK
r-devel-linux-x86_64-debian-gcc 0.17.3 2.32 30.83 33.15 OK
r-devel-linux-x86_64-fedora-clang 0.17.3 66.22 OK
r-devel-linux-x86_64-fedora-gcc 0.17.3 61.50 OK
r-devel-osx-x86_64-clang 0.17.3 52.51 OK
r-devel-osx-x86_64-gcc 0.17.3 ERROR
r-devel-windows-ix86+x86_64 0.17.3 6.00 48.00 54.00 OK
r-patched-linux-x86_64 0.17.3 2.24 30.33 32.57 OK
r-patched-solaris-sparc 0.17.3 356.90 OK
r-patched-solaris-x86 0.17.3 80.60 OK
r-release-linux-ix86 0.17.3 3.00 52.00 55.00 OK
r-release-linux-x86_64 0.17.3 2.22 30.64 32.86 OK
r-release-osx-x86_64-mavericks 0.17.3 OK
r-release-osx-x86_64-snowleopard 0.17.3 OK
r-release-windows-ix86+x86_64 0.17.3 5.00 47.00 52.00 OK
r-oldrel-windows-ix86+x86_64 0.17.3 6.00 48.00 54.00 OK

Check Details

Version: 0.17.3
Check: package dependencies
Result: ERROR
    Package required but not available: ‘fields’
    
    See the information on DESCRIPTION files in the chapter ‘Creating R
    packages’ of the ‘Writing R Extensions’ manual.
Flavor: r-devel-osx-x86_64-gcc