CRAN Package Check Results for Package biwt

Last updated on 2015-01-30 14:48:43.

Flavor Version Tinstall Tcheck Ttotal Status Flags
r-devel-linux-x86_64-debian-clang 1.0 1.10 15.94 17.04 NOTE
r-devel-linux-x86_64-debian-gcc 1.0 1.08 17.01 18.10 NOTE
r-devel-linux-x86_64-fedora-clang 1.0 38.52 NOTE
r-devel-linux-x86_64-fedora-gcc 1.0 38.27 NOTE
r-devel-osx-x86_64-clang 1.0 55.37 NOTE
r-devel-windows-ix86+x86_64 1.0 7.00 27.00 34.00 NOTE
r-patched-linux-x86_64 1.0 1.29 20.72 22.02 NOTE
r-patched-solaris-sparc 1.0 254.10 NOTE
r-patched-solaris-x86 1.0 62.10 NOTE
r-release-linux-ix86 1.0 1.62 25.83 27.45 NOTE
r-release-linux-x86_64 1.0 1.30 20.00 21.30 NOTE
r-release-osx-x86_64-mavericks 1.0 NOTE
r-release-osx-x86_64-snowleopard 1.0 OK
r-release-windows-ix86+x86_64 1.0 6.00 35.00 41.00 NOTE
r-oldrel-windows-ix86+x86_64 1.0 6.00 34.00 40.00 OK

Check Details

Version: 1.0
Check: R code for possible problems
Result: NOTE
    biwt.cor: no visible global function definition for ‘covMcd’
    biwt.est: no visible global function definition for ‘covMcd’
Flavors: r-devel-linux-x86_64-debian-clang, r-devel-linux-x86_64-debian-gcc, r-devel-linux-x86_64-fedora-clang, r-devel-linux-x86_64-fedora-gcc, r-devel-osx-x86_64-clang, r-devel-windows-ix86+x86_64, r-patched-linux-x86_64, r-patched-solaris-sparc, r-patched-solaris-x86, r-release-linux-ix86, r-release-linux-x86_64, r-release-osx-x86_64-mavericks, r-release-windows-ix86+x86_64