CRAN Package Check Results for Package biwt

Last updated on 2016-09-26 10:48:06.

Flavor Version Tinstall Tcheck Ttotal Status Flags
r-devel-linux-x86_64-debian-clang 1.0 1.06 15.72 16.78 NOTE
r-devel-linux-x86_64-debian-gcc 1.0 1.24 15.50 16.74 NOTE
r-devel-linux-x86_64-fedora-clang 1.0 30.88 NOTE
r-devel-linux-x86_64-fedora-gcc 1.0 28.76 NOTE
r-devel-macos-x86_64-clang 1.0 26.11 NOTE
r-devel-windows-ix86+x86_64 1.0 6.00 50.00 56.00 NOTE
r-patched-linux-x86_64 1.0 1.24 15.79 17.03 NOTE
r-patched-solaris-sparc 1.0 187.60 NOTE
r-patched-solaris-x86 1.0 42.60 NOTE
r-release-linux-x86_64 1.0 1.12 15.84 16.95 NOTE
r-release-osx-x86_64-mavericks 1.0 NOTE
r-release-windows-ix86+x86_64 1.0 12.00 50.00 62.00 NOTE
r-oldrel-windows-ix86+x86_64 1.0 6.00 51.00 57.00 NOTE

Check Details

Version: 1.0
Check: R code for possible problems
Result: NOTE
    biwt.cor: no visible global function definition for ‘covMcd’
    biwt.cor: no visible binding for global variable ‘mad’
    biwt.est: no visible global function definition for ‘covMcd’
    biwt.est: no visible global function definition for ‘mahalanobis’
    chi.int: no visible global function definition for ‘pchisq’
    chi.int.p: no visible global function definition for ‘dchisq’
    chi.int2: no visible global function definition for ‘pchisq’
    chi.int2.p: no visible global function definition for ‘dchisq’
    rejpt.bw: no visible global function definition for ‘pchisq’
    Undefined global functions or variables:
     covMcd dchisq mad mahalanobis pchisq
    Consider adding
     importFrom("stats", "dchisq", "mad", "mahalanobis", "pchisq")
    to your NAMESPACE file.
Flavors: r-devel-linux-x86_64-debian-clang, r-devel-linux-x86_64-debian-gcc, r-devel-linux-x86_64-fedora-clang, r-devel-linux-x86_64-fedora-gcc, r-devel-macos-x86_64-clang, r-devel-windows-ix86+x86_64, r-patched-linux-x86_64, r-patched-solaris-sparc, r-patched-solaris-x86, r-release-linux-x86_64, r-release-osx-x86_64-mavericks, r-release-windows-ix86+x86_64

Version: 1.0
Check: R code for possible problems
Result: NOTE
    biwt.cor: no visible global function definition for 'covMcd'
    biwt.est: no visible global function definition for 'covMcd'
Flavor: r-oldrel-windows-ix86+x86_64