CRAN Package Check Results for Package biwt

Last updated on 2018-02-23 12:47:08 CET.

Flavor Version Tinstall Tcheck Ttotal Status Flags
r-devel-linux-x86_64-debian-clang 1.0 2.01 27.30 29.31 NOTE
r-devel-linux-x86_64-debian-gcc 1.0 1.60 21.91 23.51 NOTE
r-devel-linux-x86_64-fedora-clang 1.0 35.65 NOTE
r-devel-linux-x86_64-fedora-gcc 1.0 34.42 NOTE
r-devel-windows-ix86+x86_64 1.0 7.00 55.00 62.00 NOTE
r-patched-linux-x86_64 1.0 1.73 29.10 30.83 NOTE
r-patched-solaris-x86 1.0 50.00 NOTE
r-release-linux-x86_64 1.0 1.78 28.63 30.41 NOTE
r-release-windows-ix86+x86_64 1.0 5.00 54.00 59.00 NOTE
r-release-osx-x86_64 1.0 NOTE
r-oldrel-windows-ix86+x86_64 1.0 4.00 52.00 56.00 NOTE
r-oldrel-osx-x86_64 1.0 NOTE

Check Details

Version: 1.0
Check: R code for possible problems
Result: NOTE
    biwt.cor: no visible global function definition for ‘covMcd’
    biwt.cor: no visible binding for global variable ‘mad’
    biwt.est: no visible global function definition for ‘covMcd’
    biwt.est: no visible global function definition for ‘mahalanobis’
    chi.int: no visible global function definition for ‘pchisq’
    chi.int.p: no visible global function definition for ‘dchisq’
    chi.int2: no visible global function definition for ‘pchisq’
    chi.int2.p: no visible global function definition for ‘dchisq’
    rejpt.bw: no visible global function definition for ‘pchisq’
    Undefined global functions or variables:
     covMcd dchisq mad mahalanobis pchisq
    Consider adding
     importFrom("stats", "dchisq", "mad", "mahalanobis", "pchisq")
    to your NAMESPACE file.
Flavors: r-devel-linux-x86_64-debian-clang, r-devel-linux-x86_64-debian-gcc, r-devel-linux-x86_64-fedora-clang, r-devel-linux-x86_64-fedora-gcc, r-devel-windows-ix86+x86_64, r-patched-linux-x86_64, r-patched-solaris-x86, r-release-linux-x86_64, r-release-windows-ix86+x86_64, r-release-osx-x86_64, r-oldrel-windows-ix86+x86_64, r-oldrel-osx-x86_64