CRAN Package Check Results for Package biwt

Last updated on 2014-12-21 21:47:16.

Flavor Version Tinstall Tcheck Ttotal Status Flags
r-devel-linux-x86_64-debian-clang 1.0 1.34 20.15 21.49 NOTE
r-devel-linux-x86_64-debian-gcc 1.0 1.20 19.68 20.89 NOTE
r-devel-linux-x86_64-fedora-clang 1.0 45.43 NOTE
r-devel-linux-x86_64-fedora-gcc 1.0 43.00 NOTE
r-devel-osx-x86_64-clang 1.0 43.41 NOTE
r-devel-windows-ix86+x86_64 1.0 6.00 32.00 38.00 NOTE
r-patched-linux-x86_64 1.0 1.29 19.84 21.14 NOTE
r-patched-solaris-sparc 1.0 217.10 NOTE
r-patched-solaris-x86 1.0 61.40 NOTE
r-release-linux-ix86 1.0 1.63 25.71 27.34 NOTE
r-release-linux-x86_64 1.0 1.38 20.06 21.44 NOTE
r-release-osx-x86_64-mavericks 1.0 OK
r-release-osx-x86_64-snowleopard 1.0 OK
r-release-windows-ix86+x86_64 1.0 7.00 35.00 42.00 NOTE
r-oldrel-windows-ix86+x86_64 1.0 7.00 35.00 42.00 OK

Check Details

Version: 1.0
Check: R code for possible problems
Result: NOTE
    biwt.cor: no visible global function definition for ‘covMcd’
    biwt.est: no visible global function definition for ‘covMcd’
Flavors: r-devel-linux-x86_64-debian-clang, r-devel-linux-x86_64-debian-gcc, r-devel-linux-x86_64-fedora-clang, r-devel-linux-x86_64-fedora-gcc, r-devel-osx-x86_64-clang, r-devel-windows-ix86+x86_64, r-patched-linux-x86_64, r-patched-solaris-sparc, r-patched-solaris-x86, r-release-linux-ix86, r-release-linux-x86_64, r-release-windows-ix86+x86_64