CRAN Package Check Results for Package biwt

Last updated on 2014-11-26 13:46:59.

Flavor Version Tinstall Tcheck Ttotal Status Flags
r-devel-linux-x86_64-debian-clang 1.0 1.11 18.08 19.19 NOTE
r-devel-linux-x86_64-debian-gcc 1.0 1.07 17.59 18.66 NOTE
r-devel-linux-x86_64-fedora-clang 1.0 42.71 NOTE
r-devel-linux-x86_64-fedora-gcc 1.0 40.00 NOTE
r-devel-osx-x86_64-clang 1.0 40.86 NOTE
r-devel-windows-ix86+x86_64 1.0 4.00 29.00 33.00 NOTE
r-patched-linux-x86_64 1.0 1.17 18.24 19.42 NOTE
r-patched-solaris-sparc 1.0 217.10 NOTE
r-patched-solaris-x86 1.0 56.80 NOTE
r-release-linux-ix86 1.0 1.49 24.56 26.04 NOTE
r-release-linux-x86_64 1.0 1.16 18.32 19.48 NOTE
r-release-osx-x86_64-mavericks 1.0 OK
r-release-osx-x86_64-snowleopard 1.0 OK
r-release-windows-ix86+x86_64 1.0 5.00 32.00 37.00 NOTE
r-oldrel-windows-ix86+x86_64 1.0 6.00 32.00 38.00 OK

Check Details

Version: 1.0
Check: R code for possible problems
Result: NOTE
    biwt.cor: no visible global function definition for ‘covMcd’
    biwt.est: no visible global function definition for ‘covMcd’
Flavors: r-devel-linux-x86_64-debian-clang, r-devel-linux-x86_64-debian-gcc, r-devel-linux-x86_64-fedora-clang, r-devel-linux-x86_64-fedora-gcc, r-devel-osx-x86_64-clang, r-devel-windows-ix86+x86_64, r-patched-linux-x86_64, r-patched-solaris-sparc, r-patched-solaris-x86, r-release-linux-ix86, r-release-linux-x86_64, r-release-windows-ix86+x86_64