CRAN Package Check Results for Package biwt

Last updated on 2015-04-21 12:48:36.

Flavor Version Tinstall Tcheck Ttotal Status Flags
r-devel-linux-x86_64-debian-clang 1.0 1.10 16.29 17.39 NOTE
r-devel-linux-x86_64-debian-gcc 1.0 1.04 15.62 16.67 NOTE
r-devel-linux-x86_64-fedora-clang 1.0 33.82 NOTE
r-devel-linux-x86_64-fedora-gcc 1.0 34.70 NOTE
r-devel-osx-x86_64-clang 1.0 38.48 NOTE
r-devel-windows-ix86+x86_64 1.0 5.00 26.00 31.00 NOTE
r-patched-linux-x86_64 1.0 1.04 15.68 16.71 NOTE
r-patched-solaris-sparc 1.0 221.10 NOTE
r-patched-solaris-x86 1.0 47.60 NOTE
r-release-linux-x86_64 1.0 1.07 15.78 16.86 NOTE
r-release-osx-x86_64-mavericks 1.0 NOTE
r-release-osx-x86_64-snowleopard 1.0 NOTE
r-release-windows-ix86+x86_64 1.0 2.00 24.00 26.00 NOTE
r-oldrel-windows-ix86+x86_64 1.0 6.00 35.00 41.00 NOTE

Check Details

Version: 1.0
Check: R code for possible problems
Result: NOTE
    biwt.cor: no visible global function definition for ‘covMcd’
    biwt.est: no visible global function definition for ‘covMcd’
Flavors: r-devel-linux-x86_64-debian-clang, r-devel-linux-x86_64-debian-gcc, r-devel-linux-x86_64-fedora-clang, r-devel-linux-x86_64-fedora-gcc, r-devel-osx-x86_64-clang, r-devel-windows-ix86+x86_64, r-patched-linux-x86_64, r-patched-solaris-sparc, r-patched-solaris-x86, r-release-linux-x86_64, r-release-osx-x86_64-mavericks, r-release-osx-x86_64-snowleopard, r-release-windows-ix86+x86_64, r-oldrel-windows-ix86+x86_64