CRAN Package Check Results for Package biwt

Last updated on 2014-09-20 19:47:13.

Flavor Version Tinstall Tcheck Ttotal Status Flags
r-devel-linux-x86_64-debian-clang 1.0 1.12 17.70 18.81 NOTE
r-devel-linux-x86_64-debian-gcc 1.0 1.11 17.18 18.29 NOTE
r-devel-linux-x86_64-fedora-clang 1.0 39.15 NOTE
r-devel-linux-x86_64-fedora-gcc 1.0 37.82 NOTE
r-devel-osx-x86_64-clang 1.0 38.04 NOTE
r-devel-windows-ix86+x86_64 1.0 4.00 31.00 35.00 NOTE
r-patched-linux-x86_64 1.0 1.51 18.77 20.28 OK
r-patched-solaris-sparc 1.0 221.20 OK
r-patched-solaris-x86 1.0 53.90 OK
r-release-linux-ix86 1.0 1.72 25.40 27.12 OK
r-release-linux-x86_64 1.0 1.21 18.75 19.96 OK
r-release-osx-x86_64-mavericks 1.0 OK
r-release-osx-x86_64-snowleopard 1.0 OK
r-release-windows-ix86+x86_64 1.0 5.00 32.00 37.00 OK
r-oldrel-windows-ix86+x86_64 1.0 5.00 32.00 37.00 OK

Check Details

Version: 1.0
Check: R code for possible problems
Result: NOTE
    biwt.cor: no visible global function definition for ‘covMcd’
    biwt.est: no visible global function definition for ‘covMcd’
Flavors: r-devel-linux-x86_64-debian-clang, r-devel-linux-x86_64-debian-gcc, r-devel-linux-x86_64-fedora-clang, r-devel-linux-x86_64-fedora-gcc, r-devel-osx-x86_64-clang, r-devel-windows-ix86+x86_64