CRAN Package Check Results for Package biwt

Last updated on 2018-04-21 16:46:23 CEST.

Flavor Version Tinstall Tcheck Ttotal Status Flags
r-devel-linux-x86_64-debian-clang 1.0 1.63 27.87 29.50 NOTE
r-devel-linux-x86_64-debian-gcc 1.0 1.70 22.34 24.04 NOTE
r-devel-linux-x86_64-fedora-clang 1.0 35.33 NOTE
r-devel-linux-x86_64-fedora-gcc 1.0 34.19 NOTE
r-devel-windows-ix86+x86_64 1.0 5.00 49.00 54.00 NOTE
r-devel-osx-x86_64 1.0 NOTE
r-patched-linux-x86_64 1.0 1.81 27.34 29.15 NOTE
r-patched-solaris-x86 1.0 57.30 NOTE
r-release-linux-x86_64 1.0 1.93 28.79 30.72 NOTE
r-release-windows-ix86+x86_64 1.0 4.00 68.00 72.00 NOTE
r-release-osx-x86_64 1.0 NOTE
r-oldrel-windows-ix86+x86_64 1.0 6.00 40.00 46.00 NOTE

Check Details

Version: 1.0
Check: R code for possible problems
Result: NOTE
    biwt.cor: no visible global function definition for ‘covMcd’
    biwt.cor: no visible binding for global variable ‘mad’
    biwt.est: no visible global function definition for ‘covMcd’
    biwt.est: no visible global function definition for ‘mahalanobis’
    chi.int: no visible global function definition for ‘pchisq’
    chi.int.p: no visible global function definition for ‘dchisq’
    chi.int2: no visible global function definition for ‘pchisq’
    chi.int2.p: no visible global function definition for ‘dchisq’
    rejpt.bw: no visible global function definition for ‘pchisq’
    Undefined global functions or variables:
     covMcd dchisq mad mahalanobis pchisq
    Consider adding
     importFrom("stats", "dchisq", "mad", "mahalanobis", "pchisq")
    to your NAMESPACE file.
Flavors: r-devel-linux-x86_64-debian-clang, r-devel-linux-x86_64-debian-gcc, r-devel-linux-x86_64-fedora-clang, r-devel-linux-x86_64-fedora-gcc, r-devel-windows-ix86+x86_64, r-devel-osx-x86_64, r-patched-linux-x86_64, r-patched-solaris-x86, r-release-linux-x86_64, r-release-windows-ix86+x86_64, r-release-osx-x86_64, r-oldrel-windows-ix86+x86_64