CRAN Package Check Results for Package biwt

Last updated on 2014-08-30 04:48:08.

Flavor Version Tinstall Tcheck Ttotal Status Flags
r-devel-linux-x86_64-debian-clang 1.0 1.13 17.73 18.86 NOTE
r-devel-linux-x86_64-debian-gcc 1.0 1.16 17.52 18.68 NOTE
r-devel-linux-x86_64-fedora-clang 1.0 41.01 NOTE
r-devel-linux-x86_64-fedora-gcc 1.0 37.02 NOTE
r-devel-osx-x86_64-clang 1.0 36.06 NOTE
r-devel-windows-ix86+x86_64 1.0 6.00 28.00 34.00 NOTE
r-patched-linux-x86_64 1.0 1.17 17.73 18.90 OK
r-patched-solaris-sparc 1.0 221.20 OK
r-patched-solaris-x86 1.0 56.00 OK
r-release-linux-ix86 1.0 1.68 27.97 29.65 OK
r-release-linux-x86_64 1.0 1.18 17.83 19.01 OK
r-release-osx-x86_64-mavericks 1.0 OK
r-release-osx-x86_64-snowleopard 1.0 OK
r-release-windows-ix86+x86_64 1.0 5.00 29.00 34.00 OK
r-oldrel-windows-ix86+x86_64 1.0 5.00 31.00 36.00 OK

Check Details

Version: 1.0
Check: R code for possible problems
Result: NOTE
    biwt.cor: no visible global function definition for ‘covMcd’
    biwt.est: no visible global function definition for ‘covMcd’
Flavors: r-devel-linux-x86_64-debian-clang, r-devel-linux-x86_64-debian-gcc, r-devel-linux-x86_64-fedora-clang, r-devel-linux-x86_64-fedora-gcc, r-devel-osx-x86_64-clang, r-devel-windows-ix86+x86_64