CRAN Package Check Results for Package biwt

Last updated on 2014-10-20 10:50:26.

Flavor Version Tinstall Tcheck Ttotal Status Flags
r-devel-linux-x86_64-debian-clang 1.0 1.12 18.24 19.37 NOTE
r-devel-linux-x86_64-debian-gcc 1.0 1.22 18.08 19.30 NOTE
r-devel-linux-x86_64-fedora-clang 1.0 41.11 NOTE
r-devel-linux-x86_64-fedora-gcc 1.0 41.49 NOTE
r-devel-osx-x86_64-clang 1.0 40.32 NOTE
r-devel-windows-ix86+x86_64 1.0 4.00 29.00 33.00 NOTE
r-patched-linux-x86_64 1.0 1.17 18.30 19.47 NOTE
r-patched-solaris-sparc 1.0 217.10 NOTE
r-patched-solaris-x86 1.0 56.10 NOTE
r-release-linux-ix86 1.0 1.75 25.43 27.18 OK
r-release-linux-x86_64 1.0 1.21 18.42 19.64 OK
r-release-osx-x86_64-mavericks 1.0 OK
r-release-osx-x86_64-snowleopard 1.0 OK
r-release-windows-ix86+x86_64 1.0 4.00 30.00 34.00 OK
r-oldrel-windows-ix86+x86_64 1.0 5.00 32.00 37.00 OK

Check Details

Version: 1.0
Check: R code for possible problems
Result: NOTE
    biwt.cor: no visible global function definition for ‘covMcd’
    biwt.est: no visible global function definition for ‘covMcd’
Flavors: r-devel-linux-x86_64-debian-clang, r-devel-linux-x86_64-debian-gcc, r-devel-linux-x86_64-fedora-clang, r-devel-linux-x86_64-fedora-gcc, r-devel-osx-x86_64-clang, r-devel-windows-ix86+x86_64, r-patched-linux-x86_64, r-patched-solaris-sparc, r-patched-solaris-x86