CRAN Package Check Results for Package biwt

Last updated on 2016-08-26 06:47:11.

Flavor Version Tinstall Tcheck Ttotal Status Flags
r-devel-linux-x86_64-debian-clang 1.0 0.99 16.20 17.19 NOTE
r-devel-linux-x86_64-debian-gcc 1.0 2.09 19.84 21.92 NOTE
r-devel-linux-x86_64-fedora-clang 1.0 30.80 NOTE
r-devel-linux-x86_64-fedora-gcc 1.0 29.21 NOTE
r-devel-osx-x86_64-clang 1.0 26.83 NOTE
r-devel-windows-ix86+x86_64 1.0 5.00 37.00 42.00 NOTE
r-patched-linux-x86_64 1.0 1.15 15.47 16.63 NOTE
r-patched-solaris-sparc 1.0 187.60 NOTE
r-patched-solaris-x86 1.0 42.80 NOTE
r-release-linux-x86_64 1.0 1.22 15.85 17.07 NOTE
r-release-osx-x86_64-mavericks 1.0 NOTE
r-release-windows-ix86+x86_64 1.0 4.00 36.00 40.00 NOTE
r-oldrel-windows-ix86+x86_64 1.0 4.00 31.00 35.00 NOTE

Check Details

Version: 1.0
Check: R code for possible problems
Result: NOTE
    biwt.cor: no visible global function definition for ‘covMcd’
    biwt.cor: no visible binding for global variable ‘mad’
    biwt.est: no visible global function definition for ‘covMcd’
    biwt.est: no visible global function definition for ‘mahalanobis’
    chi.int: no visible global function definition for ‘pchisq’
    chi.int.p: no visible global function definition for ‘dchisq’
    chi.int2: no visible global function definition for ‘pchisq’
    chi.int2.p: no visible global function definition for ‘dchisq’
    rejpt.bw: no visible global function definition for ‘pchisq’
    Undefined global functions or variables:
     covMcd dchisq mad mahalanobis pchisq
    Consider adding
     importFrom("stats", "dchisq", "mad", "mahalanobis", "pchisq")
    to your NAMESPACE file.
Flavors: r-devel-linux-x86_64-debian-clang, r-devel-linux-x86_64-debian-gcc, r-devel-linux-x86_64-fedora-clang, r-devel-linux-x86_64-fedora-gcc, r-devel-osx-x86_64-clang, r-devel-windows-ix86+x86_64, r-patched-linux-x86_64, r-patched-solaris-sparc, r-patched-solaris-x86, r-release-linux-x86_64, r-release-osx-x86_64-mavericks, r-release-windows-ix86+x86_64

Version: 1.0
Check: R code for possible problems
Result: NOTE
    biwt.cor: no visible global function definition for 'covMcd'
    biwt.est: no visible global function definition for 'covMcd'
Flavor: r-oldrel-windows-ix86+x86_64