CRAN Package Check Results for Package biwt

Last updated on 2017-05-27 20:46:08.

Flavor Version Tinstall Tcheck Ttotal Status Flags
r-devel-linux-x86_64-debian-clang 1.0 1.31 19.77 21.08 NOTE
r-devel-linux-x86_64-debian-gcc 1.0 1.33 19.87 21.19 NOTE
r-devel-linux-x86_64-fedora-clang 1.0 36.30 NOTE
r-devel-linux-x86_64-fedora-gcc 1.0 33.50 NOTE
r-devel-windows-ix86+x86_64 1.0 7.00 43.00 50.00 NOTE
r-patched-linux-x86_64 1.0 1.27 20.60 21.87 NOTE
r-patched-solaris-sparc 1.0 205.40 NOTE
r-patched-solaris-x86 1.0 49.20 NOTE
r-release-linux-x86_64 1.0 1.33 20.08 21.41 NOTE
r-release-windows-ix86+x86_64 1.0 5.00 40.00 45.00 NOTE
r-release-osx-x86_64 1.0 NOTE
r-oldrel-windows-ix86+x86_64 1.0 8.00 38.00 46.00 NOTE
r-oldrel-osx-x86_64 1.0 NOTE

Check Details

Version: 1.0
Check: R code for possible problems
Result: NOTE
    biwt.cor: no visible global function definition for ‘covMcd’
    biwt.cor: no visible binding for global variable ‘mad’
    biwt.est: no visible global function definition for ‘covMcd’
    biwt.est: no visible global function definition for ‘mahalanobis’
    chi.int: no visible global function definition for ‘pchisq’
    chi.int.p: no visible global function definition for ‘dchisq’
    chi.int2: no visible global function definition for ‘pchisq’
    chi.int2.p: no visible global function definition for ‘dchisq’
    rejpt.bw: no visible global function definition for ‘pchisq’
    Undefined global functions or variables:
     covMcd dchisq mad mahalanobis pchisq
    Consider adding
     importFrom("stats", "dchisq", "mad", "mahalanobis", "pchisq")
    to your NAMESPACE file.
Flavors: r-devel-linux-x86_64-debian-clang, r-devel-linux-x86_64-debian-gcc, r-devel-linux-x86_64-fedora-clang, r-devel-linux-x86_64-fedora-gcc, r-devel-windows-ix86+x86_64, r-patched-linux-x86_64, r-patched-solaris-sparc, r-patched-solaris-x86, r-release-linux-x86_64, r-release-windows-ix86+x86_64, r-release-osx-x86_64, r-oldrel-windows-ix86+x86_64, r-oldrel-osx-x86_64