CRAN Package Check Results for Package biwt

Last updated on 2014-04-23 12:48:14.

Flavor Version Tinstall Tcheck Ttotal Status Flags
r-devel-linux-x86_64-debian-clang 1.0 1.32 19.02 20.34 OK
r-devel-linux-x86_64-debian-gcc 1.0 1.34 18.83 20.17 OK
r-devel-linux-x86_64-fedora-clang 1.0 41.05 OK
r-devel-linux-x86_64-fedora-gcc 1.0 38.66 OK
r-devel-osx-x86_64-clang 1.0 37.27 OK
r-devel-osx-x86_64-gcc 1.0 ERROR
r-devel-windows-ix86+x86_64 1.0 4.00 29.00 33.00 OK
r-patched-linux-x86_64 1.0 1.24 18.61 19.85 OK
r-patched-solaris-sparc 1.0 222.90 OK
r-patched-solaris-x86 1.0 54.80 OK
r-release-linux-ix86 1.0 3.00 36.00 39.00 OK
r-release-linux-x86_64 1.0 1.24 19.03 20.28 OK
r-release-osx-x86_64-mavericks 1.0 WARN
r-release-osx-x86_64-snowleopard 1.0 OK
r-release-windows-ix86+x86_64 1.0 5.00 30.00 35.00 OK
r-oldrel-windows-ix86+x86_64 1.0 5.00 32.00 37.00 OK

Check Details

Version: 1.0
Check: package dependencies
Result: ERROR
    Package required but not available: ‘rrcov’
    
    See the information on DESCRIPTION files in the chapter ‘Creating R
    packages’ of the ‘Writing R Extensions’ manual.
Flavor: r-devel-osx-x86_64-gcc

Version: 1.0
Check: PDF version of manual
Result: WARNING
    LaTeX errors when creating PDF version.
    This typically indicates Rd problems.
    LaTeX errors found:
    ! LaTeX Error: File `upquote.sty' not found.
    
    Type X to quit or <RETURN> to proceed,
    or enter new name. (Default extension: sty)
    
    96a472e/Rd2.tex:8: ==> Fatal error occurred, no output PDF file produced!
Flavor: r-release-osx-x86_64-mavericks