CRAN Package Check Results for Package biwt

Last updated on 2015-08-31 12:47:35.

Flavor Version Tinstall Tcheck Ttotal Status Flags
r-devel-linux-x86_64-debian-clang 1.0 0.96 15.13 16.09 NOTE
r-devel-linux-x86_64-debian-gcc 1.0 1.00 15.78 16.78 NOTE
r-devel-linux-x86_64-fedora-clang 1.0 31.93 NOTE
r-devel-linux-x86_64-fedora-gcc 1.0 29.91 NOTE
r-devel-osx-x86_64-clang 1.0 30.58 NOTE
r-devel-windows-ix86+x86_64 1.0 7.00 31.00 38.00 NOTE
r-patched-linux-x86_64 1.0 1.13 15.58 16.71 NOTE
r-patched-solaris-sparc 1.0 211.40 NOTE
r-patched-solaris-x86 1.0 50.80 NOTE
r-release-linux-x86_64 1.0 1.05 15.90 16.95 NOTE
r-release-osx-x86_64-mavericks 1.0 NOTE
r-release-windows-ix86+x86_64 1.0 5.00 29.00 34.00 NOTE
r-oldrel-windows-ix86+x86_64 1.0 8.00 39.00 47.00 NOTE

Check Details

Version: 1.0
Check: R code for possible problems
Result: NOTE
    biwt.cor: no visible global function definition for ‘covMcd’
    biwt.cor: no visible binding for global variable ‘mad’
    biwt.est: no visible global function definition for ‘covMcd’
    biwt.est: no visible global function definition for ‘mahalanobis’
    chi.int: no visible global function definition for ‘pchisq’
    chi.int.p: no visible global function definition for ‘dchisq’
    chi.int2: no visible global function definition for ‘pchisq’
    chi.int2.p: no visible global function definition for ‘dchisq’
    rejpt.bw: no visible global function definition for ‘pchisq’
    Undefined global functions or variables:
     covMcd dchisq mad mahalanobis pchisq
    Consider adding
     importFrom("stats", "dchisq", "mad", "mahalanobis", "pchisq")
    to your NAMESPACE.
Flavors: r-devel-linux-x86_64-debian-clang, r-devel-linux-x86_64-debian-gcc, r-devel-linux-x86_64-fedora-clang, r-devel-linux-x86_64-fedora-gcc, r-devel-windows-ix86+x86_64

Version: 1.0
Check: R code for possible problems
Result: NOTE
    biwt.cor: no visible global function definition for ‘covMcd’
    biwt.est: no visible global function definition for ‘covMcd’
    Undefined global functions or variables:
     covMcd
Flavor: r-devel-osx-x86_64-clang

Version: 1.0
Check: R code for possible problems
Result: NOTE
    biwt.cor: no visible global function definition for ‘covMcd’
    biwt.est: no visible global function definition for ‘covMcd’
Flavors: r-patched-linux-x86_64, r-patched-solaris-sparc, r-patched-solaris-x86, r-release-linux-x86_64, r-release-osx-x86_64-mavericks, r-release-windows-ix86+x86_64, r-oldrel-windows-ix86+x86_64