CRAN Package Check Results for Package biwt

Last updated on 2015-05-23 17:48:37.

Flavor Version Tinstall Tcheck Ttotal Status Flags
r-devel-linux-x86_64-debian-clang 1.0 1.04 16.17 17.21 NOTE
r-devel-linux-x86_64-debian-gcc 1.0 1.02 15.60 16.61 NOTE
r-devel-linux-x86_64-fedora-clang 1.0 34.35 NOTE
r-devel-linux-x86_64-fedora-gcc 1.0 32.85 NOTE
r-devel-osx-x86_64-clang 1.0 36.05 NOTE
r-devel-windows-ix86+x86_64 1.0 4.00 25.00 29.00 NOTE
r-patched-linux-x86_64 1.0 1.05 15.54 16.59 NOTE
r-patched-solaris-sparc 1.0 221.10 NOTE
r-patched-solaris-x86 1.0 49.60 NOTE
r-release-linux-x86_64 1.0 1.00 15.75 16.75 NOTE
r-release-osx-x86_64-mavericks 1.0 NOTE
r-release-osx-x86_64-snowleopard 1.0 NOTE
r-release-windows-ix86+x86_64 1.0 4.00 28.00 32.00 NOTE
r-oldrel-windows-ix86+x86_64 1.0 7.00 36.00 43.00 NOTE

Check Details

Version: 1.0
Check: R code for possible problems
Result: NOTE
    biwt.cor: no visible global function definition for ‘covMcd’
    biwt.est: no visible global function definition for ‘covMcd’
Flavors: r-devel-linux-x86_64-debian-clang, r-devel-linux-x86_64-debian-gcc, r-devel-linux-x86_64-fedora-clang, r-devel-linux-x86_64-fedora-gcc, r-devel-osx-x86_64-clang, r-devel-windows-ix86+x86_64, r-patched-linux-x86_64, r-patched-solaris-sparc, r-patched-solaris-x86, r-release-linux-x86_64, r-release-osx-x86_64-mavericks, r-release-osx-x86_64-snowleopard, r-release-windows-ix86+x86_64, r-oldrel-windows-ix86+x86_64