CRAN Package Check Results for Package biwt

Last updated on 2016-12-10 02:47:51.

Flavor Version Tinstall Tcheck Ttotal Status Flags
r-devel-linux-x86_64-debian-clang 1.0 1.40 19.17 20.57 NOTE
r-devel-linux-x86_64-debian-gcc 1.0 1.24 18.77 20.01 NOTE
r-devel-linux-x86_64-fedora-clang 1.0 37.63 NOTE --no-stop-on-test-error
r-devel-linux-x86_64-fedora-gcc 1.0 34.75 NOTE --no-stop-on-test-error
r-devel-macos-x86_64-clang 1.0 29.84 NOTE --no-stop-on-test-error
r-devel-windows-ix86+x86_64 1.0 5.00 42.00 47.00 NOTE
r-patched-linux-x86_64 1.0 1.12 15.84 16.96 NOTE
r-patched-solaris-sparc 1.0 187.60 NOTE
r-patched-solaris-x86 1.0 43.20 NOTE
r-release-linux-x86_64 1.0 1.08 15.71 16.79 NOTE
r-release-osx-x86_64-mavericks 1.0 NOTE
r-release-windows-ix86+x86_64 1.0 3.00 33.00 36.00 NOTE
r-oldrel-windows-ix86+x86_64 1.0 6.00 36.00 42.00 NOTE

Check Details

Version: 1.0
Check: R code for possible problems
Result: NOTE
    biwt.cor: no visible global function definition for ‘covMcd’
    biwt.cor: no visible binding for global variable ‘mad’
    biwt.est: no visible global function definition for ‘covMcd’
    biwt.est: no visible global function definition for ‘mahalanobis’
    chi.int: no visible global function definition for ‘pchisq’
    chi.int.p: no visible global function definition for ‘dchisq’
    chi.int2: no visible global function definition for ‘pchisq’
    chi.int2.p: no visible global function definition for ‘dchisq’
    rejpt.bw: no visible global function definition for ‘pchisq’
    Undefined global functions or variables:
     covMcd dchisq mad mahalanobis pchisq
    Consider adding
     importFrom("stats", "dchisq", "mad", "mahalanobis", "pchisq")
    to your NAMESPACE file.
Flavors: r-devel-linux-x86_64-debian-clang, r-devel-linux-x86_64-debian-gcc, r-devel-windows-ix86+x86_64, r-patched-linux-x86_64, r-patched-solaris-sparc, r-patched-solaris-x86, r-release-linux-x86_64, r-release-osx-x86_64-mavericks, r-release-windows-ix86+x86_64

Version: 1.0
Flags: --no-stop-on-test-error
Check: R code for possible problems
Result: NOTE
    biwt.cor: no visible global function definition for ‘covMcd’
    biwt.cor: no visible binding for global variable ‘mad’
    biwt.est: no visible global function definition for ‘covMcd’
    biwt.est: no visible global function definition for ‘mahalanobis’
    chi.int: no visible global function definition for ‘pchisq’
    chi.int.p: no visible global function definition for ‘dchisq’
    chi.int2: no visible global function definition for ‘pchisq’
    chi.int2.p: no visible global function definition for ‘dchisq’
    rejpt.bw: no visible global function definition for ‘pchisq’
    Undefined global functions or variables:
     covMcd dchisq mad mahalanobis pchisq
    Consider adding
     importFrom("stats", "dchisq", "mad", "mahalanobis", "pchisq")
    to your NAMESPACE file.
Flavors: r-devel-linux-x86_64-fedora-clang, r-devel-linux-x86_64-fedora-gcc, r-devel-macos-x86_64-clang

Version: 1.0
Check: R code for possible problems
Result: NOTE
    biwt.cor: no visible global function definition for 'covMcd'
    biwt.est: no visible global function definition for 'covMcd'
Flavor: r-oldrel-windows-ix86+x86_64