Last updated on 2023-03-28 15:55:28 CEST.
Flavor | Version | Tinstall | Tcheck | Ttotal | Status | Flags |
---|---|---|---|---|---|---|
r-devel-linux-x86_64-debian-clang | 1.0.13 | 6.36 | 92.73 | 99.09 | OK | |
r-devel-linux-x86_64-debian-gcc | 1.0.13 | 4.35 | 68.08 | 72.43 | OK | |
r-devel-linux-x86_64-fedora-clang | 1.0.13 | 121.50 | NOTE | |||
r-devel-linux-x86_64-fedora-gcc | 1.0.13 | 127.90 | NOTE | |||
r-devel-windows-x86_64 | 1.0.13 | 46.00 | 202.00 | 248.00 | OK | |
r-patched-linux-x86_64 | 1.0.13 | 6.55 | 87.08 | 93.63 | OK | |
r-release-linux-x86_64 | 1.0.13 | 6.53 | 100.34 | 106.87 | OK | |
r-release-macos-arm64 | 1.0.13 | 50.00 | OK | |||
r-release-macos-x86_64 | 1.0.13 | 80.00 | OK | |||
r-release-windows-x86_64 | 1.0.13 | 60.00 | 196.00 | 256.00 | OK | |
r-oldrel-macos-arm64 | 1.0.13 | 54.00 | OK | |||
r-oldrel-macos-x86_64 | 1.0.13 | 100.00 | OK | |||
r-oldrel-windows-ix86+x86_64 | 1.0.13 | 32.00 | 246.00 | 278.00 | OK |
Version: 1.0.13
Check: package dependencies
Result: NOTE
Package suggested but not available for checking: ‘RQuantLib’
Flavors: r-devel-linux-x86_64-fedora-clang, r-devel-linux-x86_64-fedora-gcc