Last updated on 2022-08-08 01:52:36 CEST.
Flavor | Version | Tinstall | Tcheck | Ttotal | Status | Flags |
---|---|---|---|---|---|---|
r-devel-linux-x86_64-debian-clang | 1.0.4 | 61.62 | 27.28 | 88.90 | OK | |
r-devel-linux-x86_64-debian-gcc | 1.0.4 | 49.03 | 21.16 | 70.19 | OK | |
r-devel-linux-x86_64-fedora-clang | 1.0.4 | 148.15 | OK | |||
r-devel-linux-x86_64-fedora-gcc | 1.0.4 | 120.47 | OK | |||
r-devel-windows-x86_64 | 1.0.4 | 46.00 | 70.00 | 116.00 | OK | |
r-patched-linux-x86_64 | 1.0.4 | 55.36 | 26.16 | 81.52 | OK | |
r-release-linux-x86_64 | 1.0.4 | 54.48 | 26.76 | 81.24 | OK | |
r-release-macos-arm64 | 1.0.4 | 36.00 | NOTE | |||
r-release-macos-x86_64 | 1.0.4 | 49.00 | NOTE | |||
r-release-windows-x86_64 | 1.0.4 | 60.00 | 75.00 | 135.00 | OK | |
r-oldrel-macos-arm64 | 1.0.4 | 36.00 | NOTE | |||
r-oldrel-macos-x86_64 | 1.0.4 | 50.00 | NOTE | |||
r-oldrel-windows-ix86+x86_64 | 1.0.4 | 125.00 | 72.00 | 197.00 | OK |
Version: 1.0.4
Check: installed package size
Result: NOTE
installed size is 6.5Mb
sub-directories of 1Mb or more:
libs 6.4Mb
Flavors: r-release-macos-arm64, r-release-macos-x86_64, r-oldrel-macos-arm64, r-oldrel-macos-x86_64