CRAN Package Check Results for Package blatent

Last updated on 2021-03-01 11:47:26 CET.

Flavor Version Tinstall Tcheck Ttotal Status Flags
r-devel-linux-x86_64-debian-clang 0.1.1 OK
r-devel-linux-x86_64-debian-gcc 0.1.1 86.51 33.92 120.43 OK
r-devel-linux-x86_64-fedora-clang 0.1.1 251.53 NOTE
r-devel-linux-x86_64-fedora-gcc 0.1.1 217.92 OK
r-devel-windows-ix86+x86_64 0.1.1 208.00 72.00 280.00 OK
r-patched-linux-x86_64 0.1.1 101.81 40.37 142.18 OK
r-patched-solaris-x86 0.1.1 190.00 OK
r-release-linux-x86_64 0.1.1 102.18 40.91 143.09 OK
r-release-macos-x86_64 0.1.1 OK
r-release-windows-ix86+x86_64 0.1.1 287.00 94.00 381.00 OK
r-oldrel-macos-x86_64 0.1.1 OK
r-oldrel-windows-ix86+x86_64 0.1.1 200.00 79.00 279.00 OK

Check Details

Version: 0.1.1
Check: installed package size
Result: NOTE
     installed size is 5.2Mb
     sub-directories of 1Mb or more:
     libs 4.7Mb
Flavor: r-devel-linux-x86_64-fedora-clang