CRAN Package Check Results for Package blender

Last updated on 2014-04-24 03:47:41.

Flavor Version Tinstall Tcheck Ttotal Status Flags
r-devel-linux-x86_64-debian-clang 0.1.2 0.92 18.42 19.34 OK
r-devel-linux-x86_64-debian-gcc 0.1.2 0.93 18.36 19.29 OK
r-devel-linux-x86_64-fedora-clang 0.1.2 38.49 OK
r-devel-linux-x86_64-fedora-gcc 0.1.2 36.38 OK
r-devel-osx-x86_64-clang 0.1.2 35.40 OK
r-devel-osx-x86_64-gcc 0.1.2 ERROR
r-devel-windows-ix86+x86_64 0.1.2 3.00 28.00 31.00 OK
r-patched-linux-x86_64 0.1.2 1.01 18.36 19.37 OK
r-patched-solaris-sparc 0.1.2 217.70 OK
r-patched-solaris-x86 0.1.2 51.40 OK
r-release-linux-ix86 0.1.2 2.00 34.00 36.00 OK
r-release-linux-x86_64 0.1.2 0.91 18.59 19.50 OK
r-release-osx-x86_64-mavericks 0.1.2 WARN
r-release-osx-x86_64-snowleopard 0.1.2 OK
r-release-windows-ix86+x86_64 0.1.2 3.00 31.00 34.00 OK
r-oldrel-windows-ix86+x86_64 0.1.2 4.00 33.00 37.00 OK

Check Details

Version: 0.1.2
Check: package dependencies
Result: ERROR
    Package required but not available: ‘vegan’
    
    See the information on DESCRIPTION files in the chapter ‘Creating R
    packages’ of the ‘Writing R Extensions’ manual.
Flavor: r-devel-osx-x86_64-gcc

Version: 0.1.2
Check: PDF version of manual
Result: WARNING
    LaTeX errors when creating PDF version.
    This typically indicates Rd problems.
    LaTeX errors found:
    ! LaTeX Error: File `upquote.sty' not found.
    
    Type X to quit or <RETURN> to proceed,
    or enter new name. (Default extension: sty)
    
    8ac5be/Rd2.tex:8: ==> Fatal error occurred, no output PDF file produced!
Flavor: r-release-osx-x86_64-mavericks