CRAN Package Check Results for Package blender

Last updated on 2015-01-27 11:49:46.

Flavor Version Tinstall Tcheck Ttotal Status Flags
r-devel-linux-x86_64-debian-clang 0.1.2 3.46 41.84 45.30 OK
r-devel-linux-x86_64-debian-gcc 0.1.2 3.21 40.12 43.32 OK
r-devel-linux-x86_64-fedora-clang 0.1.2 113.70 OK
r-devel-linux-x86_64-fedora-gcc 0.1.2 124.39 OK
r-devel-osx-x86_64-clang 0.1.2 128.34 OK
r-devel-windows-ix86+x86_64 0.1.2 8.00 61.00 69.00 OK
r-patched-linux-x86_64 0.1.2 3.80 46.43 50.23 OK
r-patched-solaris-sparc 0.1.2 730.40 OK
r-patched-solaris-x86 0.1.2 157.90 OK
r-release-linux-ix86 0.1.2 4.28 55.14 59.42 OK
r-release-linux-x86_64 0.1.2 3.78 46.60 50.38 OK
r-release-osx-x86_64-mavericks 0.1.2 ERROR
r-release-osx-x86_64-snowleopard 0.1.2 OK
r-release-windows-ix86+x86_64 0.1.2 11.00 69.00 80.00 OK
r-oldrel-windows-ix86+x86_64 0.1.2 14.00 101.00 115.00 OK

Check Details

Version: 0.1.2
Check: examples
Result: ERROR
    Running examples in ‘blender-Ex.R’ failed
    The error most likely occurred in:
    
    > ### Name: blender.basics
    > ### Title: Basic landscape calculations
    > ### Aliases: blender.basics jstar jbar pstar
    >
    > ### ** Examples
    >
    > data(PLANTS)
    >
    > # Calculate key values for Wyoming from raw data
    > landscape = PLANTS[["WY native table"]]
    >
    > jbar(landscape)
    [1] 0.3580085
    > jstar(landscape)
    [1] 0.3599247
    > pstar(landscape)
    [1] 0.5497942
    >
    >
    > # jstar and pstar also work if given row means and landscape sizes.
    > # jbar requires spatial information that is lost during this averaging.
    > occupancy = rowMeans(landscape)
    > nsites = ncol(landscape)
    >
    > jstar(occupancy, nsites)
    [1] 0.3599247
    > pstar(occupancy, nsites)
    [1] 0.5497942
    >
    >
    >
    > ### * <FOOTER>
    > ###
    > options(digits = 7L)
    > base::cat("Time elapsed: ", proc.time() - base::get("ptime", pos = 'CheckExEnv'),"\n")
    Time elapsed: 13.788 0.969 14.806 0.003 0.005
    > grDevices::dev.off()
    Error in grDevices::dev.off() : failed to load sRGB colorspace file
    Execution halted
Flavor: r-release-osx-x86_64-mavericks