CRAN Package Check Results for Package blender

Last updated on 2015-05-29 19:47:22.

Flavor Version Tinstall Tcheck Ttotal Status Flags
r-devel-linux-x86_64-debian-clang 0.1.2 2.84 39.00 41.84 OK
r-devel-linux-x86_64-debian-gcc 0.1.2 2.77 37.86 40.63 OK
r-devel-linux-x86_64-fedora-clang 0.1.2 92.72 OK
r-devel-linux-x86_64-fedora-gcc 0.1.2 81.05 OK
r-devel-osx-x86_64-clang 0.1.2 74.93 OK
r-devel-windows-ix86+x86_64 0.1.2 8.00 59.00 67.00 OK
r-patched-linux-x86_64 0.1.2 2.76 38.61 41.37 OK
r-patched-solaris-sparc 0.1.2 498.80 OK
r-patched-solaris-x86 0.1.2 118.10 OK
r-release-linux-x86_64 0.1.2 2.78 37.95 40.73 OK
r-release-osx-x86_64-mavericks 0.1.2 OK
r-release-osx-x86_64-snowleopard 0.1.2 ERROR
r-release-windows-ix86+x86_64 0.1.2 7.00 58.00 65.00 OK
r-oldrel-windows-ix86+x86_64 0.1.2 10.00 72.00 82.00 OK

Check Details

Version: 0.1.2
Check: package dependencies
Result: ERROR
    Package required but not available: ‘vegan’
    
    See section ‘The DESCRIPTION file’ in the ‘Writing R Extensions’
    manual.
Flavor: r-release-osx-x86_64-snowleopard