CRAN Package Check Results for Package blender

Last updated on 2015-04-27 19:47:09.

Flavor Version Tinstall Tcheck Ttotal Status Flags
r-devel-linux-x86_64-debian-clang 0.1.2 2.81 38.79 41.60 OK
r-devel-linux-x86_64-debian-gcc 0.1.2 2.75 39.94 42.69 OK
r-devel-linux-x86_64-fedora-clang 0.1.2 86.79 OK
r-devel-linux-x86_64-fedora-gcc 0.1.2 83.12 OK
r-devel-osx-x86_64-clang 0.1.2 76.36 OK
r-devel-windows-ix86+x86_64 0.1.2 8.00 61.00 69.00 OK
r-patched-linux-x86_64 0.1.2 2.76 38.04 40.79 OK
r-patched-solaris-sparc 0.1.2 504.90 OK
r-patched-solaris-x86 0.1.2 118.20 OK
r-release-linux-x86_64 0.1.2 2.77 37.91 40.68 OK
r-release-osx-x86_64-mavericks 0.1.2 OK
r-release-osx-x86_64-snowleopard 0.1.2 ERROR
r-release-windows-ix86+x86_64 0.1.2 11.00 76.00 87.00 OK
r-oldrel-windows-ix86+x86_64 0.1.2 11.00 65.00 76.00 OK

Check Details

Version: 0.1.2
Check: package dependencies
Result: ERROR
    Package required but not available: ‘vegan’
    
    See section ‘The DESCRIPTION file’ in the ‘Writing R Extensions’
    manual.
Flavor: r-release-osx-x86_64-snowleopard