CRAN Package Check Results for Package bliss

Last updated on 2022-01-27 05:55:47 CET.

Flavor Version Tinstall Tcheck Ttotal Status Flags
r-devel-linux-x86_64-debian-clang 1.0.3 54.74 197.39 252.13 OK
r-devel-linux-x86_64-debian-gcc 1.0.3 43.65 150.98 194.63 OK
r-devel-linux-x86_64-fedora-clang 1.0.3 316.95 NOTE
r-devel-linux-x86_64-fedora-gcc 1.0.3 308.36 OK
r-devel-windows-x86_64-new-UL 1.0.3 78.00 278.00 356.00 NOTE
r-devel-windows-x86_64-new-TK 1.0.3 ERROR
r-patched-linux-x86_64 1.0.3 50.00 185.96 235.96 OK
r-release-linux-x86_64 1.0.3 44.56 186.54 231.10 OK
r-release-macos-arm64 1.0.3 NOTE
r-release-macos-x86_64 1.0.3 NOTE
r-release-windows-ix86+x86_64 1.0.3 120.00 290.00 410.00 NOTE
r-oldrel-macos-x86_64 1.0.3 NOTE
r-oldrel-windows-ix86+x86_64 1.0.3 122.00 295.00 417.00 NOTE

Check Details

Version: 1.0.3
Check: installed package size
Result: NOTE
     installed size is 7.9Mb
     sub-directories of 1Mb or more:
     data 3.5Mb
     doc 1.2Mb
     libs 3.0Mb
Flavors: r-devel-linux-x86_64-fedora-clang, r-devel-windows-x86_64-new-UL, r-release-macos-arm64, r-release-macos-x86_64, r-release-windows-ix86+x86_64, r-oldrel-macos-x86_64, r-oldrel-windows-ix86+x86_64

Version: 1.0.3
Check: package dependencies
Result: ERROR
    Package required but not available: 'rockchalk'
    
    See section 'The DESCRIPTION file' in the 'Writing R Extensions'
    manual.
Flavor: r-devel-windows-x86_64-new-TK