CRAN Package Check Results for Package blkergm

Last updated on 2017-03-27 06:47:58.

Flavor Version Tinstall Tcheck Ttotal Status Flags
r-devel-linux-x86_64-debian-clang 1.1 4.32 35.46 39.78 NOTE
r-devel-linux-x86_64-debian-gcc 1.1 4.40 34.82 39.21 NOTE
r-devel-linux-x86_64-fedora-clang 1.1 92.21 NOTE --no-stop-on-test-error
r-devel-linux-x86_64-fedora-gcc 1.1 86.39 NOTE --no-stop-on-test-error
r-devel-macos-x86_64-clang 1.1 67.84 NOTE --no-stop-on-test-error
r-patched-linux-x86_64 1.1 4.24 35.05 39.29 NOTE
r-patched-solaris-sparc 1.1 511.60 OK
r-patched-solaris-x86 1.1 122.60 OK
r-release-linux-x86_64 1.1 4.17 30.50 34.66 OK
r-release-osx-x86_64-mavericks 1.1 OK
r-release-windows-ix86+x86_64 1.1 19.00 78.00 97.00 OK
r-oldrel-windows-ix86+x86_64 1.1 13.00 71.00 84.00 OK

Check Details

Version: 1.1
Check: compiled code
Result: NOTE
    File ‘blkergm/libs/blkergm.so’:
     Found no calls to: ‘R_registerRoutines’, ‘R_useDynamicSymbols’
    
    It is good practice to register native routines and to disable symbol
    search.
    
    See ‘Writing portable packages’ in the ‘Writing R Extensions’ manual.
Flavors: r-devel-linux-x86_64-debian-clang, r-devel-linux-x86_64-debian-gcc, r-patched-linux-x86_64

Version: 1.1
Flags: --no-stop-on-test-error
Check: compiled code
Result: NOTE
    File ‘blkergm/libs/blkergm.so’:
     Found no calls to: ‘R_registerRoutines’, ‘R_useDynamicSymbols’
    
    It is good practice to register native routines and to disable symbol
    search.
    
    See ‘Writing portable packages’ in the ‘Writing R Extensions’ manual.
Flavors: r-devel-linux-x86_64-fedora-clang, r-devel-linux-x86_64-fedora-gcc, r-devel-macos-x86_64-clang