CRAN Package Check Results for Package blkergm

Last updated on 2014-07-25 23:48:33.

Flavor Version Tinstall Tcheck Ttotal Status Flags
r-devel-linux-x86_64-debian-clang 1.0 4.60 38.61 43.21 NOTE
r-devel-linux-x86_64-debian-gcc 1.0 5.17 37.68 42.85 NOTE
r-devel-linux-x86_64-fedora-clang 1.0 104.42 NOTE
r-devel-linux-x86_64-fedora-gcc 1.0 95.10 NOTE
r-devel-osx-x86_64-clang 1.0 82.78 NOTE
r-devel-windows-ix86+x86_64 1.0 15.00 70.00 85.00 NOTE
r-patched-linux-x86_64 1.0 5.24 38.50 43.74 NOTE
r-patched-solaris-sparc 1.0 539.30 NOTE
r-patched-solaris-x86 1.0 132.00 NOTE
r-release-linux-ix86 1.0 6.60 48.11 54.70 NOTE
r-release-linux-x86_64 1.0 5.38 38.93 44.30 NOTE
r-release-osx-x86_64-mavericks 1.0 NOTE
r-release-osx-x86_64-snowleopard 1.0 OK
r-release-windows-ix86+x86_64 1.0 15.00 69.00 84.00 NOTE
r-oldrel-windows-ix86+x86_64 1.0 19.00 74.00 93.00 NOTE

Check Details

Version: 1.0
Check: dependencies in R code
Result: NOTE
    Packages in Depends field not imported from:
     ‘ergm’ ‘ergm.userterms’
     These packages need to be imported from (in the NAMESPACE file)
     for when this namespace is loaded but not attached.
    See the information on DESCRIPTION files in the chapter ‘Creating R
    packages’ of the ‘Writing R Extensions’ manual.
Flavors: r-devel-linux-x86_64-debian-clang, r-devel-linux-x86_64-debian-gcc, r-devel-linux-x86_64-fedora-clang, r-devel-linux-x86_64-fedora-gcc, r-devel-osx-x86_64-clang, r-devel-windows-ix86+x86_64, r-patched-linux-x86_64, r-patched-solaris-sparc, r-patched-solaris-x86, r-release-linux-ix86, r-release-linux-x86_64, r-release-osx-x86_64-mavericks, r-release-windows-ix86+x86_64, r-oldrel-windows-ix86+x86_64