CRAN Package Check Results for Package blkergm

Last updated on 2017-08-17 09:46:48.

Flavor Version Tinstall Tcheck Ttotal Status Flags
r-devel-linux-x86_64-debian-clang 1.1 4.37 36.07 40.44 NOTE
r-devel-linux-x86_64-debian-gcc 1.1 4.43 34.69 39.12 NOTE
r-devel-linux-x86_64-fedora-clang 1.1 87.60 NOTE
r-devel-linux-x86_64-fedora-gcc 1.1 88.33 NOTE
r-devel-windows-ix86+x86_64 1.1 17.00 84.00 101.00 OK
r-patched-linux-x86_64 1.1 4.25 35.66 39.91 NOTE
r-patched-solaris-x86 1.1 121.80 OK
r-release-linux-x86_64 1.1 4.53 35.10 39.63 NOTE
r-release-windows-ix86+x86_64 1.1 15.00 86.00 101.00 OK
r-release-osx-x86_64 1.1 OK
r-oldrel-windows-ix86+x86_64 1.1 18.00 77.00 95.00 OK
r-oldrel-osx-x86_64 1.1 OK

Check Details

Version: 1.1
Check: compiled code
Result: NOTE
    File ‘blkergm/libs/blkergm.so’:
     Found no calls to: ‘R_registerRoutines’, ‘R_useDynamicSymbols’
    
    It is good practice to register native routines and to disable symbol
    search.
    
    See ‘Writing portable packages’ in the ‘Writing R Extensions’ manual.
Flavors: r-devel-linux-x86_64-debian-clang, r-devel-linux-x86_64-debian-gcc, r-devel-linux-x86_64-fedora-clang, r-devel-linux-x86_64-fedora-gcc, r-patched-linux-x86_64, r-release-linux-x86_64