CRAN Package Check Results for Package blkergm

Last updated on 2014-08-29 13:48:00.

Flavor Version Tinstall Tcheck Ttotal Status Flags
r-devel-linux-x86_64-debian-clang 1.1 4.26 42.18 46.45 OK
r-devel-linux-x86_64-debian-gcc 1.1 5.02 41.36 46.38 OK
r-devel-linux-x86_64-fedora-clang 1.1 115.80 OK
r-devel-linux-x86_64-fedora-gcc 1.1 106.18 OK
r-devel-osx-x86_64-clang 1.1 87.76 OK
r-devel-windows-ix86+x86_64 1.1 21.00 113.00 134.00 OK
r-patched-linux-x86_64 1.1 6.28 42.34 48.63 OK
r-patched-solaris-sparc 1.1 548.50 OK
r-patched-solaris-x86 1.1 119.60 OK
r-release-linux-ix86 1.0 6.59 52.27 58.86 NOTE
r-release-linux-x86_64 1.1 5.14 43.54 48.67 OK
r-release-osx-x86_64-mavericks 1.1 OK
r-release-osx-x86_64-snowleopard 1.0 OK
r-release-windows-ix86+x86_64 1.1 18.00 84.00 102.00 OK
r-oldrel-windows-ix86+x86_64 1.1 18.00 87.00 105.00 OK

Check Details

Version: 1.0
Check: dependencies in R code
Result: NOTE
    Packages in Depends field not imported from:
     ‘ergm’ ‘ergm.userterms’
     These packages need to be imported from (in the NAMESPACE file)
     for when this namespace is loaded but not attached.
    See the information on DESCRIPTION files in the chapter ‘Creating R
    packages’ of the ‘Writing R Extensions’ manual.
Flavor: r-release-linux-ix86