CRAN Package Check Results for Package blkergm

Last updated on 2015-04-28 11:48:18.

Flavor Version Tinstall Tcheck Ttotal Status Flags
r-devel-linux-x86_64-debian-clang 1.1 4.01 36.04 40.05 OK
r-devel-linux-x86_64-debian-gcc 1.1 4.62 35.26 39.88 OK
r-devel-linux-x86_64-fedora-clang 1.1 81.22 OK
r-devel-linux-x86_64-fedora-gcc 1.1 78.99 OK
r-devel-osx-x86_64-clang 1.1 73.03 OK
r-devel-windows-ix86+x86_64 1.1 16.00 72.00 88.00 OK
r-patched-linux-x86_64 1.1 4.38 34.92 39.30 OK
r-patched-solaris-sparc 1.1 479.90 OK
r-patched-solaris-x86 1.1 112.70 OK
r-release-linux-x86_64 1.1 4.52 34.80 39.32 OK
r-release-osx-x86_64-mavericks 1.1 ERROR
r-release-osx-x86_64-snowleopard 1.1 OK
r-release-windows-ix86+x86_64 1.1 15.00 78.00 93.00 OK
r-oldrel-windows-ix86+x86_64 1.1 15.00 92.00 107.00 OK

Check Details

Version: 1.1
Check: package dependencies
Result: ERROR
    Package required but not available: ‘ergm’
    
    See section ‘The DESCRIPTION file’ in the ‘Writing R Extensions’
    manual.
Flavor: r-release-osx-x86_64-mavericks