CRAN Package Check Results for Package blkergm

Last updated on 2018-05-25 10:48:06 CEST.

Flavor Version Tinstall Tcheck Ttotal Status Flags
r-devel-linux-x86_64-debian-clang 1.1 8.34 55.92 64.26 NOTE
r-devel-linux-x86_64-debian-gcc 1.1 6.17 51.33 57.50 NOTE
r-devel-linux-x86_64-fedora-clang 1.1 86.57 NOTE
r-devel-linux-x86_64-fedora-gcc 1.1 96.24 NOTE
r-devel-windows-ix86+x86_64 1.1 16.00 130.00 146.00 OK
r-patched-linux-x86_64 1.1 5.68 54.54 60.22 NOTE
r-patched-solaris-x86 1.1 118.90 OK
r-release-linux-x86_64 1.1 6.74 54.60 61.34 NOTE
r-release-windows-ix86+x86_64 1.1 24.00 121.00 145.00 OK
r-release-osx-x86_64 1.1 OK
r-oldrel-windows-ix86+x86_64 1.1 22.00 84.00 106.00 OK
r-oldrel-osx-x86_64 1.1 OK

Check Details

Version: 1.1
Check: compiled code
Result: NOTE
    File ‘blkergm/libs/blkergm.so’:
     Found no calls to: ‘R_registerRoutines’, ‘R_useDynamicSymbols’
    
    It is good practice to register native routines and to disable symbol
    search.
    
    See ‘Writing portable packages’ in the ‘Writing R Extensions’ manual.
Flavors: r-devel-linux-x86_64-debian-clang, r-devel-linux-x86_64-debian-gcc, r-devel-linux-x86_64-fedora-clang, r-devel-linux-x86_64-fedora-gcc, r-patched-linux-x86_64, r-release-linux-x86_64