CRAN Package Check Results for Package blkergm

Last updated on 2014-04-25 05:47:12.

Flavor Version Tinstall Tcheck Ttotal Status Flags
r-devel-linux-x86_64-debian-clang 1.0 4.99 40.85 45.84 NOTE
r-devel-linux-x86_64-debian-gcc 1.0 5.43 40.30 45.73 NOTE
r-devel-linux-x86_64-fedora-clang 1.0 102.36 NOTE
r-devel-linux-x86_64-fedora-gcc 1.0 100.09 NOTE
r-devel-osx-x86_64-clang 1.0 80.63 NOTE
r-devel-osx-x86_64-gcc 1.0 ERROR
r-devel-windows-ix86+x86_64 1.0 17.00 69.00 86.00 NOTE
r-patched-linux-x86_64 1.0 5.54 39.80 45.34 NOTE
r-patched-solaris-sparc 1.0 539.30 NOTE
r-patched-solaris-x86 1.0 131.00 NOTE
r-release-linux-ix86 1.0 9.00 66.00 75.00 NOTE
r-release-linux-x86_64 1.0 5.38 40.39 45.77 NOTE
r-release-osx-x86_64-mavericks 1.0 WARN
r-release-osx-x86_64-snowleopard 1.0 OK
r-release-windows-ix86+x86_64 1.0 16.00 73.00 89.00 NOTE
r-oldrel-windows-ix86+x86_64 1.0 18.00 69.00 87.00 NOTE

Check Details

Version: 1.0
Check: dependencies in R code
Result: NOTE
    Packages in Depends field not imported from:
     ‘ergm’ ‘ergm.userterms’
     These packages need to be imported from (in the NAMESPACE file)
     for when this namespace is loaded but not attached.
    See the information on DESCRIPTION files in the chapter ‘Creating R
    packages’ of the ‘Writing R Extensions’ manual.
Flavors: r-devel-linux-x86_64-debian-clang, r-devel-linux-x86_64-debian-gcc, r-devel-linux-x86_64-fedora-clang, r-devel-linux-x86_64-fedora-gcc, r-devel-osx-x86_64-clang, r-devel-windows-ix86+x86_64, r-patched-linux-x86_64, r-patched-solaris-sparc, r-patched-solaris-x86, r-release-linux-ix86, r-release-linux-x86_64, r-release-osx-x86_64-mavericks, r-release-windows-ix86+x86_64, r-oldrel-windows-ix86+x86_64

Version: 1.0
Check: package dependencies
Result: ERROR
    Packages required but not available: ‘ergm’ ‘ergm.userterms’
    
    See the information on DESCRIPTION files in the chapter ‘Creating R
    packages’ of the ‘Writing R Extensions’ manual.
Flavor: r-devel-osx-x86_64-gcc

Version: 1.0
Check: PDF version of manual
Result: WARNING
    LaTeX errors when creating PDF version.
    This typically indicates Rd problems.
    LaTeX errors found:
    ! LaTeX Error: File `upquote.sty' not found.
    
    Type X to quit or <RETURN> to proceed,
    or enter new name. (Default extension: sty)
    
    eb367b1/Rd2.tex:8: ==> Fatal error occurred, no output PDF file produced!
Flavor: r-release-osx-x86_64-mavericks