CRAN Package Check Results for Package blkergm

Last updated on 2017-10-23 01:46:33.

Flavor Version Tinstall Tcheck Ttotal Status Flags
r-devel-linux-x86_64-debian-clang 1.1 4.37 35.29 39.66 NOTE
r-devel-linux-x86_64-debian-gcc 1.1 5.42 40.40 45.82 NOTE
r-devel-linux-x86_64-fedora-clang 1.1 89.29 NOTE
r-devel-linux-x86_64-fedora-gcc 1.1 90.34 NOTE
r-devel-windows-ix86+x86_64 1.1 14.00 81.00 95.00 OK
r-patched-linux-x86_64 1.1 4.34 36.30 40.64 NOTE
r-patched-solaris-x86 1.1 123.50 OK
r-release-linux-x86_64 1.1 4.50 35.88 40.38 NOTE
r-release-windows-ix86+x86_64 1.1 20.00 117.00 137.00 OK
r-release-osx-x86_64 1.1 OK
r-oldrel-windows-ix86+x86_64 1.1 13.00 98.00 111.00 OK
r-oldrel-osx-x86_64 1.1 OK

Check Details

Version: 1.1
Check: compiled code
Result: NOTE
    File ‘blkergm/libs/blkergm.so’:
     Found no calls to: ‘R_registerRoutines’, ‘R_useDynamicSymbols’
    
    It is good practice to register native routines and to disable symbol
    search.
    
    See ‘Writing portable packages’ in the ‘Writing R Extensions’ manual.
Flavors: r-devel-linux-x86_64-debian-clang, r-devel-linux-x86_64-debian-gcc, r-devel-linux-x86_64-fedora-clang, r-devel-linux-x86_64-fedora-gcc, r-patched-linux-x86_64, r-release-linux-x86_64