CRAN Package Check Results for Package blkergm

Last updated on 2017-02-22 06:48:02.

Flavor Version Tinstall Tcheck Ttotal Status Flags
r-devel-linux-x86_64-debian-clang 1.1 4.20 35.81 40.01 NOTE
r-devel-linux-x86_64-debian-gcc 1.1 4.44 35.51 39.96 NOTE
r-devel-linux-x86_64-fedora-clang 1.1 87.12 NOTE --no-stop-on-test-error
r-devel-linux-x86_64-fedora-gcc 1.1 85.13 NOTE --no-stop-on-test-error
r-devel-macos-x86_64-clang 1.1 68.32 NOTE --no-stop-on-test-error
r-devel-windows-ix86+x86_64 1.1 22.00 172.00 194.00 OK
r-patched-linux-x86_64 1.1 3.92 30.97 34.89 OK
r-patched-solaris-sparc 1.1 448.10 OK
r-patched-solaris-x86 1.1 104.90 OK
r-release-linux-x86_64 1.1 4.30 30.90 35.21 OK
r-release-osx-x86_64-mavericks 1.1 OK
r-release-windows-ix86+x86_64 1.1 33.00 78.00 111.00 OK
r-oldrel-windows-ix86+x86_64 1.1 20.00 110.00 130.00 OK

Check Details

Version: 1.1
Check: compiled code
Result: NOTE
    File ‘blkergm/libs/blkergm.so’:
     Found no calls to: ‘R_registerRoutines’, ‘R_useDynamicSymbols’
    
    It is good practice to register native routines and to disable symbol
    search.
    
    See ‘Writing portable packages’ in the ‘Writing R Extensions’ manual.
Flavors: r-devel-linux-x86_64-debian-clang, r-devel-linux-x86_64-debian-gcc

Version: 1.1
Flags: --no-stop-on-test-error
Check: compiled code
Result: NOTE
    File ‘blkergm/libs/blkergm.so’:
     Found no calls to: ‘R_registerRoutines’, ‘R_useDynamicSymbols’
    
    It is good practice to register native routines and to disable symbol
    search.
    
    See ‘Writing portable packages’ in the ‘Writing R Extensions’ manual.
Flavors: r-devel-linux-x86_64-fedora-clang, r-devel-linux-x86_64-fedora-gcc, r-devel-macos-x86_64-clang