CRAN Package Check Results for Package blm

Last updated on 2015-07-28 19:47:46.

Flavor Version Tinstall Tcheck Ttotal Status Flags
r-devel-linux-x86_64-debian-clang 2013.2.4.4 1.11 18.24 19.34 NOTE
r-devel-linux-x86_64-debian-gcc 2013.2.4.4 1.00 17.64 18.63 NOTE
r-devel-linux-x86_64-fedora-clang 2013.2.4.4 36.77 NOTE
r-devel-linux-x86_64-fedora-gcc 2013.2.4.4 34.55 NOTE
r-devel-osx-x86_64-clang 2013.2.4.4 33.45 OK
r-devel-windows-ix86+x86_64 2013.2.4.4 4.00 31.00 35.00 NOTE
r-patched-linux-x86_64 2013.2.4.4 1.15 18.09 19.24 OK
r-patched-solaris-sparc 2013.2.4.4 240.00 OK
r-patched-solaris-x86 2013.2.4.4 51.60 OK
r-release-linux-x86_64 2013.2.4.4 1.02 18.18 19.20 OK
r-release-osx-x86_64-mavericks 2013.2.4.4 OK
r-release-windows-ix86+x86_64 2013.2.4.4 4.00 28.00 32.00 OK
r-oldrel-windows-ix86+x86_64 2013.2.4.4 5.00 30.00 35.00 OK

Check Details

Version: 2013.2.4.4
Check: R code for possible problems
Result: NOTE
    EO: no visible global function definition for ‘qnorm’
    LRT: no visible global function definition for ‘pchisq’
    LRT.blm: no visible global function definition for ‘terms’
    LRT.blm: no visible global function definition for ‘update’
    LRT.lexpit: no visible global function definition for ‘terms’
    LRT.lexpit: no visible global function definition for ‘update’
    LRT.lexpit: no visible global function definition for ‘glm’
    blm: no visible binding for global variable ‘na.omit’
    blm: no visible global function definition for ‘model.frame’
    blm: no visible global function definition for ‘model.matrix’
    blm: no visible global function definition for ‘terms’
    blm.cohort: no visible binding for global variable ‘na.omit’
    blm.cohort : blm.cohort.optim: no visible global function definition
     for ‘constrOptim’
    blm.cohort: no visible global function definition for ‘model.frame’
    blm.cohort: no visible global function definition for ‘model.matrix’
    blm.leverage: no visible global function definition for ‘model.matrix’
    blm.optim: no visible global function definition for ‘constrOptim’
    crude.risk: no visible binding for global variable ‘na.omit’
    crude.risk : risk: no visible global function definition for ‘quantile’
    crude.risk : covariate: no visible global function definition for
     ‘quantile’
    gof: no visible global function definition for ‘quantile’
    gof: no visible global function definition for ‘pchisq’
    gof: no visible global function definition for ‘pf’
    gof.pearson: no visible global function definition for ‘model.matrix’
    gof.pearson: no visible global function definition for ‘pchisq’
    influence.blm: no visible global function definition for ‘binomial’
    influence.blm: no visible global function definition for ‘make.link’
    influence.blm: no visible global function definition for ‘lm.influence’
    influence.lexpit: no visible global function definition for
     ‘lm.influence’
    lexpit: no visible binding for global variable ‘na.omit’
    lexpit: no visible global function definition for ‘model.frame’
    lexpit: no visible global function definition for ‘model.matrix’
    lexpit: no visible global function definition for ‘terms’
    lexpit: no visible binding for global variable ‘glm’
    lexpit.leverage: no visible global function definition for
     ‘model.matrix’
    predict.se.blm: no visible global function definition for
     ‘model.matrix’
    predict.se.blm: no visible global function definition for ‘update’
    predict.se.blm: no visible global function definition for ‘terms’
    risk.exposure.plot: no visible global function definition for
     ‘scatter.smooth’
    stage1.optim: no visible global function definition for ‘constrOptim’
    stage2.optim: no visible global function definition for ‘nlm’
    tapply.risk: no visible global function definition for ‘model.frame’
    vcov.blm.big: no visible global function definition for ‘binomial’
    vcov.blm.big: no visible global function definition for ‘make.link’
    vcov.lexpit.big: no visible global function definition for ‘binomial’
    vcov.lexpit.big: no visible global function definition for ‘make.link’
    which.at.boundary: no visible global function definition for
     ‘model.matrix’
    confint,blm: no visible global function definition for ‘qnorm’
    confint,lexpit: no visible global function definition for ‘qnorm’
    predict,blm: no visible global function definition for ‘model.matrix’
    predict,blm: no visible global function definition for ‘update’
    predict,blm: no visible global function definition for ‘terms’
    predict,lexpit: no visible global function definition for
     ‘model.matrix’
    predict,lexpit: no visible global function definition for ‘update’
    predict,lexpit: no visible global function definition for ‘terms’
    summary,blm : <anonymous>: no visible global function definition for
     ‘pt’
    summary,blm: no visible global function definition for ‘printCoefmat’
    summary,lexpit : <anonymous>: no visible global function definition for
     ‘pt’
    summary,lexpit: no visible global function definition for
     ‘printCoefmat’
    Undefined global functions or variables:
     binomial constrOptim glm lm.influence make.link model.frame
     model.matrix na.omit nlm pchisq pf printCoefmat pt qnorm quantile
     scatter.smooth terms update
    Consider adding
     importFrom("stats", "binomial", "constrOptim", "glm", "lm.influence",
     "make.link", "model.frame", "model.matrix", "na.omit",
     "nlm", "pchisq", "pf", "printCoefmat", "pt", "qnorm",
     "quantile", "scatter.smooth", "terms", "update")
    to your NAMESPACE.
Flavors: r-devel-linux-x86_64-debian-clang, r-devel-linux-x86_64-debian-gcc, r-devel-linux-x86_64-fedora-clang, r-devel-linux-x86_64-fedora-gcc, r-devel-windows-ix86+x86_64