CRAN Package Check Results for Package blme

Last updated on 2015-07-30 17:47:04.

Flavor Version Tinstall Tcheck Ttotal Status Flags
r-devel-linux-x86_64-debian-clang 1.0-4 3.66 54.00 57.65 NOTE
r-devel-linux-x86_64-debian-gcc 1.0-4 4.14 52.60 56.74 NOTE
r-devel-linux-x86_64-fedora-clang 1.0-4 120.22 NOTE
r-devel-linux-x86_64-fedora-gcc 1.0-4 115.10 NOTE
r-devel-osx-x86_64-clang 1.0-4 100.41 OK
r-devel-windows-ix86+x86_64 1.0-4 9.00 86.00 95.00 NOTE
r-patched-linux-x86_64 1.0-4 3.53 54.51 58.04 OK
r-patched-solaris-sparc 1.0-4 721.40 OK
r-patched-solaris-x86 1.0-4 156.30 OK
r-release-linux-x86_64 1.0-4 3.58 52.94 56.52 OK
r-release-osx-x86_64-mavericks 1.0-4 OK
r-release-windows-ix86+x86_64 1.0-4 13.00 85.00 98.00 OK
r-oldrel-windows-ix86+x86_64 1.0-4 13.00 106.00 119.00 OK

Check Details

Version: 1.0-4
Check: R code for possible problems
Result: NOTE
    bglmer: no visible global function definition for ‘packageVersion’
    getBglmerDevianceFunctionBody: no visible global function definition
     for ‘packageVersion’
    getParInfo : <anonymous>: no visible global function definition for
     ‘sd’
    makeRefitDevFun: no visible global function definition for
     ‘packageVersion’
    mkBglmerDevfun: no visible global function definition for
     ‘packageVersion’
    namedList: no visible global function definition for ‘setNames’
    refit.bmerMod: no visible global function definition for
     ‘packageVersion’
    refit.bmerMod: no visible global function definition for ‘model.frame’
    refit.bmerMod: no visible global function definition for ‘family’
    refit.bmerMod: no visible global function definition for ‘getCall’
    Undefined global functions or variables:
     family getCall model.frame packageVersion sd setNames
    Consider adding
     importFrom("stats", "family", "getCall", "model.frame", "sd",
     "setNames")
     importFrom("utils", "packageVersion")
    to your NAMESPACE.
Flavors: r-devel-linux-x86_64-debian-clang, r-devel-linux-x86_64-debian-gcc, r-devel-linux-x86_64-fedora-clang, r-devel-linux-x86_64-fedora-gcc, r-devel-windows-ix86+x86_64