CRAN Package Check Results for Package blme

Last updated on 2015-05-22 13:46:45.

Flavor Version Tinstall Tcheck Ttotal Status Flags
r-devel-linux-x86_64-debian-clang 1.0-2 3.85 54.12 57.98 OK
r-devel-linux-x86_64-debian-gcc 1.0-2 3.43 52.22 55.64 OK
r-devel-linux-x86_64-fedora-clang ERROR
r-devel-linux-x86_64-fedora-gcc 1.0-2 113.79 OK
r-devel-osx-x86_64-clang 1.0-2 106.50 OK
r-devel-windows-ix86+x86_64 1.0-2 14.00 73.00 87.00 OK
r-patched-linux-x86_64 1.0-2 3.73 54.08 57.81 OK
r-patched-solaris-sparc 1.0-2 681.50 OK
r-patched-solaris-x86 1.0-2 152.50 OK
r-release-linux-x86_64 1.0-2 3.70 51.86 55.56 OK
r-release-osx-x86_64-mavericks 1.0-2 OK
r-release-osx-x86_64-snowleopard 1.0-2 OK
r-release-windows-ix86+x86_64 1.0-2 11.00 80.00 91.00 OK
r-oldrel-windows-ix86+x86_64 1.0-2 15.00 92.00 107.00 OK

Check Details

Version: 1.0-2
Check: whether package can be installed
Result: ERROR
    Installation failed.
Flavor: r-devel-linux-x86_64-fedora-clang