CRAN Package Check Results for Package blme

Last updated on 2017-03-27 21:48:31.

Flavor Version Tinstall Tcheck Ttotal Status Flags
r-devel-linux-x86_64-debian-clang 1.0-4 3.01 55.77 58.78 NOTE
r-devel-linux-x86_64-debian-gcc 1.0-4 3.15 54.84 57.99 NOTE
r-devel-linux-x86_64-fedora-clang 1.0-4 133.51 NOTE --no-stop-on-test-error
r-devel-linux-x86_64-fedora-gcc 1.0-4 128.27 NOTE --no-stop-on-test-error
r-devel-macos-x86_64-clang 1.0-4 98.91 NOTE --no-stop-on-test-error
r-devel-windows-ix86+x86_64 1.0-4 10.00 103.00 113.00 NOTE
r-patched-linux-x86_64 1.0-4 3.36 55.35 58.71 NOTE
r-patched-solaris-sparc 1.0-4 747.90 NOTE
r-patched-solaris-x86 1.0-4 159.20 NOTE
r-release-linux-x86_64 1.0-4 3.37 50.00 53.37 NOTE
r-release-osx-x86_64-mavericks 1.0-4 NOTE
r-release-windows-ix86+x86_64 1.0-4 11.00 83.00 94.00 NOTE
r-oldrel-windows-ix86+x86_64 1.0-4 9.00 97.00 106.00 OK

Check Details

Version: 1.0-4
Check: R code for possible problems
Result: NOTE
    bglmer: no visible global function definition for ‘packageVersion’
    getBglmerDevianceFunctionBody: no visible global function definition
     for ‘packageVersion’
    getParInfo : <anonymous>: no visible global function definition for
     ‘sd’
    makeRefitDevFun: no visible global function definition for
     ‘packageVersion’
    mkBglmerDevfun: no visible global function definition for
     ‘packageVersion’
    namedList: no visible global function definition for ‘setNames’
    refit.bmerMod: no visible global function definition for
     ‘packageVersion’
    refit.bmerMod: no visible global function definition for ‘model.frame’
    refit.bmerMod: no visible global function definition for ‘family’
    refit.bmerMod: no visible global function definition for ‘getCall’
    Undefined global functions or variables:
     family getCall model.frame packageVersion sd setNames
    Consider adding
     importFrom("stats", "family", "getCall", "model.frame", "sd",
     "setNames")
     importFrom("utils", "packageVersion")
    to your NAMESPACE file.
Flavors: r-devel-linux-x86_64-debian-clang, r-devel-linux-x86_64-debian-gcc, r-devel-windows-ix86+x86_64, r-patched-linux-x86_64, r-patched-solaris-sparc, r-patched-solaris-x86, r-release-linux-x86_64, r-release-osx-x86_64-mavericks, r-release-windows-ix86+x86_64

Version: 1.0-4
Flags: --no-stop-on-test-error
Check: R code for possible problems
Result: NOTE
    bglmer: no visible global function definition for ‘packageVersion’
    getBglmerDevianceFunctionBody: no visible global function definition
     for ‘packageVersion’
    getParInfo : <anonymous>: no visible global function definition for
     ‘sd’
    makeRefitDevFun: no visible global function definition for
     ‘packageVersion’
    mkBglmerDevfun: no visible global function definition for
     ‘packageVersion’
    namedList: no visible global function definition for ‘setNames’
    refit.bmerMod: no visible global function definition for
     ‘packageVersion’
    refit.bmerMod: no visible global function definition for ‘model.frame’
    refit.bmerMod: no visible global function definition for ‘family’
    refit.bmerMod: no visible global function definition for ‘getCall’
    Undefined global functions or variables:
     family getCall model.frame packageVersion sd setNames
    Consider adding
     importFrom("stats", "family", "getCall", "model.frame", "sd",
     "setNames")
     importFrom("utils", "packageVersion")
    to your NAMESPACE file.
Flavors: r-devel-linux-x86_64-fedora-clang, r-devel-linux-x86_64-fedora-gcc, r-devel-macos-x86_64-clang