CRAN Package Check Results for Package blme

Last updated on 2019-07-19 01:47:11 CEST.

Flavor Version Tinstall Tcheck Ttotal Status Flags
r-devel-linux-x86_64-debian-clang 1.0-4 10.67 86.02 96.69 NOTE
r-devel-linux-x86_64-debian-gcc 1.0-4 8.26 68.37 76.63 NOTE
r-devel-linux-x86_64-fedora-clang 1.0-4 114.02 NOTE
r-devel-linux-x86_64-fedora-gcc 1.0-4 111.88 NOTE
r-devel-windows-ix86+x86_64 1.0-4 24.00 98.00 122.00 NOTE
r-patched-linux-x86_64 1.0-4 11.23 84.58 95.81 NOTE
r-patched-solaris-x86 1.0-4 171.00 NOTE
r-release-linux-x86_64 1.0-4 11.34 85.14 96.48 NOTE
r-release-windows-ix86+x86_64 1.0-4 16.00 92.00 108.00 NOTE
r-release-osx-x86_64 1.0-4 NOTE
r-oldrel-windows-ix86+x86_64 1.0-4 12.00 126.00 138.00 NOTE
r-oldrel-osx-x86_64 1.0-4 NOTE

Check Details

Version: 1.0-4
Check: R code for possible problems
Result: NOTE
    bglmer: no visible global function definition for 'packageVersion'
    getBglmerDevianceFunctionBody: no visible global function definition
     for 'packageVersion'
    getParInfo : <anonymous>: no visible global function definition for
     'sd'
    makeRefitDevFun: no visible global function definition for
     'packageVersion'
    mkBglmerDevfun: no visible global function definition for
     'packageVersion'
    namedList: no visible global function definition for 'setNames'
    refit.bmerMod: no visible global function definition for
     'packageVersion'
    refit.bmerMod: no visible global function definition for 'model.frame'
    refit.bmerMod: no visible global function definition for 'family'
    refit.bmerMod: no visible global function definition for 'getCall'
    Undefined global functions or variables:
     family getCall model.frame packageVersion sd setNames
    Consider adding
     importFrom("stats", "family", "getCall", "model.frame", "sd",
     "setNames")
     importFrom("utils", "packageVersion")
    to your NAMESPACE file.
Flavors: r-devel-linux-x86_64-debian-clang, r-devel-linux-x86_64-debian-gcc, r-devel-linux-x86_64-fedora-clang, r-devel-linux-x86_64-fedora-gcc, r-devel-windows-ix86+x86_64, r-patched-linux-x86_64, r-patched-solaris-x86, r-release-linux-x86_64, r-release-windows-ix86+x86_64, r-release-osx-x86_64, r-oldrel-windows-ix86+x86_64, r-oldrel-osx-x86_64