CRAN Package Check Results for Package blockTools

Last updated on 2018-01-20 05:48:57 CET.

Flavor Version Tinstall Tcheck Ttotal Status Flags
r-devel-linux-x86_64-debian-clang 0.6-3 2.49 42.19 44.68 NOTE
r-devel-linux-x86_64-debian-gcc 0.6-3 1.92 32.47 34.39 NOTE
r-devel-linux-x86_64-fedora-clang 0.6-3 52.31 NOTE
r-devel-linux-x86_64-fedora-gcc 0.6-3 50.07 NOTE
r-devel-windows-ix86+x86_64 0.6-3 9.00 73.00 82.00 OK
r-patched-linux-x86_64 0.6-3 2.39 41.42 43.81 NOTE
r-patched-solaris-x86 0.6-3 71.40 OK
r-release-linux-x86_64 0.6-3 2.64 42.43 45.07 NOTE
r-release-windows-ix86+x86_64 0.6-3 15.00 60.00 75.00 OK
r-release-osx-x86_64 0.6-3 OK
r-oldrel-windows-ix86+x86_64 0.6-3 14.00 75.00 89.00 OK
r-oldrel-osx-x86_64 0.6-3 NOTE

Check Details

Version: 0.6-3
Check: compiled code
Result: NOTE
    File ‘blockTools/libs/blockTools.so’:
     Found no calls to: ‘R_registerRoutines’, ‘R_useDynamicSymbols’
    
    It is good practice to register native routines and to disable symbol
    search.
    
    See ‘Writing portable packages’ in the ‘Writing R Extensions’ manual.
Flavors: r-devel-linux-x86_64-debian-clang, r-devel-linux-x86_64-debian-gcc, r-devel-linux-x86_64-fedora-clang, r-devel-linux-x86_64-fedora-gcc, r-patched-linux-x86_64, r-release-linux-x86_64

Version: 0.6-3
Check: dependencies in R code
Result: NOTE
    
    This data.table install has not detected OpenMP support. It will work but slower in single threaded mode.
Flavor: r-oldrel-osx-x86_64