CRAN Package Check Results for Package blockTools

Last updated on 2017-05-30 08:48:30.

Flavor Version Tinstall Tcheck Ttotal Status Flags
r-devel-linux-x86_64-debian-clang 0.6-3 2.00 27.63 29.63 NOTE
r-devel-linux-x86_64-debian-gcc 0.6-3 1.89 27.66 29.54 NOTE
r-devel-linux-x86_64-fedora-clang 0.6-3 56.13 NOTE
r-devel-linux-x86_64-fedora-gcc 0.6-3 52.63 NOTE
r-devel-windows-ix86+x86_64 0.6-3 10.00 96.00 106.00 OK
r-patched-linux-x86_64 0.6-3 1.83 27.16 28.98 NOTE
r-patched-solaris-sparc 0.6-3 328.20 OK
r-patched-solaris-x86 0.6-3 67.10 OK
r-release-linux-x86_64 0.6-3 2.08 28.00 30.08 NOTE
r-release-windows-ix86+x86_64 0.6-3 13.00 90.00 103.00 OK
r-release-osx-x86_64 0.6-3 OK
r-oldrel-windows-ix86+x86_64 0.6-3 10.00 57.00 67.00 OK
r-oldrel-osx-x86_64 0.6-3 NOTE

Check Details

Version: 0.6-3
Check: compiled code
Result: NOTE
    File ‘blockTools/libs/blockTools.so’:
     Found no calls to: ‘R_registerRoutines’, ‘R_useDynamicSymbols’
    
    It is good practice to register native routines and to disable symbol
    search.
    
    See ‘Writing portable packages’ in the ‘Writing R Extensions’ manual.
Flavors: r-devel-linux-x86_64-debian-clang, r-devel-linux-x86_64-debian-gcc, r-devel-linux-x86_64-fedora-clang, r-devel-linux-x86_64-fedora-gcc, r-patched-linux-x86_64, r-release-linux-x86_64

Version: 0.6-3
Check: dependencies in R code
Result: NOTE
    
    This data.table install has not detected OpenMP support. It will work but slower in single threaded mode.
Flavor: r-oldrel-osx-x86_64