CRAN Package Check Results for Package blockTools

Last updated on 2016-09-29 00:47:01.

Flavor Version Tinstall Tcheck Ttotal Status Flags
r-devel-linux-x86_64-debian-clang 0.6-2 1.62 21.76 23.39 NOTE
r-devel-linux-x86_64-debian-gcc 0.6-2 1.47 21.29 22.76 NOTE
r-devel-linux-x86_64-fedora-clang 0.6-2 41.54 NOTE
r-devel-linux-x86_64-fedora-gcc 0.6-2 37.76 NOTE
r-devel-macos-x86_64-clang 0.6-2 33.42 NOTE
r-devel-windows-ix86+x86_64 0.6-2 7.00 62.00 69.00 NOTE
r-patched-linux-x86_64 0.6-2 1.50 21.12 22.62 NOTE
r-patched-solaris-sparc 0.6-2 248.20 NOTE
r-patched-solaris-x86 0.6-2 52.40 NOTE
r-release-linux-x86_64 0.6-2 1.44 21.83 23.26 NOTE
r-release-osx-x86_64-mavericks 0.6-2 NOTE
r-release-windows-ix86+x86_64 0.6-2 11.00 69.00 80.00 NOTE
r-oldrel-windows-ix86+x86_64 0.6-2 15.00 71.00 86.00 OK

Check Details

Version: 0.6-2
Check: R code for possible problems
Result: NOTE
    assg2xBalance: no visible global function definition for ‘formula’
    block: no visible global function definition for ‘quantile’
    block: no visible global function definition for ‘var’
    mahal: no visible global function definition for ‘mahalanobis’
    outCSV: no visible global function definition for ‘write.csv’
    seqblock: no visible global function definition for ‘var’
    seqblock: no visible global function definition for ‘quantile’
    seqblock: no visible binding for global variable ‘median’
    Undefined global functions or variables:
     formula mahalanobis median quantile var write.csv
    Consider adding
     importFrom("stats", "formula", "mahalanobis", "median", "quantile",
     "var")
     importFrom("utils", "write.csv")
    to your NAMESPACE file.
Flavors: r-devel-linux-x86_64-debian-clang, r-devel-linux-x86_64-debian-gcc, r-devel-linux-x86_64-fedora-clang, r-devel-linux-x86_64-fedora-gcc, r-devel-macos-x86_64-clang, r-devel-windows-ix86+x86_64, r-patched-linux-x86_64, r-patched-solaris-sparc, r-patched-solaris-x86, r-release-linux-x86_64, r-release-osx-x86_64-mavericks, r-release-windows-ix86+x86_64