CRAN Package Check Results for Package blockTools

Last updated on 2017-07-28 01:50:50.

Flavor Version Tinstall Tcheck Ttotal Status Flags
r-devel-linux-x86_64-debian-clang 0.6-3 2.00 34.42 36.41 NOTE
r-devel-linux-x86_64-debian-gcc 0.6-3 1.77 33.81 35.58 NOTE
r-devel-linux-x86_64-fedora-clang 0.6-3 55.33 NOTE
r-devel-linux-x86_64-fedora-gcc 0.6-3 55.82 NOTE
r-devel-windows-ix86+x86_64 0.6-3 11.00 64.00 75.00 OK
r-patched-linux-x86_64 0.6-3 1.74 34.88 36.62 NOTE
r-patched-solaris-x86 0.6-3 69.70 OK
r-release-linux-x86_64 0.6-3 1.76 34.54 36.29 NOTE
r-release-windows-ix86+x86_64 0.6-3 20.00 85.00 105.00 OK
r-release-osx-x86_64 0.6-3 OK
r-oldrel-windows-ix86+x86_64 0.6-3 9.00 62.00 71.00 OK
r-oldrel-osx-x86_64 0.6-3 NOTE

Check Details

Version: 0.6-3
Check: compiled code
Result: NOTE
    File ‘blockTools/libs/blockTools.so’:
     Found no calls to: ‘R_registerRoutines’, ‘R_useDynamicSymbols’
    
    It is good practice to register native routines and to disable symbol
    search.
    
    See ‘Writing portable packages’ in the ‘Writing R Extensions’ manual.
Flavors: r-devel-linux-x86_64-debian-clang, r-devel-linux-x86_64-debian-gcc, r-devel-linux-x86_64-fedora-clang, r-devel-linux-x86_64-fedora-gcc, r-patched-linux-x86_64, r-release-linux-x86_64

Version: 0.6-3
Check: dependencies in R code
Result: NOTE
    
    This data.table install has not detected OpenMP support. It will work but slower in single threaded mode.
Flavor: r-oldrel-osx-x86_64