CRAN Package Check Results for Package blockTools

Last updated on 2015-04-28 07:47:09.

Flavor Version Tinstall Tcheck Ttotal Status Flags
r-devel-linux-x86_64-debian-clang 0.6-2 1.32 19.06 20.39 OK
r-devel-linux-x86_64-debian-gcc 0.6-2 1.36 19.29 20.65 OK
r-devel-linux-x86_64-fedora-clang 0.6-2 39.13 OK
r-devel-linux-x86_64-fedora-gcc 0.6-2 36.07 OK
r-devel-osx-x86_64-clang 0.6-2 39.05 OK
r-devel-windows-ix86+x86_64 0.6-2 9.00 37.00 46.00 OK
r-patched-linux-x86_64 0.6-2 1.53 18.33 19.86 OK
r-patched-solaris-sparc 0.6-2 254.60 OK
r-patched-solaris-x86 0.6-2 49.90 OK
r-release-linux-x86_64 0.6-2 1.35 18.47 19.82 OK
r-release-osx-x86_64-mavericks 0.6-2 OK
r-release-osx-x86_64-snowleopard 0.6-2 NOTE
r-release-windows-ix86+x86_64 0.6-2 16.00 51.00 67.00 OK
r-oldrel-windows-ix86+x86_64 0.6-2 6.00 45.00 51.00 OK

Check Details

Version: 0.6-2
Check: package dependencies
Result: NOTE
    Package suggested but not available for checking: ‘nbpMatching’
Flavor: r-release-osx-x86_64-snowleopard