CRAN Package Check Results for Package blockTools

Last updated on 2017-03-25 06:47:36.

Flavor Version Tinstall Tcheck Ttotal Status Flags
r-devel-linux-x86_64-debian-clang 0.6-3 2.01 27.05 29.06 NOTE
r-devel-linux-x86_64-debian-gcc 0.6-3 1.81 27.85 29.66 NOTE
r-devel-linux-x86_64-fedora-clang 0.6-3 56.40 NOTE --no-stop-on-test-error
r-devel-linux-x86_64-fedora-gcc 0.6-3 51.58 NOTE --no-stop-on-test-error
r-devel-macos-x86_64-clang 0.6-3 44.43 NOTE --no-stop-on-test-error
r-patched-linux-x86_64 0.6-3 1.62 24.10 25.72 OK
r-patched-solaris-sparc 0.6-3 328.20 OK
r-patched-solaris-x86 0.6-3 69.00 OK
r-release-linux-x86_64 0.6-3 1.68 24.56 26.23 OK
r-release-osx-x86_64-mavericks 0.6-3 NOTE
r-release-windows-ix86+x86_64 0.6-3 13.00 60.00 73.00 OK
r-oldrel-windows-ix86+x86_64 0.6-3 11.00 58.00 69.00 OK

Check Details

Version: 0.6-3
Check: compiled code
Result: NOTE
    File ‘blockTools/libs/blockTools.so’:
     Found no calls to: ‘R_registerRoutines’, ‘R_useDynamicSymbols’
    
    It is good practice to register native routines and to disable symbol
    search.
    
    See ‘Writing portable packages’ in the ‘Writing R Extensions’ manual.
Flavors: r-devel-linux-x86_64-debian-clang, r-devel-linux-x86_64-debian-gcc

Version: 0.6-3
Flags: --no-stop-on-test-error
Check: compiled code
Result: NOTE
    File ‘blockTools/libs/blockTools.so’:
     Found no calls to: ‘R_registerRoutines’, ‘R_useDynamicSymbols’
    
    It is good practice to register native routines and to disable symbol
    search.
    
    See ‘Writing portable packages’ in the ‘Writing R Extensions’ manual.
Flavors: r-devel-linux-x86_64-fedora-clang, r-devel-linux-x86_64-fedora-gcc, r-devel-macos-x86_64-clang

Version: 0.6-3
Check: dependencies in R code
Result: NOTE
    
    This data.table install has not detected OpenMP support. It will work but slower in single threaded mode.
Flavor: r-release-osx-x86_64-mavericks