CRAN Package Check Results for Package blockTools

Last updated on 2017-02-24 23:52:17.

Flavor Version Tinstall Tcheck Ttotal Status Flags
r-devel-linux-x86_64-debian-clang 0.6-3 1.92 27.26 29.18 NOTE
r-devel-linux-x86_64-debian-gcc 0.6-3 1.88 27.38 29.26 NOTE
r-devel-linux-x86_64-fedora-clang 0.6-3 52.52 NOTE --no-stop-on-test-error
r-devel-linux-x86_64-fedora-gcc 0.6-3 51.57 NOTE --no-stop-on-test-error
r-devel-macos-x86_64-clang 0.6-3 45.08 NOTE --no-stop-on-test-error
r-devel-windows-ix86+x86_64 0.6-3 24.00 84.00 108.00 OK
r-patched-linux-x86_64 0.6-3 1.73 24.15 25.88 OK
r-patched-solaris-sparc 0.6-3 300.80 OK
r-patched-solaris-x86 0.6-3 59.70 OK
r-release-linux-x86_64 0.6-3 1.72 24.50 26.22 OK
r-release-osx-x86_64-mavericks 0.6-3 NOTE
r-release-windows-ix86+x86_64 0.6-3 15.00 56.00 71.00 OK
r-oldrel-windows-ix86+x86_64 0.6-3 22.00 81.00 103.00 OK

Check Details

Version: 0.6-3
Check: compiled code
Result: NOTE
    File ‘blockTools/libs/blockTools.so’:
     Found no calls to: ‘R_registerRoutines’, ‘R_useDynamicSymbols’
    
    It is good practice to register native routines and to disable symbol
    search.
    
    See ‘Writing portable packages’ in the ‘Writing R Extensions’ manual.
Flavors: r-devel-linux-x86_64-debian-clang, r-devel-linux-x86_64-debian-gcc

Version: 0.6-3
Flags: --no-stop-on-test-error
Check: compiled code
Result: NOTE
    File ‘blockTools/libs/blockTools.so’:
     Found no calls to: ‘R_registerRoutines’, ‘R_useDynamicSymbols’
    
    It is good practice to register native routines and to disable symbol
    search.
    
    See ‘Writing portable packages’ in the ‘Writing R Extensions’ manual.
Flavors: r-devel-linux-x86_64-fedora-clang, r-devel-linux-x86_64-fedora-gcc, r-devel-macos-x86_64-clang

Version: 0.6-3
Check: dependencies in R code
Result: NOTE
    
    This data.table install has not detected OpenMP support. It will work but slower in single threaded mode.
Flavor: r-release-osx-x86_64-mavericks