CRAN Package Check Results for Package blockTools

Last updated on 2016-05-30 21:46:28.

Flavor Version Tinstall Tcheck Ttotal Status Flags
r-devel-linux-x86_64-debian-gcc 0.6-2 1.44 20.13 21.57 NOTE
r-devel-linux-x86_64-fedora-clang 0.6-2 40.01 NOTE
r-devel-linux-x86_64-fedora-gcc 0.6-2 37.01 NOTE
r-devel-osx-x86_64-clang 0.6-2 43.30 NOTE
r-devel-windows-ix86+x86_64 0.6-2 8.00 46.00 54.00 NOTE
r-patched-linux-x86_64 0.6-2 1.43 19.85 21.29 NOTE
r-patched-solaris-sparc 0.6-2 235.70 NOTE
r-patched-solaris-x86 0.6-2 49.10 NOTE
r-release-linux-x86_64 0.6-2 1.59 19.67 21.26 NOTE
r-release-osx-x86_64-mavericks 0.6-2 NOTE
r-release-windows-ix86+x86_64 0.6-2 11.00 49.00 60.00 NOTE
r-oldrel-windows-ix86+x86_64 0.6-2 10.00 46.00 56.00 OK

Check Details

Version: 0.6-2
Check: R code for possible problems
Result: NOTE
    assg2xBalance: no visible global function definition for ‘formula’
    block: no visible global function definition for ‘quantile’
    block: no visible global function definition for ‘var’
    mahal: no visible global function definition for ‘mahalanobis’
    outCSV: no visible global function definition for ‘write.csv’
    seqblock: no visible global function definition for ‘var’
    seqblock: no visible global function definition for ‘quantile’
    seqblock: no visible binding for global variable ‘median’
    Undefined global functions or variables:
     formula mahalanobis median quantile var write.csv
    Consider adding
     importFrom("stats", "formula", "mahalanobis", "median", "quantile",
     "var")
     importFrom("utils", "write.csv")
    to your NAMESPACE file.
Flavors: r-devel-linux-x86_64-debian-gcc, r-devel-linux-x86_64-fedora-clang, r-devel-linux-x86_64-fedora-gcc, r-devel-osx-x86_64-clang, r-devel-windows-ix86+x86_64, r-patched-linux-x86_64, r-patched-solaris-sparc, r-patched-solaris-x86, r-release-linux-x86_64, r-release-osx-x86_64-mavericks, r-release-windows-ix86+x86_64