Last updated on 2018-04-21 12:46:25 CEST.
Flavor | Version | Tinstall | Tcheck | Ttotal | Status | Flags |
---|---|---|---|---|---|---|
r-devel-linux-x86_64-debian-clang | 0.6-3 | 5.83 | 39.41 | 45.24 | NOTE | |
r-devel-linux-x86_64-debian-gcc | 0.6-3 | 5.07 | 30.81 | 35.88 | NOTE | |
r-devel-linux-x86_64-fedora-clang | 0.6-3 | 54.10 | NOTE | |||
r-devel-linux-x86_64-fedora-gcc | 0.6-3 | 51.05 | NOTE | |||
r-devel-windows-ix86+x86_64 | 0.6-3 | 15.00 | 55.00 | 70.00 | OK | |
r-devel-osx-x86_64 | 0.6-3 | OK | ||||
r-patched-linux-x86_64 | 0.6-3 | 4.75 | 39.07 | 43.82 | NOTE | |
r-patched-solaris-x86 | 0.6-3 | 74.30 | OK | |||
r-release-linux-x86_64 | 0.6-3 | 2.27 | 41.63 | 43.90 | NOTE | |
r-release-windows-ix86+x86_64 | 0.6-3 | 12.00 | 64.00 | 76.00 | OK | |
r-release-osx-x86_64 | 0.6-3 | OK | ||||
r-oldrel-windows-ix86+x86_64 | 0.6-3 | 12.00 | 54.00 | 66.00 | OK |
Version: 0.6-3
Check: compiled code
Result: NOTE
File ‘blockTools/libs/blockTools.so’:
Found no calls to: ‘R_registerRoutines’, ‘R_useDynamicSymbols’
It is good practice to register native routines and to disable symbol
search.
See ‘Writing portable packages’ in the ‘Writing R Extensions’ manual.
Flavors: r-devel-linux-x86_64-debian-clang, r-devel-linux-x86_64-debian-gcc, r-devel-linux-x86_64-fedora-clang, r-devel-linux-x86_64-fedora-gcc, r-patched-linux-x86_64, r-release-linux-x86_64