CRAN Package Check Results for Package blockTools

Last updated on 2015-08-30 17:48:05.

Flavor Version Tinstall Tcheck Ttotal Status Flags
r-devel-linux-x86_64-debian-clang 0.6-2 1.37 19.48 20.85 NOTE
r-devel-linux-x86_64-debian-gcc 0.6-2 1.41 17.94 19.36 NOTE
r-devel-linux-x86_64-fedora-clang 0.6-2 36.63 NOTE
r-devel-linux-x86_64-fedora-gcc 0.6-2 34.10 NOTE
r-devel-osx-x86_64-clang 0.6-2 35.58 OK
r-devel-windows-ix86+x86_64 0.6-2 15.00 43.00 58.00 NOTE
r-patched-linux-x86_64 0.6-2 1.37 19.00 20.37 OK
r-patched-solaris-sparc 0.6-2 238.90 OK
r-patched-solaris-x86 0.6-2 51.00 OK
r-release-linux-x86_64 0.6-2 1.37 18.60 19.96 OK
r-release-osx-x86_64-mavericks 0.6-2 OK
r-release-windows-ix86+x86_64 0.6-2 13.00 41.00 54.00 OK
r-oldrel-windows-ix86+x86_64 0.6-2 15.00 49.00 64.00 OK

Check Details

Version: 0.6-2
Check: R code for possible problems
Result: NOTE
    assg2xBalance: no visible global function definition for ‘formula’
    block: no visible global function definition for ‘quantile’
    block: no visible global function definition for ‘var’
    mahal: no visible global function definition for ‘mahalanobis’
    outCSV: no visible global function definition for ‘write.csv’
    seqblock: no visible global function definition for ‘var’
    seqblock: no visible global function definition for ‘quantile’
    seqblock: no visible binding for global variable ‘median’
    Undefined global functions or variables:
     formula mahalanobis median quantile var write.csv
    Consider adding
     importFrom("stats", "formula", "mahalanobis", "median", "quantile",
     "var")
     importFrom("utils", "write.csv")
    to your NAMESPACE.
Flavors: r-devel-linux-x86_64-debian-clang, r-devel-linux-x86_64-debian-gcc, r-devel-linux-x86_64-fedora-clang, r-devel-linux-x86_64-fedora-gcc, r-devel-windows-ix86+x86_64