CRAN Package Check Results for Package blockTools

Last updated on 2015-07-30 03:48:09.

Flavor Version Tinstall Tcheck Ttotal Status Flags
r-devel-linux-x86_64-debian-clang 0.6-2 1.31 19.39 20.70 NOTE
r-devel-linux-x86_64-debian-gcc 0.6-2 1.30 17.97 19.27 NOTE
r-devel-linux-x86_64-fedora-clang 0.6-2 37.97 NOTE
r-devel-linux-x86_64-fedora-gcc 0.6-2 35.73 NOTE
r-devel-osx-x86_64-clang 0.6-2 35.28 OK
r-devel-windows-ix86+x86_64 0.6-2 10.00 39.00 49.00 NOTE
r-patched-linux-x86_64 0.6-2 1.54 18.80 20.34 OK
r-patched-solaris-sparc 0.6-2 238.90 OK
r-patched-solaris-x86 0.6-2 50.60 OK
r-release-linux-x86_64 0.6-2 1.35 18.70 20.04 OK
r-release-osx-x86_64-mavericks 0.6-2 OK
r-release-windows-ix86+x86_64 0.6-2 12.00 37.00 49.00 OK
r-oldrel-windows-ix86+x86_64 0.6-2 13.00 47.00 60.00 OK

Check Details

Version: 0.6-2
Check: R code for possible problems
Result: NOTE
    assg2xBalance: no visible global function definition for ‘formula’
    block: no visible global function definition for ‘quantile’
    block: no visible global function definition for ‘var’
    mahal: no visible global function definition for ‘mahalanobis’
    outCSV: no visible global function definition for ‘write.csv’
    seqblock: no visible global function definition for ‘var’
    seqblock: no visible global function definition for ‘quantile’
    seqblock: no visible binding for global variable ‘median’
    Undefined global functions or variables:
     formula mahalanobis median quantile var write.csv
    Consider adding
     importFrom("stats", "formula", "mahalanobis", "median", "quantile",
     "var")
     importFrom("utils", "write.csv")
    to your NAMESPACE.
Flavors: r-devel-linux-x86_64-debian-clang, r-devel-linux-x86_64-debian-gcc, r-devel-linux-x86_64-fedora-clang, r-devel-linux-x86_64-fedora-gcc, r-devel-windows-ix86+x86_64