CRAN Package Check Results for Package blockTools

Last updated on 2016-02-14 08:47:23.

Flavor Version Tinstall Tcheck Ttotal Status Flags
r-devel-linux-x86_64-debian-gcc 0.6-2 1.41 17.79 19.20 NOTE
r-devel-linux-x86_64-fedora-clang 0.6-2 35.30 NOTE
r-devel-linux-x86_64-fedora-gcc 0.6-2 33.17 NOTE
r-devel-osx-x86_64-clang 0.6-2 40.46 NOTE
r-devel-windows-ix86+x86_64 0.6-2 13.00 60.00 73.00 NOTE
r-patched-linux-x86_64 0.6-2 1.43 18.79 20.22 OK
r-patched-solaris-sparc 0.6-2 222.70 OK
r-patched-solaris-x86 0.6-2 46.80 OK
r-release-linux-x86_64 0.6-2 1.47 19.28 20.75 OK
r-release-osx-x86_64-mavericks 0.6-2 OK
r-release-windows-ix86+x86_64 0.6-2 12.00 41.00 53.00 OK
r-oldrel-windows-ix86+x86_64 0.6-2 13.00 64.00 77.00 OK

Check Details

Version: 0.6-2
Check: R code for possible problems
Result: NOTE
    assg2xBalance: no visible global function definition for ‘formula’
    block: no visible global function definition for ‘quantile’
    block: no visible global function definition for ‘var’
    mahal: no visible global function definition for ‘mahalanobis’
    outCSV: no visible global function definition for ‘write.csv’
    seqblock: no visible global function definition for ‘var’
    seqblock: no visible global function definition for ‘quantile’
    seqblock: no visible binding for global variable ‘median’
    Undefined global functions or variables:
     formula mahalanobis median quantile var write.csv
    Consider adding
     importFrom("stats", "formula", "mahalanobis", "median", "quantile",
     "var")
     importFrom("utils", "write.csv")
    to your NAMESPACE file.
Flavors: r-devel-linux-x86_64-debian-gcc, r-devel-linux-x86_64-fedora-clang, r-devel-linux-x86_64-fedora-gcc, r-devel-osx-x86_64-clang, r-devel-windows-ix86+x86_64