CRAN Package Check Results for Package blockTools

Last updated on 2014-08-28 14:47:24.

Flavor Version Tinstall Tcheck Ttotal Status Flags
r-devel-linux-x86_64-debian-clang 0.6-1 1.28 18.31 19.58 NOTE
r-devel-linux-x86_64-debian-gcc 0.6-1 1.33 18.21 19.54 NOTE
r-devel-linux-x86_64-fedora-clang 0.6-1 41.38 NOTE
r-devel-linux-x86_64-fedora-gcc 0.6-1 37.00 NOTE
r-devel-osx-x86_64-clang 0.6-1 36.93 NOTE
r-devel-windows-ix86+x86_64 0.6-1 7.00 42.00 49.00 NOTE
r-patched-linux-x86_64 0.6-1 1.33 20.11 21.44 OK
r-patched-solaris-sparc 0.6-1 243.70 OK
r-patched-solaris-x86 0.6-1 53.90 OK
r-release-linux-ix86 0.6-1 1.99 29.39 31.38 OK
r-release-linux-x86_64 0.6-1 1.45 20.85 22.30 OK
r-release-osx-x86_64-mavericks 0.6-1 OK
r-release-osx-x86_64-snowleopard 0.6-1 OK
r-release-windows-ix86+x86_64 0.6-1 9.00 40.00 49.00 OK
r-oldrel-windows-ix86+x86_64 0.6-1 10.00 40.00 50.00 OK

Check Details

Version: 0.6-1
Check: R code for possible problems
Result: NOTE
    assg2xBalance: no visible global function definition for ‘xBalance’
    block: no visible global function definition for ‘distancematrix’
    block: no visible global function definition for ‘nonbimatch’
    outTeX: no visible global function definition for ‘xtable’
Flavors: r-devel-linux-x86_64-debian-clang, r-devel-linux-x86_64-debian-gcc, r-devel-linux-x86_64-fedora-clang, r-devel-linux-x86_64-fedora-gcc, r-devel-osx-x86_64-clang, r-devel-windows-ix86+x86_64

Version: 0.6-1
Check: compiled code
Result: NOTE
    File ‘/home/hornik/tmp/R.check/r-devel-clang/Work/build/Packages/blockTools/libs/blockTools.so’:
     Found ‘rand’, possibly from ‘rand’ (C)
     Object: ‘util.o’
    
    Compiled code should not call entry points which might terminate R nor
    write to stdout/stderr instead of to the console, nor the C RNG.
    
    See ‘Writing portable packages’ in the ‘Writing R Extensions’ manual.
Flavor: r-devel-linux-x86_64-debian-clang

Version: 0.6-1
Check: compiled code
Result: NOTE
    File ‘/home/hornik/tmp/R.check/r-devel-gcc/Work/build/Packages/blockTools/libs/blockTools.so’:
     Found ‘rand’, possibly from ‘rand’ (C)
     Object: ‘util.o’
    
    Compiled code should not call entry points which might terminate R nor
    write to stdout/stderr instead of to the console, nor the C RNG.
    
    See ‘Writing portable packages’ in the ‘Writing R Extensions’ manual.
Flavor: r-devel-linux-x86_64-debian-gcc

Version: 0.6-1
Check: compiled code
Result: NOTE
    File ‘/data/gannet/ripley/R/packages/tests-clang/blockTools.Rcheck/blockTools/libs/blockTools.so’:
     Found ‘rand’, possibly from ‘rand’ (C)
     Object: ‘util.o’
    
    Compiled code should not call entry points which might terminate R nor
    write to stdout/stderr instead of to the console, nor the C RNG.
    
    See ‘Writing portable packages’ in the ‘Writing R Extensions’ manual.
Flavor: r-devel-linux-x86_64-fedora-clang

Version: 0.6-1
Check: compiled code
Result: NOTE
    File ‘/data/gannet/ripley/R/packages/tests-devel/blockTools.Rcheck/blockTools/libs/blockTools.so’:
     Found ‘rand’, possibly from ‘rand’ (C)
     Object: ‘util.o’
    
    Compiled code should not call entry points which might terminate R nor
    write to stdout/stderr instead of to the console, nor the C RNG.
    
    See ‘Writing portable packages’ in the ‘Writing R Extensions’ manual.
Flavor: r-devel-linux-x86_64-fedora-gcc

Version: 0.6-1
Check: compiled code
Result: NOTE
    File ‘/Users/ripley/R/packages/tests-devel/blockTools.Rcheck/blockTools/libs/blockTools.so’:
     Found ‘_rand’, possibly from ‘rand’ (C)
     Object: ‘util.o’
    
    Compiled code should not call entry points which might terminate R nor
    write to stdout/stderr instead of to the console, nor the C RNG.
    
    See ‘Writing portable packages’ in the ‘Writing R Extensions’ manual.
Flavor: r-devel-osx-x86_64-clang

Version: 0.6-1
Check: compiled code
Result: NOTE
    File 'd:/Rcompile/CRANpkg/lib/3.2/blockTools/libs/i386/blockTools.dll':
     Found 'rand', possibly from 'rand' (C)
     Object: 'util.o'
    File 'd:/Rcompile/CRANpkg/lib/3.2/blockTools/libs/x64/blockTools.dll':
     Found 'rand', possibly from 'rand' (C)
     Object: 'util.o'
    
    Compiled code should not call entry points which might terminate R nor
    write to stdout/stderr instead of to the console, nor the C RNG.
    
    See 'Writing portable packages' in the 'Writing R Extensions' manual.
Flavor: r-devel-windows-ix86+x86_64