CRAN Package Check Results for Package blockTools

Last updated on 2015-05-23 11:51:15.

Flavor Version Tinstall Tcheck Ttotal Status Flags
r-devel-linux-x86_64-debian-clang 0.6-2 1.34 19.76 21.10 OK
r-devel-linux-x86_64-debian-gcc 0.6-2 1.35 19.38 20.73 OK
r-devel-linux-x86_64-fedora-clang 0.6-2 39.29 OK
r-devel-linux-x86_64-fedora-gcc 0.6-2 37.88 OK
r-devel-osx-x86_64-clang 0.6-2 39.91 OK
r-devel-windows-ix86+x86_64 0.6-2 9.00 38.00 47.00 OK
r-patched-linux-x86_64 0.6-2 1.42 18.32 19.74 OK
r-patched-solaris-sparc 0.6-2 232.90 OK
r-patched-solaris-x86 0.6-2 50.40 OK
r-release-linux-x86_64 0.6-2 1.41 18.31 19.72 OK
r-release-osx-x86_64-mavericks 0.6-2 OK
r-release-osx-x86_64-snowleopard 0.6-2 NOTE
r-release-windows-ix86+x86_64 0.6-2 11.00 39.00 50.00 OK
r-oldrel-windows-ix86+x86_64 0.6-2 9.00 46.00 55.00 OK

Check Details

Version: 0.6-2
Check: package dependencies
Result: NOTE
    Package suggested but not available for checking: ‘nbpMatching’
Flavor: r-release-osx-x86_64-snowleopard