CRAN Package Check Results for Package blockTools

Last updated on 2014-09-15 05:48:04.

Flavor Version Tinstall Tcheck Ttotal Status Flags
r-devel-linux-x86_64-debian-clang 0.6-1 1.29 18.20 19.48 NOTE
r-devel-linux-x86_64-debian-gcc 0.6-1 1.36 18.20 19.56 NOTE
r-devel-linux-x86_64-fedora-clang 0.6-1 38.07 NOTE
r-devel-linux-x86_64-fedora-gcc 0.6-1 36.06 NOTE
r-devel-osx-x86_64-clang 0.6-1 36.47 NOTE
r-devel-windows-ix86+x86_64 0.6-1 8.00 36.00 44.00 NOTE
r-patched-linux-x86_64 0.6-1 1.42 20.63 22.05 OK
r-patched-solaris-sparc 0.6-1 243.70 OK
r-patched-solaris-x86 0.6-1 53.20 OK
r-release-linux-ix86 0.6-1 1.98 28.18 30.16 OK
r-release-linux-x86_64 0.6-1 1.40 20.42 21.82 OK
r-release-osx-x86_64-mavericks 0.6-1 OK
r-release-osx-x86_64-snowleopard 0.6-1 OK
r-release-windows-ix86+x86_64 0.6-1 9.00 41.00 50.00 OK
r-oldrel-windows-ix86+x86_64 0.6-1 9.00 39.00 48.00 OK

Check Details

Version: 0.6-1
Check: R code for possible problems
Result: NOTE
    assg2xBalance: no visible global function definition for ‘xBalance’
    block: no visible global function definition for ‘distancematrix’
    block: no visible global function definition for ‘nonbimatch’
    outTeX: no visible global function definition for ‘xtable’
Flavors: r-devel-linux-x86_64-debian-clang, r-devel-linux-x86_64-debian-gcc, r-devel-linux-x86_64-fedora-clang, r-devel-linux-x86_64-fedora-gcc, r-devel-osx-x86_64-clang, r-devel-windows-ix86+x86_64

Version: 0.6-1
Check: compiled code
Result: NOTE
    File ‘blockTools/libs/blockTools.so’:
     Found ‘rand’, possibly from ‘rand’ (C)
     Object: ‘util.o’
    
    Compiled code should not call entry points which might terminate R nor
    write to stdout/stderr instead of to the console, nor the C RNG.
    
    See ‘Writing portable packages’ in the ‘Writing R Extensions’ manual.
Flavors: r-devel-linux-x86_64-debian-clang, r-devel-linux-x86_64-debian-gcc, r-devel-linux-x86_64-fedora-clang, r-devel-linux-x86_64-fedora-gcc

Version: 0.6-1
Check: compiled code
Result: NOTE
    File ‘blockTools/libs/blockTools.so’:
     Found ‘_rand’, possibly from ‘rand’ (C)
     Object: ‘util.o’
    
    Compiled code should not call entry points which might terminate R nor
    write to stdout/stderr instead of to the console, nor the C RNG.
    
    See ‘Writing portable packages’ in the ‘Writing R Extensions’ manual.
Flavor: r-devel-osx-x86_64-clang

Version: 0.6-1
Check: compiled code
Result: NOTE
    File 'blockTools/libs/i386/blockTools.dll':
     Found 'rand', possibly from 'rand' (C)
     Object: 'util.o'
    File 'blockTools/libs/x64/blockTools.dll':
     Found 'rand', possibly from 'rand' (C)
     Object: 'util.o'
    
    Compiled code should not call entry points which might terminate R nor
    write to stdout/stderr instead of to the console, nor the C RNG.
    
    See 'Writing portable packages' in the 'Writing R Extensions' manual.
Flavor: r-devel-windows-ix86+x86_64