CRAN Package Check Results for Package blockTools

Last updated on 2017-01-21 13:48:36.

Flavor Version Tinstall Tcheck Ttotal Status Flags
r-devel-linux-x86_64-debian-clang 0.6-3 1.89 27.22 29.12 OK
r-devel-linux-x86_64-debian-gcc 0.6-3 2.03 26.41 28.44 OK
r-devel-linux-x86_64-fedora-clang 0.6-3 52.63 OK --no-stop-on-test-error
r-devel-linux-x86_64-fedora-gcc 0.6-3 51.36 OK --no-stop-on-test-error
r-devel-macos-x86_64-clang 0.6-3 44.33 OK --no-stop-on-test-error
r-devel-windows-ix86+x86_64 0.6-3 13.00 92.00 105.00 OK
r-patched-linux-x86_64 0.6-3 1.71 23.44 25.15 OK
r-patched-solaris-sparc 0.6-3 300.80 OK
r-patched-solaris-x86 0.6-3 59.40 OK
r-release-linux-x86_64 0.6-3 1.65 24.13 25.78 OK
r-release-osx-x86_64-mavericks 0.6-3 NOTE
r-release-windows-ix86+x86_64 0.6-3 11.00 73.00 84.00 OK
r-oldrel-windows-ix86+x86_64 0.6-3 17.00 80.00 97.00 OK

Check Details

Version: 0.6-3
Check: dependencies in R code
Result: NOTE
    
    This data.table install has not detected OpenMP support. It will work but slower in single threaded mode.
Flavor: r-release-osx-x86_64-mavericks