CRAN Package Check Results for Package blockTools

Last updated on 2017-04-26 03:48:01.

Flavor Version Tinstall Tcheck Ttotal Status Flags
r-devel-linux-x86_64-debian-clang 0.6-3 1.97 27.31 29.28 NOTE
r-devel-linux-x86_64-debian-gcc 0.6-3 1.70 26.89 28.59 NOTE
r-devel-linux-x86_64-fedora-clang 0.6-3 55.72 NOTE --no-stop-on-test-error
r-devel-linux-x86_64-fedora-gcc 0.6-3 53.43 NOTE --no-stop-on-test-error
r-devel-windows-ix86+x86_64 0.6-3 15.00 70.00 85.00 OK
r-patched-linux-x86_64 0.6-3 1.76 27.34 29.10 NOTE
r-patched-solaris-sparc 0.6-3 328.20 OK
r-patched-solaris-x86 0.6-3 68.00 OK
r-release-linux-x86_64 0.6-3 1.85 27.20 29.06 NOTE
r-release-windows-ix86+x86_64 0.6-3 10.00 66.00 76.00 OK
r-release-osx-x86_64 0.6-3 OK
r-oldrel-windows-ix86+x86_64 0.6-3 9.00 59.00 68.00 OK
r-oldrel-osx-x86_64 0.6-3 NOTE

Check Details

Version: 0.6-3
Check: compiled code
Result: NOTE
    File ‘blockTools/libs/blockTools.so’:
     Found no calls to: ‘R_registerRoutines’, ‘R_useDynamicSymbols’
    
    It is good practice to register native routines and to disable symbol
    search.
    
    See ‘Writing portable packages’ in the ‘Writing R Extensions’ manual.
Flavors: r-devel-linux-x86_64-debian-clang, r-devel-linux-x86_64-debian-gcc, r-patched-linux-x86_64, r-release-linux-x86_64

Version: 0.6-3
Flags: --no-stop-on-test-error
Check: compiled code
Result: NOTE
    File ‘blockTools/libs/blockTools.so’:
     Found no calls to: ‘R_registerRoutines’, ‘R_useDynamicSymbols’
    
    It is good practice to register native routines and to disable symbol
    search.
    
    See ‘Writing portable packages’ in the ‘Writing R Extensions’ manual.
Flavors: r-devel-linux-x86_64-fedora-clang, r-devel-linux-x86_64-fedora-gcc

Version: 0.6-3
Check: dependencies in R code
Result: NOTE
    
    This data.table install has not detected OpenMP support. It will work but slower in single threaded mode.
Flavor: r-oldrel-osx-x86_64