CRAN Package Check Results for Package blockTools

Last updated on 2016-12-05 16:47:08.

Flavor Version Tinstall Tcheck Ttotal Status Flags
r-devel-linux-x86_64-debian-clang 0.6-2 1.62 24.85 26.46 NOTE
r-devel-linux-x86_64-debian-gcc 0.6-3 1.93 27.38 29.31 OK
r-devel-linux-x86_64-fedora-clang 0.6-3 57.41 OK --no-stop-on-test-error
r-devel-linux-x86_64-fedora-gcc 0.6-3 56.42 OK --no-stop-on-test-error
r-devel-macos-x86_64-clang 0.6-3 45.77 OK --no-stop-on-test-error
r-devel-windows-ix86+x86_64 0.6-3 9.00 70.00 79.00 OK
r-patched-linux-x86_64 0.6-3 1.81 23.90 25.71 OK
r-patched-solaris-sparc 0.6-3 297.60 OK
r-patched-solaris-x86 0.6-3 60.70 OK
r-release-linux-x86_64 0.6-3 1.88 24.08 25.96 OK
r-release-osx-x86_64-mavericks 0.6-3 NOTE
r-release-windows-ix86+x86_64 0.6-2 10.00 50.00 60.00 NOTE
r-oldrel-windows-ix86+x86_64 0.6-3 12.00 76.00 88.00 OK

Check Details

Version: 0.6-2
Check: R code for possible problems
Result: NOTE
    assg2xBalance: no visible global function definition for ‘formula’
    block: no visible global function definition for ‘quantile’
    block: no visible global function definition for ‘var’
    mahal: no visible global function definition for ‘mahalanobis’
    outCSV: no visible global function definition for ‘write.csv’
    seqblock: no visible global function definition for ‘var’
    seqblock: no visible global function definition for ‘quantile’
    seqblock: no visible binding for global variable ‘median’
    Undefined global functions or variables:
     formula mahalanobis median quantile var write.csv
    Consider adding
     importFrom("stats", "formula", "mahalanobis", "median", "quantile",
     "var")
     importFrom("utils", "write.csv")
    to your NAMESPACE file.
Flavors: r-devel-linux-x86_64-debian-clang, r-release-windows-ix86+x86_64

Version: 0.6-3
Check: dependencies in R code
Result: NOTE
    
    This data.table install has not detected OpenMP support. It will work but slower in single threaded mode.
Flavor: r-release-osx-x86_64-mavericks