CRAN Package Check Results for Package blockTools

Last updated on 2017-09-24 00:50:55.

Flavor Version Tinstall Tcheck Ttotal Status Flags
r-devel-linux-x86_64-debian-clang 0.6-3 2.10 27.66 29.76 NOTE
r-devel-linux-x86_64-debian-gcc 0.6-3 1.91 27.32 29.23 NOTE
r-devel-linux-x86_64-fedora-clang 0.6-3 55.77 NOTE
r-devel-linux-x86_64-fedora-gcc 0.6-3 56.63 NOTE
r-devel-windows-ix86+x86_64 0.6-3 10.00 67.00 77.00 OK
r-patched-linux-x86_64 0.6-3 1.84 27.31 29.15 NOTE
r-patched-solaris-x86 0.6-3 69.60 OK
r-release-linux-x86_64 0.6-3 1.74 27.44 29.18 NOTE
r-release-windows-ix86+x86_64 0.6-3 10.00 63.00 73.00 OK
r-release-osx-x86_64 0.6-3 OK
r-oldrel-windows-ix86+x86_64 0.6-3 9.00 59.00 68.00 OK
r-oldrel-osx-x86_64 0.6-3 NOTE

Check Details

Version: 0.6-3
Check: compiled code
Result: NOTE
    File ‘blockTools/libs/blockTools.so’:
     Found no calls to: ‘R_registerRoutines’, ‘R_useDynamicSymbols’
    
    It is good practice to register native routines and to disable symbol
    search.
    
    See ‘Writing portable packages’ in the ‘Writing R Extensions’ manual.
Flavors: r-devel-linux-x86_64-debian-clang, r-devel-linux-x86_64-debian-gcc, r-devel-linux-x86_64-fedora-clang, r-devel-linux-x86_64-fedora-gcc, r-patched-linux-x86_64, r-release-linux-x86_64

Version: 0.6-3
Check: dependencies in R code
Result: NOTE
    
    This data.table install has not detected OpenMP support. It will work but slower in single threaded mode.
Flavor: r-oldrel-osx-x86_64