CRAN Package Check Results for Package blockTools

Last updated on 2016-06-26 22:47:37.

Flavor Version Tinstall Tcheck Ttotal Status Flags
r-devel-linux-x86_64-debian-gcc 0.6-2 1.40 20.71 22.11 NOTE
r-devel-linux-x86_64-fedora-clang 0.6-2 39.84 NOTE
r-devel-linux-x86_64-fedora-gcc 0.6-2 37.84 NOTE
r-devel-osx-x86_64-clang 0.6-2 34.55 NOTE
r-devel-windows-ix86+x86_64 0.6-2 7.00 46.00 53.00 NOTE
r-patched-linux-x86_64 0.6-2 1.72 21.35 23.07 NOTE
r-patched-solaris-sparc 0.6-2 248.20 NOTE
r-patched-solaris-x86 0.6-2 51.60 NOTE
r-release-linux-x86_64 0.6-2 1.34 21.12 22.46 NOTE
r-release-osx-x86_64-mavericks 0.6-2 NOTE
r-release-windows-ix86+x86_64 0.6-2 7.00 47.00 54.00 NOTE
r-oldrel-windows-ix86+x86_64 0.6-2 21.00 52.00 73.00 OK

Check Details

Version: 0.6-2
Check: R code for possible problems
Result: NOTE
    assg2xBalance: no visible global function definition for ‘formula’
    block: no visible global function definition for ‘quantile’
    block: no visible global function definition for ‘var’
    mahal: no visible global function definition for ‘mahalanobis’
    outCSV: no visible global function definition for ‘write.csv’
    seqblock: no visible global function definition for ‘var’
    seqblock: no visible global function definition for ‘quantile’
    seqblock: no visible binding for global variable ‘median’
    Undefined global functions or variables:
     formula mahalanobis median quantile var write.csv
    Consider adding
     importFrom("stats", "formula", "mahalanobis", "median", "quantile",
     "var")
     importFrom("utils", "write.csv")
    to your NAMESPACE file.
Flavors: r-devel-linux-x86_64-debian-gcc, r-devel-linux-x86_64-fedora-clang, r-devel-linux-x86_64-fedora-gcc, r-devel-osx-x86_64-clang, r-devel-windows-ix86+x86_64, r-patched-linux-x86_64, r-patched-solaris-sparc, r-patched-solaris-x86, r-release-linux-x86_64, r-release-osx-x86_64-mavericks, r-release-windows-ix86+x86_64