CRAN Package Check Results for Package blockTools

Last updated on 2014-04-23 12:48:14.

Flavor Version Tinstall Tcheck Ttotal Status Flags
r-devel-linux-x86_64-debian-clang 0.5-8 1.27 17.39 18.66 OK
r-devel-linux-x86_64-debian-gcc 0.5-8 1.39 17.44 18.84 OK
r-devel-linux-x86_64-fedora-clang 0.5-8 36.42 OK
r-devel-linux-x86_64-fedora-gcc 0.5-8 34.34 OK
r-devel-osx-x86_64-clang 0.5-8 32.72 OK
r-devel-osx-x86_64-gcc 0.5-8 NOTE
r-devel-windows-ix86+x86_64 0.5-8 8.00 36.00 44.00 OK
r-patched-linux-x86_64 0.5-8 1.32 17.06 18.39 OK
r-patched-solaris-sparc 0.5-8 188.40 OK
r-patched-solaris-x86 0.5-8 45.50 OK
r-release-linux-ix86 0.5-8 3.00 34.00 37.00 OK
r-release-linux-x86_64 0.5-8 1.42 17.62 19.04 OK
r-release-osx-x86_64-mavericks 0.5-8 OK
r-release-osx-x86_64-snowleopard 0.5-8 OK
r-release-windows-ix86+x86_64 0.5-8 8.00 36.00 44.00 OK
r-oldrel-windows-ix86+x86_64 0.5-8 9.00 39.00 48.00 OK

Check Details

Version: 0.5-8
Check: package dependencies
Result: NOTE
    Package suggested but not available for checking: ‘nbpMatching’
Flavor: r-devel-osx-x86_64-gcc

Version: 0.5-8
Check: R code for possible problems
Result: NOTE
    block: no visible global function definition for ‘distancematrix’
    block: no visible global function definition for ‘nonbimatch’
Flavor: r-devel-osx-x86_64-gcc