CRAN Package Check Results for Package blockTools

Last updated on 2017-11-19 19:50:01.

Flavor Version Tinstall Tcheck Ttotal Status Flags
r-devel-linux-x86_64-debian-clang 0.6-3 1.79 26.96 28.75 NOTE
r-devel-linux-x86_64-debian-gcc 0.6-3 2.17 51.88 54.06 NOTE
r-devel-linux-x86_64-fedora-clang 0.6-3 55.34 NOTE
r-devel-linux-x86_64-fedora-gcc 0.6-3 82.20 NOTE
r-devel-windows-ix86+x86_64 0.6-3 9.00 70.00 79.00 OK
r-patched-linux-x86_64 0.6-3 1.88 27.38 29.27 NOTE
r-patched-solaris-x86 0.6-3 70.20 OK
r-release-linux-x86_64 0.6-3 1.92 27.80 29.73 NOTE
r-release-windows-ix86+x86_64 0.6-3 9.00 89.00 98.00 OK
r-release-osx-x86_64 0.6-3 OK
r-oldrel-windows-ix86+x86_64 0.6-3 8.00 79.00 87.00 OK
r-oldrel-osx-x86_64 0.6-3 NOTE

Check Details

Version: 0.6-3
Check: compiled code
Result: NOTE
    File ‘blockTools/libs/blockTools.so’:
     Found no calls to: ‘R_registerRoutines’, ‘R_useDynamicSymbols’
    
    It is good practice to register native routines and to disable symbol
    search.
    
    See ‘Writing portable packages’ in the ‘Writing R Extensions’ manual.
Flavors: r-devel-linux-x86_64-debian-clang, r-devel-linux-x86_64-debian-gcc, r-devel-linux-x86_64-fedora-clang, r-devel-linux-x86_64-fedora-gcc, r-patched-linux-x86_64, r-release-linux-x86_64

Version: 0.6-3
Check: dependencies in R code
Result: NOTE
    
    This data.table install has not detected OpenMP support. It will work but slower in single threaded mode.
Flavor: r-oldrel-osx-x86_64