CRAN Package Check Results for Package blockcluster

Last updated on 2017-03-23 15:48:16.

Flavor Version Tinstall Tcheck Ttotal Status Flags
r-devel-linux-x86_64-debian-clang 4.2.3 230.61 32.15 262.76 OK
r-devel-linux-x86_64-debian-gcc 4.2.3 244.52 30.44 274.96 OK
r-devel-linux-x86_64-fedora-clang 4.2.3 560.02 NOTE --no-stop-on-test-error
r-devel-linux-x86_64-fedora-gcc 4.2.3 557.97 NOTE --no-stop-on-test-error
r-devel-macos-x86_64-clang 4.2.3 313.90 OK --no-stop-on-test-error
r-devel-windows-ix86+x86_64 4.2.3 719.00 135.00 854.00 NOTE
r-patched-linux-x86_64 4.2.3 216.18 27.90 244.07 OK
r-patched-solaris-sparc 4.2.3 2420.10 OK
r-patched-solaris-x86 4.2.3 509.10 OK
r-release-linux-x86_64 4.2.3 219.58 28.23 247.81 OK
r-release-osx-x86_64-mavericks 4.2.3 NOTE
r-release-windows-ix86+x86_64 4.2.3 1040.00 107.00 1147.00 NOTE
r-oldrel-windows-ix86+x86_64 4.2.3 799.00 128.00 927.00 NOTE

Memtest notes: valgrind

Check Details

Version: 4.2.3
Flags: --no-stop-on-test-error
Check: installed package size
Result: NOTE
     installed size is 37.7Mb
     sub-directories of 1Mb or more:
     libs 36.6Mb
Flavors: r-devel-linux-x86_64-fedora-clang, r-devel-linux-x86_64-fedora-gcc

Version: 4.2.3
Check: installed package size
Result: NOTE
     installed size is 5.4Mb
     sub-directories of 1Mb or more:
     libs 4.4Mb
Flavors: r-devel-windows-ix86+x86_64, r-release-osx-x86_64-mavericks, r-release-windows-ix86+x86_64, r-oldrel-windows-ix86+x86_64