CRAN Package Check Results for Package blockcluster

Last updated on 2014-10-30 12:51:28.

Flavor Version Tinstall Tcheck Ttotal Status Flags
r-devel-linux-x86_64-debian-clang 3.0.1 110.96 23.47 134.43 NOTE
r-devel-linux-x86_64-debian-gcc 3.0.1 118.87 22.89 141.76 NOTE
r-devel-linux-x86_64-fedora-clang 3.0.1 307.96 NOTE
r-devel-linux-x86_64-fedora-gcc 3.0.1 276.64 NOTE
r-devel-osx-x86_64-clang 3.0.1 225.28 OK
r-devel-windows-ix86+x86_64 3.0.1 261.00 63.00 324.00 OK
r-patched-linux-x86_64 3.0.1 121.94 22.14 144.08 NOTE
r-patched-solaris-sparc 3.0.1 1726.00 NOTE
r-patched-solaris-x86 3.0.1 375.80 NOTE
r-release-linux-ix86 3.0.1 139.41 31.88 171.29 NOTE
r-release-linux-x86_64 3.0.1 121.11 23.30 144.42 NOTE
r-release-osx-x86_64-mavericks 3.0.1 NOTE
r-release-osx-x86_64-snowleopard 3.0.1 NOTE
r-release-windows-ix86+x86_64 3.0.1 262.00 64.00 326.00 OK
r-oldrel-windows-ix86+x86_64 3.0.1 282.00 66.00 348.00 OK

Memtest notes: UBSAN UBSAN-gcc

Check Details

Version: 3.0.1
Check: installed package size
Result: NOTE
     installed size is 60.9Mb
     sub-directories of 1Mb or more:
     libs 59.7Mb
Flavors: r-devel-linux-x86_64-debian-clang, r-devel-linux-x86_64-debian-gcc, r-devel-linux-x86_64-fedora-clang, r-devel-linux-x86_64-fedora-gcc, r-patched-linux-x86_64, r-patched-solaris-sparc, r-patched-solaris-x86, r-release-linux-ix86, r-release-linux-x86_64, r-release-osx-x86_64-mavericks, r-release-osx-x86_64-snowleopard

Version: 3.0.1
Check: re-building of vignette outputs
Result: NOTE
    Error in re-building vignettes:
     ...
    Error in texi2dvi(file = file, pdf = TRUE, clean = clean, quiet = quiet, :
     Running 'texi2dvi' on 'blockcluster_tutorial_V3.0.tex' failed.
    LaTeX errors:
    ! LaTeX Error: File `utf8x.def' not found.
    
    Type X to quit or <RETURN> to proceed,
    or enter new name. (Default extension: def)
    Calls: buildVignettes -> texi2pdf -> texi2dvi
    Execution halted
Flavor: r-release-osx-x86_64-mavericks