CRAN Package Check Results for Package blockcluster

Last updated on 2017-08-19 16:46:11.

Flavor Version Tinstall Tcheck Ttotal Status Flags
r-devel-linux-x86_64-debian-clang 4.2.3 228.56 32.50 261.06 OK
r-devel-linux-x86_64-debian-gcc 4.2.3 253.01 31.40 284.41 OK
r-devel-linux-x86_64-fedora-clang 4.2.3 558.66 NOTE
r-devel-linux-x86_64-fedora-gcc 4.2.3 580.25 NOTE
r-devel-windows-ix86+x86_64 4.2.3 925.00 96.00 1021.00 NOTE
r-patched-linux-x86_64 4.2.3 245.98 31.10 277.08 OK
r-patched-solaris-x86 4.2.3 459.60 OK
r-release-linux-x86_64 4.2.3 243.63 31.22 274.85 OK
r-release-windows-ix86+x86_64 4.2.3 904.00 128.00 1032.00 NOTE
r-release-osx-x86_64 4.2.3 NOTE
r-oldrel-windows-ix86+x86_64 4.2.3 644.00 124.00 768.00 NOTE
r-oldrel-osx-x86_64 4.2.3 NOTE

Check Details

Version: 4.2.3
Check: installed package size
Result: NOTE
     installed size is 39.4Mb
     sub-directories of 1Mb or more:
     libs 38.4Mb
Flavors: r-devel-linux-x86_64-fedora-clang, r-devel-linux-x86_64-fedora-gcc, r-devel-windows-ix86+x86_64, r-release-windows-ix86+x86_64, r-release-osx-x86_64, r-oldrel-windows-ix86+x86_64, r-oldrel-osx-x86_64

Version: 4.2.3
Check: re-building of vignette outputs
Result: NOTE
    Error in re-building vignettes:
     ...
    
     LdFlags
    
    blockcluster version 4.2.3 loaded
    
    ----------------
    Copyright (C) <MODAL team @INRIA,Lille & U.M.R. C.N.R.S. 6599 Heudiasyc, UTC>
    Please post questions and bugs at: <https://gforge.inria.fr/forum/forum.php?forum_id=11190&group_id=3679>
    
    Error in texi2dvi(file = file, pdf = TRUE, clean = clean, quiet = quiet, :
     Running 'texi2dvi' on 'blockcluster_tutorial.tex' failed.
    LaTeX errors:
    ! LaTeX Error: File `utf8x.def' not found.
    
    Type X to quit or <RETURN> to proceed,
    or enter new name. (Default extension: def)
    
    ! Emergency stop.
    <read *>
    
    l.158 \endinput
     ^^M
    ! ==> Fatal error occurred, no output PDF file produced!
    Calls: buildVignettes -> texi2pdf -> texi2dvi
    Execution halted
Flavor: r-release-osx-x86_64