CRAN Package Check Results for Package blockcluster

Last updated on 2016-07-29 17:47:08.

Flavor Version Tinstall Tcheck Ttotal Status Flags
r-devel-linux-x86_64-debian-clang 4.0.2 242.80 33.65 276.45 NOTE
r-devel-linux-x86_64-debian-gcc 4.0.2 281.08 35.48 316.56 NOTE
r-devel-linux-x86_64-fedora-clang 4.0.2 441.58 NOTE
r-devel-linux-x86_64-fedora-gcc 4.0.2 484.29 NOTE
r-devel-osx-x86_64-clang 4.0.2 291.45 OK
r-devel-windows-ix86+x86_64 4.0.2 801.00 81.00 882.00 NOTE
r-patched-linux-x86_64 4.0.2 241.94 35.03 276.97 NOTE
r-patched-solaris-sparc 4.0.2 2348.10 OK
r-patched-solaris-x86 4.0.2 427.60 OK
r-release-linux-x86_64 4.0.2 231.76 36.14 267.91 NOTE
r-release-osx-x86_64-mavericks 4.0.2 NOTE
r-release-windows-ix86+x86_64 4.0.2 838.00 81.00 919.00 NOTE
r-oldrel-windows-ix86+x86_64 4.0.2 744.00 130.00 874.00 NOTE

Memtest notes: gcc7-ASAN

Check Details

Version: 4.0.2
Check: installed package size
Result: NOTE
     installed size is 46.0Mb
     sub-directories of 1Mb or more:
     libs 44.9Mb
Flavors: r-devel-linux-x86_64-debian-clang, r-devel-linux-x86_64-debian-gcc, r-devel-linux-x86_64-fedora-clang, r-devel-linux-x86_64-fedora-gcc, r-devel-windows-ix86+x86_64, r-patched-linux-x86_64, r-release-linux-x86_64, r-release-osx-x86_64-mavericks, r-release-windows-ix86+x86_64, r-oldrel-windows-ix86+x86_64