CRAN Package Check Results for Package blockcluster

Last updated on 2015-05-28 03:47:20.

Flavor Version Tinstall Tcheck Ttotal Status Flags
r-devel-linux-x86_64-debian-clang 3.0.2 106.69 20.88 127.58 NOTE
r-devel-linux-x86_64-debian-gcc 3.0.2 113.93 19.81 133.74 NOTE
r-devel-linux-x86_64-fedora-clang 3.0.2 281.71 NOTE
r-devel-linux-x86_64-fedora-gcc 3.0.2 268.97 NOTE
r-devel-osx-x86_64-clang 3.0.2 184.00 OK
r-devel-windows-ix86+x86_64 3.0.2 257.00 60.00 317.00 OK
r-patched-linux-x86_64 3.0.2 116.13 20.46 136.60 NOTE
r-patched-solaris-sparc 3.0.2 1589.00 NOTE
r-patched-solaris-x86 3.0.2 347.40 NOTE
r-release-linux-x86_64 3.0.2 116.88 19.80 136.68 NOTE
r-release-osx-x86_64-mavericks 3.0.2 NOTE
r-release-osx-x86_64-snowleopard 3.0.2 NOTE
r-release-windows-ix86+x86_64 3.0.2 283.00 58.00 341.00 OK
r-oldrel-windows-ix86+x86_64 3.0.2 282.00 92.00 374.00 OK

Memtest notes: UBSAN UBSAN-gcc

Check Details

Version: 3.0.2
Check: installed package size
Result: NOTE
     installed size is 59.3Mb
     sub-directories of 1Mb or more:
     libs 58.1Mb
Flavors: r-devel-linux-x86_64-debian-clang, r-devel-linux-x86_64-debian-gcc, r-devel-linux-x86_64-fedora-clang, r-devel-linux-x86_64-fedora-gcc, r-patched-linux-x86_64, r-patched-solaris-sparc, r-patched-solaris-x86, r-release-linux-x86_64, r-release-osx-x86_64-mavericks, r-release-osx-x86_64-snowleopard