CRAN Package Check Results for Package blockcluster

Last updated on 2014-11-27 01:47:46.

Flavor Version Tinstall Tcheck Ttotal Status Flags
r-devel-linux-x86_64-debian-clang 3.0.1 109.44 22.76 132.20 NOTE
r-devel-linux-x86_64-debian-gcc 3.0.1 118.97 21.67 140.64 NOTE
r-devel-linux-x86_64-fedora-clang 3.0.1 303.45 NOTE
r-devel-linux-x86_64-fedora-gcc 3.0.1 305.90 NOTE
r-devel-osx-x86_64-clang 3.0.1 227.18 OK
r-devel-windows-ix86+x86_64 3.0.1 273.00 59.00 332.00 OK
r-patched-linux-x86_64 3.0.1 120.68 22.48 143.17 NOTE
r-patched-solaris-sparc 3.0.1 1726.00 NOTE
r-patched-solaris-x86 3.0.1 373.50 NOTE
r-release-linux-ix86 3.0.1 133.12 30.67 163.79 NOTE
r-release-linux-x86_64 3.0.1 124.17 22.50 146.66 NOTE
r-release-osx-x86_64-mavericks 3.0.1 NOTE
r-release-osx-x86_64-snowleopard 3.0.1 NOTE
r-release-windows-ix86+x86_64 3.0.1 272.00 57.00 329.00 OK
r-oldrel-windows-ix86+x86_64 3.0.1 259.00 65.00 324.00 OK

Memtest notes: UBSAN UBSAN-gcc

Check Details

Version: 3.0.1
Check: installed package size
Result: NOTE
     installed size is 60.9Mb
     sub-directories of 1Mb or more:
     libs 59.7Mb
Flavors: r-devel-linux-x86_64-debian-clang, r-devel-linux-x86_64-debian-gcc, r-devel-linux-x86_64-fedora-clang, r-devel-linux-x86_64-fedora-gcc, r-patched-linux-x86_64, r-patched-solaris-sparc, r-patched-solaris-x86, r-release-linux-ix86, r-release-linux-x86_64, r-release-osx-x86_64-mavericks, r-release-osx-x86_64-snowleopard

Version: 3.0.1
Check: re-building of vignette outputs
Result: NOTE
    Error in re-building vignettes:
     ...
    Error in texi2dvi(file = file, pdf = TRUE, clean = clean, quiet = quiet, :
     Running 'texi2dvi' on 'blockcluster_tutorial_V3.0.tex' failed.
    LaTeX errors:
    ! LaTeX Error: File `utf8x.def' not found.
    
    Type X to quit or <RETURN> to proceed,
    or enter new name. (Default extension: def)
    Calls: buildVignettes -> texi2pdf -> texi2dvi
    Execution halted
Flavor: r-release-osx-x86_64-mavericks