CRAN Package Check Results for Package blockcluster

Last updated on 2016-05-04 11:38:47.

Flavor Version Tinstall Tcheck Ttotal Status Flags
r-devel-linux-x86_64-debian-gcc 4.0.2 199.23 28.52 227.74 NOTE
r-devel-linux-x86_64-fedora-clang 4.0.2 430.91 NOTE
r-devel-linux-x86_64-fedora-gcc 4.0.2 484.37 NOTE
r-devel-osx-x86_64-clang 4.0.2 240.13 OK
r-devel-windows-ix86+x86_64 4.0.2 698.00 82.00 780.00 NOTE
r-patched-linux-x86_64 4.0.2 197.85 28.10 225.96 NOTE
r-patched-solaris-sparc 4.0.2 2469.50 OK
r-patched-solaris-x86 4.0.2 470.30 OK
r-release-linux-x86_64 4.0.2 200.24 27.98 228.22 NOTE
r-release-osx-x86_64-mavericks 4.0.2 NOTE
r-release-windows-ix86+x86_64 4.0.2 572.00 118.00 690.00 NOTE
r-oldrel-windows-ix86+x86_64 4.0.2 572.00 148.00 720.00 NOTE

Memtest notes: gcc6-ASAN

Check Details

Version: 4.0.2
Check: installed package size
Result: NOTE
     installed size is 43.5Mb
     sub-directories of 1Mb or more:
     libs 42.4Mb
Flavors: r-devel-linux-x86_64-debian-gcc, r-devel-linux-x86_64-fedora-clang, r-devel-linux-x86_64-fedora-gcc, r-devel-windows-ix86+x86_64, r-patched-linux-x86_64, r-release-linux-x86_64, r-release-osx-x86_64-mavericks, r-release-windows-ix86+x86_64, r-oldrel-windows-ix86+x86_64