CRAN Package Check Results for Package blockcluster

Last updated on 2017-12-15 02:48:15 CET.

Flavor Version Tinstall Tcheck Ttotal Status Flags
r-devel-linux-x86_64-debian-clang 4.2.3 319.25 22.32 341.57 FAIL
r-devel-linux-x86_64-debian-gcc 4.2.3 289.35 40.03 329.38 OK
r-devel-linux-x86_64-fedora-clang 4.2.3 540.43 NOTE
r-devel-linux-x86_64-fedora-gcc 4.2.3 540.61 NOTE
r-devel-windows-ix86+x86_64 4.2.3 885.00 94.00 979.00 NOTE
r-patched-linux-x86_64 4.2.3 323.53 47.56 371.09 OK
r-patched-solaris-x86 4.2.3 463.80 OK
r-release-linux-x86_64 4.2.3 321.41 47.74 369.15 OK
r-release-windows-ix86+x86_64 4.2.3 711.00 103.00 814.00 NOTE
r-release-osx-x86_64 4.2.3 NOTE
r-oldrel-windows-ix86+x86_64 4.2.3 805.00 120.00 925.00 NOTE
r-oldrel-osx-x86_64 4.2.3 NOTE

Check Details

Version: 4.2.3
Check: pragmas in C/C++ headers and code
Result: FAIL
    
Flavor: r-devel-linux-x86_64-debian-clang

Version: 4.2.3
Check: installed package size
Result: NOTE
     installed size is 39.2Mb
     sub-directories of 1Mb or more:
     libs 38.1Mb
Flavors: r-devel-linux-x86_64-fedora-clang, r-devel-linux-x86_64-fedora-gcc, r-devel-windows-ix86+x86_64, r-release-windows-ix86+x86_64, r-release-osx-x86_64, r-oldrel-windows-ix86+x86_64, r-oldrel-osx-x86_64

Version: 4.2.3
Check: re-building of vignette outputs
Result: NOTE
    Error in re-building vignettes:
     ...
    
     LdFlags
    
    blockcluster version 4.2.3 loaded
    
    ----------------
    Copyright (C) <MODAL team @INRIA,Lille & U.M.R. C.N.R.S. 6599 Heudiasyc, UTC>
    Please post questions and bugs at: <https://gforge.inria.fr/forum/forum.php?forum_id=11190&group_id=3679>
    
    Error in texi2dvi(file = file, pdf = TRUE, clean = clean, quiet = quiet, :
     Running 'texi2dvi' on 'blockcluster_tutorial.tex' failed.
    LaTeX errors:
    ! LaTeX Error: File `utf8x.def' not found.
    
    Type X to quit or <RETURN> to proceed,
    or enter new name. (Default extension: def)
    
    ! Emergency stop.
    <read *>
    
    l.158 \endinput
     ^^M
    ! ==> Fatal error occurred, no output PDF file produced!
    Calls: buildVignettes -> texi2pdf -> texi2dvi
    Execution halted
Flavor: r-release-osx-x86_64