CRAN Package Check Results for Package blockcluster

Last updated on 2015-03-01 19:47:59.

Flavor Version Tinstall Tcheck Ttotal Status Flags
r-devel-linux-x86_64-debian-clang 3.0.2 106.61 20.04 126.65 NOTE
r-devel-linux-x86_64-debian-gcc 3.0.2 114.48 20.67 135.16 NOTE
r-devel-linux-x86_64-fedora-clang 3.0.2 288.49 NOTE
r-devel-linux-x86_64-fedora-gcc 3.0.2 260.23 NOTE
r-devel-osx-x86_64-clang 3.0.2 217.78 OK
r-devel-windows-ix86+x86_64 3.0.2 269.00 55.00 324.00 OK
r-patched-linux-x86_64 3.0.2 119.27 22.17 141.44 NOTE
r-patched-solaris-sparc 3.0.2 1598.50 NOTE
r-patched-solaris-x86 3.0.2 375.90 NOTE
r-release-linux-ix86 3.0.2 134.23 33.96 168.19 NOTE
r-release-linux-x86_64 3.0.2 122.93 22.55 145.48 NOTE
r-release-osx-x86_64-mavericks 3.0.2 NOTE
r-release-osx-x86_64-snowleopard 3.0.2 NOTE
r-release-windows-ix86+x86_64 3.0.2 267.00 62.00 329.00 OK
r-oldrel-windows-ix86+x86_64 3.0.2 300.00 53.00 353.00 OK

Memtest notes: UBSAN UBSAN-clang-trunk UBSAN-gcc

Check Details

Version: 3.0.2
Check: installed package size
Result: NOTE
     installed size is 60.8Mb
     sub-directories of 1Mb or more:
     libs 59.6Mb
Flavors: r-devel-linux-x86_64-debian-clang, r-devel-linux-x86_64-debian-gcc, r-devel-linux-x86_64-fedora-clang, r-devel-linux-x86_64-fedora-gcc, r-patched-linux-x86_64, r-patched-solaris-sparc, r-patched-solaris-x86, r-release-linux-ix86, r-release-linux-x86_64, r-release-osx-x86_64-mavericks, r-release-osx-x86_64-snowleopard