CRAN Package Check Results for Package blockcluster

Last updated on 2020-09-23 15:27:56 CEST.

Flavor Version Tinstall Tcheck Ttotal Status Flags
r-devel-linux-x86_64-debian-clang 4.4.3 494.52 61.37 555.89 OK
r-devel-linux-x86_64-debian-gcc 4.4.3 402.32 48.20 450.52 OK
r-devel-linux-x86_64-fedora-clang 4.4.3 814.76 NOTE
r-devel-linux-x86_64-fedora-gcc 4.4.3 789.57 OK
r-devel-windows-ix86+x86_64 4.4.3 1060.00 114.00 1174.00 NOTE
r-patched-linux-x86_64 4.4.3 416.81 58.91 475.72 OK
r-patched-solaris-x86 4.4.3 2450.40 ERROR
r-release-linux-x86_64 4.4.3 415.67 58.43 474.10 OK
r-release-macos-x86_64 4.4.3 NOTE
r-release-windows-ix86+x86_64 4.4.3 911.00 146.00 1057.00 NOTE
r-oldrel-macos-x86_64 4.4.3 NOTE
r-oldrel-windows-ix86+x86_64 4.4.3 797.00 140.00 937.00 NOTE

Additional issues

clang-UBSAN gcc-UBSAN valgrind

Check Details

Version: 4.4.3
Check: installed package size
Result: NOTE
     installed size is 60.5Mb
     sub-directories of 1Mb or more:
     libs 59.2Mb
Flavors: r-devel-linux-x86_64-fedora-clang, r-devel-windows-ix86+x86_64, r-release-macos-x86_64, r-release-windows-ix86+x86_64, r-oldrel-macos-x86_64, r-oldrel-windows-ix86+x86_64

Version: 4.4.3
Check: examples
Result: ERROR
    Running examples in ‘blockcluster-Ex.R’ failed
    The error most likely occurred in:
    
    > ### Name: cocluster
    > ### Title: Co-Clustering function.
    > ### Aliases: cocluster
    >
    > ### ** Examples
    >
    >
    > # Simple example with simulated binary data
    > #load data
    > data(binarydata)
    > #usage of cocluster function in its most simplest form
    > out<-cocluster(binarydata,datatype="binary",nbcocluster=c(2,3))
Flavor: r-patched-solaris-x86

Version: 4.4.3
Check: for non-standard things in the check directory
Result: NOTE
    Found the following files/directories:
     ‘core’
Flavor: r-patched-solaris-x86