CRAN Package Check Results for Package blockcluster

Last updated on 2018-05-21 09:47:30 CEST.

Flavor Version Tinstall Tcheck Ttotal Status Flags
r-devel-linux-x86_64-debian-clang 4.2.6 374.66 46.81 421.47 OK
r-devel-linux-x86_64-debian-gcc 4.2.6 316.97 42.39 359.36 OK
r-devel-linux-x86_64-fedora-clang 4.2.6 588.80 NOTE
r-devel-linux-x86_64-fedora-gcc 4.2.6 551.50 NOTE
r-devel-windows-ix86+x86_64 4.2.6 880.00 112.00 992.00 NOTE
r-patched-linux-x86_64 4.2.6 377.69 51.06 428.75 OK
r-patched-solaris-x86 4.2.6 4171.00 ERROR
r-release-linux-x86_64 4.2.6 380.51 50.81 431.32 OK
r-release-windows-ix86+x86_64 4.2.6 815.00 102.00 917.00 NOTE
r-release-osx-x86_64 4.2.6 NOTE
r-oldrel-windows-ix86+x86_64 4.2.6 612.00 112.00 724.00 NOTE
r-oldrel-osx-x86_64 4.2.6 NOTE

Check Details

Version: 4.2.6
Check: installed package size
Result: NOTE
     installed size is 43.7Mb
     sub-directories of 1Mb or more:
     libs 42.6Mb
Flavors: r-devel-linux-x86_64-fedora-clang, r-devel-linux-x86_64-fedora-gcc, r-devel-windows-ix86+x86_64, r-release-windows-ix86+x86_64, r-release-osx-x86_64, r-oldrel-windows-ix86+x86_64, r-oldrel-osx-x86_64

Version: 4.2.6
Check: examples
Result: ERROR
    Running examples in ‘blockcluster-Ex.R’ failed
    The error most likely occurred in:
    
    > ### Name: blockcluster
    > ### Title: Co-Clustering Package
    > ### Aliases: blockcluster
    >
    > ### ** Examples
    >
    >
    > ## Simple example with simulated binary data
    > ## load data
    > data(binarydata)
    > ## usage of coclusterBinary function in its most simplest form
    > out<-coclusterBinary(binarydata,nbcocluster=c(2,3))
Flavor: r-patched-solaris-x86

Version: 4.2.6
Check: re-building of vignette outputs
Result: WARN
    Error in re-building vignettes:
     ...
    Loading required package: rtkore
    Loading required package: Rcpp
    
    Attaching package: ‘rtkore’
    
    The following object is masked from ‘package:Rcpp’:
    
     LdFlags
    
    blockcluster version 4.2.6 loaded
    
    ----------------
    Copyright (C) <MODAL team @INRIA,Lille & U.M.R. C.N.R.S. 6599 Heudiasyc, UTC>
    Please post questions and bugs at: <https://gforge.inria.fr/forum/forum.php?forum_id=11190&group_id=3679>
Flavor: r-patched-solaris-x86