CRAN Package Check Results for Package blockcluster

Last updated on 2017-10-18 03:48:07.

Flavor Version Tinstall Tcheck Ttotal Status Flags
r-devel-linux-x86_64-debian-clang 4.2.3 235.86 34.11 269.96 OK
r-devel-linux-x86_64-debian-gcc 4.2.3 252.86 32.52 285.38 OK
r-devel-linux-x86_64-fedora-clang 4.2.3 555.04 NOTE
r-devel-linux-x86_64-fedora-gcc 4.2.3 557.96 NOTE
r-devel-windows-ix86+x86_64 4.2.3 906.00 101.00 1007.00 NOTE
r-patched-linux-x86_64 4.2.3 243.20 30.88 274.08 OK
r-patched-solaris-x86 4.2.3 464.90 OK
r-release-linux-x86_64 4.2.3 244.92 30.78 275.70 OK
r-release-windows-ix86+x86_64 4.2.3 892.00 111.00 1003.00 NOTE
r-release-osx-x86_64 4.2.3 NOTE
r-oldrel-windows-ix86+x86_64 4.2.3 866.00 117.00 983.00 NOTE
r-oldrel-osx-x86_64 4.2.3 NOTE

Additional issues

clang-ASAN gcc-ASAN

Check Details

Version: 4.2.3
Check: installed package size
Result: NOTE
     installed size is 39.2Mb
     sub-directories of 1Mb or more:
     libs 38.1Mb
Flavors: r-devel-linux-x86_64-fedora-clang, r-devel-linux-x86_64-fedora-gcc, r-devel-windows-ix86+x86_64, r-release-windows-ix86+x86_64, r-release-osx-x86_64, r-oldrel-windows-ix86+x86_64, r-oldrel-osx-x86_64

Version: 4.2.3
Check: re-building of vignette outputs
Result: NOTE
    Error in re-building vignettes:
     ...
    
     LdFlags
    
    blockcluster version 4.2.3 loaded
    
    ----------------
    Copyright (C) <MODAL team @INRIA,Lille & U.M.R. C.N.R.S. 6599 Heudiasyc, UTC>
    Please post questions and bugs at: <https://gforge.inria.fr/forum/forum.php?forum_id=11190&group_id=3679>
    
    Error in texi2dvi(file = file, pdf = TRUE, clean = clean, quiet = quiet, :
     Running 'texi2dvi' on 'blockcluster_tutorial.tex' failed.
    LaTeX errors:
    ! LaTeX Error: File `utf8x.def' not found.
    
    Type X to quit or <RETURN> to proceed,
    or enter new name. (Default extension: def)
    
    ! Emergency stop.
    <read *>
    
    l.158 \endinput
     ^^M
    ! ==> Fatal error occurred, no output PDF file produced!
    Calls: buildVignettes -> texi2pdf -> texi2dvi
    Execution halted
Flavor: r-release-osx-x86_64