CRAN Package Check Results for Package blockcluster

Last updated on 2017-06-23 18:46:23.

Flavor Version Tinstall Tcheck Ttotal Status Flags
r-devel-linux-x86_64-debian-clang 4.2.3 235.63 31.58 267.21 OK
r-devel-linux-x86_64-debian-gcc 4.2.3 244.52 30.27 274.79 OK
r-devel-linux-x86_64-fedora-clang 4.2.3 547.38 NOTE
r-devel-linux-x86_64-fedora-gcc 4.2.3 544.89 NOTE
r-devel-windows-ix86+x86_64 4.2.3 763.00 128.00 891.00 NOTE
r-patched-linux-x86_64 4.2.3 215.93 30.28 246.21 OK
r-patched-solaris-sparc 4.2.3 2420.10 OK
r-patched-solaris-x86 4.2.3 456.20 OK
r-release-linux-x86_64 4.2.3 220.81 30.64 251.45 OK
r-release-windows-ix86+x86_64 4.2.3 668.00 124.00 792.00 NOTE
r-release-osx-x86_64 4.2.3 NOTE
r-oldrel-windows-ix86+x86_64 4.2.3 885.00 126.00 1011.00 NOTE
r-oldrel-osx-x86_64 4.2.3 NOTE

Additional issues

gcc-ASAN

Check Details

Version: 4.2.3
Check: installed package size
Result: NOTE
     installed size is 37.7Mb
     sub-directories of 1Mb or more:
     libs 36.7Mb
Flavors: r-devel-linux-x86_64-fedora-clang, r-devel-linux-x86_64-fedora-gcc, r-devel-windows-ix86+x86_64, r-release-windows-ix86+x86_64, r-release-osx-x86_64, r-oldrel-windows-ix86+x86_64, r-oldrel-osx-x86_64

Version: 4.2.3
Check: re-building of vignette outputs
Result: NOTE
    Error in re-building vignettes:
     ...
    
     LdFlags
    
    blockcluster version 4.2.3 loaded
    
    ----------------
    Copyright (C) <MODAL team @INRIA,Lille & U.M.R. C.N.R.S. 6599 Heudiasyc, UTC>
    Please post questions and bugs at: <https://gforge.inria.fr/forum/forum.php?forum_id=11190&group_id=3679>
    
    Error in texi2dvi(file = file, pdf = TRUE, clean = clean, quiet = quiet, :
     Running 'texi2dvi' on 'blockcluster_tutorial.tex' failed.
    LaTeX errors:
    ! LaTeX Error: File `utf8x.def' not found.
    
    Type X to quit or <RETURN> to proceed,
    or enter new name. (Default extension: def)
    
    ! Emergency stop.
    <read *>
    
    l.158 \endinput
     ^^M
    ! ==> Fatal error occurred, no output PDF file produced!
    Calls: buildVignettes -> texi2pdf -> texi2dvi
    Execution halted
Flavor: r-release-osx-x86_64