CRAN Package Check Results for Package blockcluster

Last updated on 2017-01-16 22:54:53.

Flavor Version Tinstall Tcheck Ttotal Status Flags
r-devel-linux-x86_64-debian-clang 4.2.1 216.18 34.41 250.59 NOTE
r-devel-linux-x86_64-debian-gcc 4.2.1 245.80 32.49 278.29 NOTE
r-devel-linux-x86_64-fedora-clang 4.2.1 495.92 NOTE --no-stop-on-test-error
r-devel-linux-x86_64-fedora-gcc 4.2.1 539.03 NOTE --no-stop-on-test-error
r-devel-macos-x86_64-clang 4.2.1 315.66 NOTE --no-stop-on-test-error
r-devel-windows-ix86+x86_64 4.2.1 920.00 87.00 1007.00 NOTE
r-patched-linux-x86_64 4.2.1 212.38 29.70 242.07 OK
r-patched-solaris-sparc 4.2.1 2358.20 OK
r-patched-solaris-x86 4.2.1 445.60 OK
r-release-linux-x86_64 4.2.1 215.27 29.70 244.97 OK
r-release-osx-x86_64-mavericks 4.2.1 NOTE
r-release-windows-ix86+x86_64 4.2.1 845.00 101.00 946.00 NOTE
r-oldrel-windows-ix86+x86_64 4.2.1 590.00 110.00 700.00 NOTE

Memtest notes: clang-ASAN

Check Details

Version: 4.2.1
Check: DESCRIPTION meta-information
Result: NOTE
    BugReports field has an empty first line and will not work in R <= 3.3.2
Flavors: r-devel-linux-x86_64-debian-clang, r-devel-linux-x86_64-debian-gcc, r-devel-windows-ix86+x86_64

Version: 4.2.1
Flags: --no-stop-on-test-error
Check: installed package size
Result: NOTE
     installed size is 35.0Mb
     sub-directories of 1Mb or more:
     libs 33.9Mb
Flavors: r-devel-linux-x86_64-fedora-clang, r-devel-linux-x86_64-fedora-gcc

Version: 4.2.1
Flags: --no-stop-on-test-error
Check: DESCRIPTION meta-information
Result: NOTE
    BugReports field has an empty first line and will not work in R <= 3.3.2
Flavors: r-devel-linux-x86_64-fedora-clang, r-devel-linux-x86_64-fedora-gcc, r-devel-macos-x86_64-clang

Version: 4.2.1
Flags: --no-stop-on-test-error
Check: compiled code
Result: NOTE
    File ‘blockcluster/libs/blockcluster.so’:
     Found no calls to: ‘R_registerRoutines’, ‘R_useDynamicSymbols’
    
    It is good practice to use registered native symbols and disable symbol
    search.
    
    See ‘Writing portable packages’ in the ‘Writing R Extensions’ manual.
Flavor: r-devel-linux-x86_64-fedora-gcc

Version: 4.2.1
Check: installed package size
Result: NOTE
     installed size is 5.4Mb
     sub-directories of 1Mb or more:
     libs 4.3Mb
Flavors: r-devel-windows-ix86+x86_64, r-release-osx-x86_64-mavericks, r-release-windows-ix86+x86_64, r-oldrel-windows-ix86+x86_64