CRAN Package Check Results for Package blockcluster

Last updated on 2016-12-03 12:48:12.

Flavor Version Tinstall Tcheck Ttotal Status Flags
r-devel-linux-x86_64-debian-clang 4.2.1 215.77 34.08 249.85 OK
r-devel-linux-x86_64-debian-gcc 4.2.1 245.06 33.60 278.66 OK
r-devel-linux-x86_64-fedora-clang 4.2.1 492.85 NOTE
r-devel-linux-x86_64-fedora-gcc 4.2.1 550.66 NOTE
r-devel-macos-x86_64-clang 4.2.1 314.20 OK
r-devel-windows-ix86+x86_64 4.2.1 530.00 82.00 612.00 NOTE
r-patched-linux-x86_64 4.2.1 214.92 29.72 244.64 OK
r-patched-solaris-sparc 4.2.1 2198.70 OK
r-patched-solaris-x86 4.2.1 438.00 OK
r-release-linux-x86_64 4.2.1 215.67 29.97 245.64 OK
r-release-osx-x86_64-mavericks 4.2.1 NOTE
r-release-windows-ix86+x86_64 4.2.1 870.00 181.00 1051.00 NOTE
r-oldrel-windows-ix86+x86_64 4.2.1 761.00 167.00 928.00 NOTE

Memtest notes: gcc6-ASAN

Check Details

Version: 4.2.1
Check: installed package size
Result: NOTE
     installed size is 35.0Mb
     sub-directories of 1Mb or more:
     libs 33.9Mb
Flavors: r-devel-linux-x86_64-fedora-clang, r-devel-linux-x86_64-fedora-gcc, r-devel-windows-ix86+x86_64, r-release-osx-x86_64-mavericks, r-release-windows-ix86+x86_64, r-oldrel-windows-ix86+x86_64