CRAN Package Check Results for Package blockcluster

Last updated on 2015-08-01 21:47:08.

Flavor Version Tinstall Tcheck Ttotal Status Flags
r-devel-linux-x86_64-debian-clang 3.0.2 109.20 20.27 129.47 NOTE
r-devel-linux-x86_64-debian-gcc 3.0.2 116.25 20.21 136.46 NOTE
r-devel-linux-x86_64-fedora-clang 3.0.2 281.94 NOTE
r-devel-linux-x86_64-fedora-gcc 3.0.2 268.79 NOTE
r-devel-osx-x86_64-clang 3.0.2 169.41 OK
r-devel-windows-ix86+x86_64 3.0.2 355.00 80.00 435.00 NOTE
r-patched-linux-x86_64 3.0.2 117.03 19.82 136.85 NOTE
r-patched-solaris-sparc 3.0.2 1244.30 OK
r-patched-solaris-x86 3.0.2 263.90 OK
r-release-linux-x86_64 3.0.2 115.92 20.20 136.12 NOTE
r-release-osx-x86_64-mavericks 3.0.2 NOTE
r-release-windows-ix86+x86_64 3.0.2 362.00 72.00 434.00 OK
r-oldrel-windows-ix86+x86_64 3.0.2 385.00 64.00 449.00 OK

Memtest notes: UBSAN UBSAN-gcc

Check Details

Version: 3.0.2
Check: installed package size
Result: NOTE
     installed size is 60.8Mb
     sub-directories of 1Mb or more:
     libs 59.6Mb
Flavors: r-devel-linux-x86_64-debian-clang, r-devel-linux-x86_64-debian-gcc, r-devel-linux-x86_64-fedora-clang, r-devel-linux-x86_64-fedora-gcc, r-patched-linux-x86_64, r-release-linux-x86_64, r-release-osx-x86_64-mavericks

Version: 3.0.2
Check: R code for possible problems
Result: NOTE
    plot,BinaryOptions: no visible global function definition for ‘layout’
    plot,BinaryOptions: no visible global function definition for ‘gray’
    plot,BinaryOptions: no visible global function definition for ‘legend’
    plot,BinaryOptions: no visible global function definition for ‘par’
    plot,BinaryOptions: no visible global function definition for ‘image’
    plot,BinaryOptions: no visible global function definition for ‘title’
    plot,BinaryOptions: no visible global function definition for ‘abline’
    plot,BinaryOptions: no visible global function definition for ‘barplot’
    plot,CategoricalOptions: no visible global function definition for
     ‘layout’
    plot,CategoricalOptions: no visible global function definition for
     ‘gray’
    plot,CategoricalOptions: no visible global function definition for
     ‘par’
    plot,CategoricalOptions: no visible global function definition for
     ‘image’
    plot,CategoricalOptions: no visible global function definition for
     ‘title’
    plot,CategoricalOptions: no visible global function definition for
     ‘abline’
    plot,CategoricalOptions: no visible global function definition for
     ‘barplot’
    plot,ContingencyOptions: no visible global function definition for
     ‘layout’
    plot,ContingencyOptions: no visible global function definition for
     ‘gray’
    plot,ContingencyOptions: no visible global function definition for
     ‘par’
    plot,ContingencyOptions: no visible global function definition for
     ‘image’
    plot,ContingencyOptions: no visible global function definition for
     ‘title’
    plot,ContingencyOptions: no visible global function definition for
     ‘abline’
    plot,ContingencyOptions: no visible global function definition for
     ‘barplot’
    plot,ContinuousOptions: no visible global function definition for
     ‘layout’
    plot,ContinuousOptions: no visible global function definition for
     ‘gray’
    plot,ContinuousOptions: no visible global function definition for ‘par’
    plot,ContinuousOptions: no visible global function definition for
     ‘image’
    plot,ContinuousOptions: no visible global function definition for
     ‘title’
    plot,ContinuousOptions: no visible global function definition for
     ‘abline’
    plot,ContinuousOptions: no visible global function definition for
     ‘hist’
    plot,ContinuousOptions: no visible global function definition for
     ‘dnorm’
    plot,ContinuousOptions: no visible global function definition for
     ‘points’
    Undefined global functions or variables:
     abline barplot dnorm gray hist image layout legend par points title
    Consider adding
     importFrom("grDevices", "gray")
     importFrom("graphics", "abline", "barplot", "hist", "image", "layout",
     "legend", "par", "points", "title")
     importFrom("stats", "dnorm")
    to your NAMESPACE.
Flavors: r-devel-linux-x86_64-debian-clang, r-devel-linux-x86_64-debian-gcc, r-devel-linux-x86_64-fedora-clang, r-devel-linux-x86_64-fedora-gcc, r-devel-windows-ix86+x86_64