CRAN Package Check Results for Package blockcluster

Last updated on 2017-02-19 14:51:45.

Flavor Version Tinstall Tcheck Ttotal Status Flags
r-devel-linux-x86_64-debian-clang 4.2.1 217.78 31.66 249.43 NOTE
r-devel-linux-x86_64-debian-gcc 4.2.1 247.67 30.90 278.57 NOTE
r-devel-linux-x86_64-fedora-clang 4.2.1 491.03 NOTE --no-stop-on-test-error
r-devel-linux-x86_64-fedora-gcc 4.2.1 549.25 NOTE --no-stop-on-test-error
r-devel-macos-x86_64-clang 4.2.1 314.28 NOTE --no-stop-on-test-error
r-devel-windows-ix86+x86_64 4.2.1 678.00 155.00 833.00 NOTE
r-patched-linux-x86_64 4.2.1 215.71 27.64 243.36 OK
r-patched-solaris-sparc 4.2.1 2358.20 OK
r-patched-solaris-x86 4.2.1 443.50 OK
r-release-linux-x86_64 4.2.1 216.15 27.77 243.92 OK
r-release-osx-x86_64-mavericks 4.2.1 NOTE
r-release-windows-ix86+x86_64 4.2.1 627.00 101.00 728.00 NOTE
r-oldrel-windows-ix86+x86_64 4.2.1 806.00 132.00 938.00 NOTE

Check Details

Version: 4.2.1
Check: compiled code
Result: NOTE
    File ‘blockcluster/libs/blockcluster.so’:
     Found no calls to: ‘R_registerRoutines’, ‘R_useDynamicSymbols’
    
    It is good practice to register native routines and to disable symbol
    search.
    
    See ‘Writing portable packages’ in the ‘Writing R Extensions’ manual.
Flavors: r-devel-linux-x86_64-debian-clang, r-devel-linux-x86_64-debian-gcc

Version: 4.2.1
Flags: --no-stop-on-test-error
Check: installed package size
Result: NOTE
     installed size is 35.0Mb
     sub-directories of 1Mb or more:
     libs 33.9Mb
Flavors: r-devel-linux-x86_64-fedora-clang, r-devel-linux-x86_64-fedora-gcc

Version: 4.2.1
Flags: --no-stop-on-test-error
Check: compiled code
Result: NOTE
    File ‘blockcluster/libs/blockcluster.so’:
     Found no calls to: ‘R_registerRoutines’, ‘R_useDynamicSymbols’
    
    It is good practice to register native routines and to disable symbol
    search.
    
    See ‘Writing portable packages’ in the ‘Writing R Extensions’ manual.
Flavors: r-devel-linux-x86_64-fedora-clang, r-devel-linux-x86_64-fedora-gcc, r-devel-macos-x86_64-clang

Version: 4.2.1
Check: installed package size
Result: NOTE
     installed size is 5.3Mb
     sub-directories of 1Mb or more:
     libs 4.3Mb
Flavors: r-devel-windows-ix86+x86_64, r-release-osx-x86_64-mavericks, r-release-windows-ix86+x86_64, r-oldrel-windows-ix86+x86_64