CRAN Package Check Results for Package blockcluster

Last updated on 2016-09-25 11:47:00.

Flavor Version Tinstall Tcheck Ttotal Status Flags
r-devel-linux-x86_64-debian-clang 4.0.2 203.25 32.84 236.09 NOTE
r-devel-linux-x86_64-debian-gcc 4.0.2 229.51 29.80 259.31 NOTE
r-devel-linux-x86_64-fedora-clang 4.0.2 450.69 NOTE
r-devel-linux-x86_64-fedora-gcc 4.0.2 508.51 NOTE
r-devel-macos-x86_64-clang 4.0.2 291.33 OK
r-devel-windows-ix86+x86_64 4.0.2 836.00 105.00 941.00 NOTE
r-patched-linux-x86_64 4.0.2 203.90 30.30 234.21 NOTE
r-patched-solaris-sparc 4.0.2 2348.10 OK
r-patched-solaris-x86 4.0.2 423.40 OK
r-release-linux-x86_64 4.0.2 202.48 30.58 233.06 NOTE
r-release-osx-x86_64-mavericks 4.0.2 NOTE
r-release-windows-ix86+x86_64 4.0.2 626.00 79.00 705.00 NOTE
r-oldrel-windows-ix86+x86_64 4.0.2 762.00 122.00 884.00 NOTE

Memtest notes: clang-ASAN gcc6-ASAN

Check Details

Version: 4.0.2
Check: installed package size
Result: NOTE
     installed size is 40.2Mb
     sub-directories of 1Mb or more:
     libs 39.1Mb
Flavors: r-devel-linux-x86_64-debian-clang, r-devel-linux-x86_64-debian-gcc, r-devel-linux-x86_64-fedora-clang, r-devel-linux-x86_64-fedora-gcc, r-devel-windows-ix86+x86_64, r-patched-linux-x86_64, r-release-linux-x86_64, r-release-osx-x86_64-mavericks, r-release-windows-ix86+x86_64, r-oldrel-windows-ix86+x86_64