CRAN Package Check Results for Package blockcluster

Last updated on 2017-04-30 05:48:11.

Flavor Version Tinstall Tcheck Ttotal Status Flags
r-devel-linux-x86_64-debian-clang 4.2.3 231.28 32.24 263.53 OK
r-devel-linux-x86_64-debian-gcc 4.2.3 244.39 30.37 274.76 OK
r-devel-linux-x86_64-fedora-clang 4.2.3 548.71 NOTE --no-stop-on-test-error
r-devel-linux-x86_64-fedora-gcc 4.2.3 553.22 NOTE --no-stop-on-test-error
r-devel-windows-ix86+x86_64 4.2.3 905.00 105.00 1010.00 NOTE
r-patched-linux-x86_64 4.2.3 219.11 29.77 248.88 OK
r-patched-solaris-sparc 4.2.3 2420.10 OK
r-patched-solaris-x86 4.2.3 460.00 OK
r-release-linux-x86_64 4.2.3 216.93 30.41 247.34 OK
r-release-windows-ix86+x86_64 4.2.3 884.00 115.00 999.00 NOTE
r-release-osx-x86_64 4.2.3 NOTE
r-oldrel-windows-ix86+x86_64 4.2.3 902.00 116.00 1018.00 NOTE
r-oldrel-osx-x86_64 4.2.3 NOTE

Memtest notes: clang-ASAN valgrind

Check Details

Version: 4.2.3
Flags: --no-stop-on-test-error
Check: installed package size
Result: NOTE
     installed size is 37.7Mb
     sub-directories of 1Mb or more:
     libs 36.6Mb
Flavors: r-devel-linux-x86_64-fedora-clang, r-devel-linux-x86_64-fedora-gcc

Version: 4.2.3
Check: installed package size
Result: NOTE
     installed size is 5.4Mb
     sub-directories of 1Mb or more:
     libs 4.4Mb
Flavors: r-devel-windows-ix86+x86_64, r-release-windows-ix86+x86_64, r-release-osx-x86_64, r-oldrel-windows-ix86+x86_64, r-oldrel-osx-x86_64

Version: 4.2.3
Check: re-building of vignette outputs
Result: NOTE
    Error in re-building vignettes:
     ...
    
     LdFlags
    
    blockcluster version 4.2.3 loaded
    
    ----------------
    Copyright (C) <MODAL team @INRIA,Lille & U.M.R. C.N.R.S. 6599 Heudiasyc, UTC>
    Please post questions and bugs at: <https://gforge.inria.fr/forum/forum.php?forum_id=11190&group_id=3679>
    
    Error in texi2dvi(file = file, pdf = TRUE, clean = clean, quiet = quiet, :
     Running 'texi2dvi' on 'blockcluster_tutorial.tex' failed.
    LaTeX errors:
    ! LaTeX Error: File `utf8x.def' not found.
    
    Type X to quit or <RETURN> to proceed,
    or enter new name. (Default extension: def)
    
    ! Emergency stop.
    <read *>
    
    l.158 \endinput
     ^^M
    ! ==> Fatal error occurred, no output PDF file produced!
    Calls: buildVignettes -> texi2pdf -> texi2dvi
    Execution halted
Flavor: r-release-osx-x86_64