CRAN Package Check Results for Package blockcluster

Last updated on 2015-07-05 03:47:18.

Flavor Version Tinstall Tcheck Ttotal Status Flags
r-devel-linux-x86_64-debian-clang 3.0.2 105.80 20.72 126.52 NOTE
r-devel-linux-x86_64-debian-gcc 3.0.2 115.40 19.91 135.31 NOTE
r-devel-linux-x86_64-fedora-clang 3.0.2 279.20 NOTE
r-devel-linux-x86_64-fedora-gcc 3.0.2 262.36 NOTE
r-devel-osx-x86_64-clang 3.0.2 167.02 OK
r-devel-windows-ix86+x86_64 3.0.2 261.00 57.00 318.00 NOTE
r-patched-linux-x86_64 3.0.2 114.38 20.27 134.64 NOTE
r-patched-solaris-sparc 3.0.2 1589.00 NOTE
r-patched-solaris-x86 3.0.2 349.80 NOTE
r-release-linux-x86_64 3.0.2 115.86 20.10 135.95 NOTE
r-release-osx-x86_64-mavericks 3.0.2 NOTE
r-release-windows-ix86+x86_64 3.0.2 349.00 49.00 398.00 OK
r-oldrel-windows-ix86+x86_64 3.0.2 274.00 71.00 345.00 OK

Memtest notes: UBSAN UBSAN-gcc

Check Details

Version: 3.0.2
Check: installed package size
Result: NOTE
     installed size is 59.3Mb
     sub-directories of 1Mb or more:
     libs 58.1Mb
Flavors: r-devel-linux-x86_64-debian-clang, r-devel-linux-x86_64-debian-gcc, r-devel-linux-x86_64-fedora-clang, r-devel-linux-x86_64-fedora-gcc, r-patched-linux-x86_64, r-patched-solaris-sparc, r-patched-solaris-x86, r-release-linux-x86_64, r-release-osx-x86_64-mavericks

Version: 3.0.2
Check: R code for possible problems
Result: NOTE
    plot,BinaryOptions: no visible global function definition for ‘layout’
    plot,BinaryOptions: no visible global function definition for ‘gray’
    plot,BinaryOptions: no visible global function definition for ‘legend’
    plot,BinaryOptions: no visible global function definition for ‘par’
    plot,BinaryOptions: no visible global function definition for ‘image’
    plot,BinaryOptions: no visible global function definition for ‘title’
    plot,BinaryOptions: no visible global function definition for ‘abline’
    plot,BinaryOptions: no visible global function definition for ‘barplot’
    plot,CategoricalOptions: no visible global function definition for
     ‘layout’
    plot,CategoricalOptions: no visible global function definition for
     ‘gray’
    plot,CategoricalOptions: no visible global function definition for
     ‘par’
    plot,CategoricalOptions: no visible global function definition for
     ‘image’
    plot,CategoricalOptions: no visible global function definition for
     ‘title’
    plot,CategoricalOptions: no visible global function definition for
     ‘abline’
    plot,CategoricalOptions: no visible global function definition for
     ‘barplot’
    plot,ContingencyOptions: no visible global function definition for
     ‘layout’
    plot,ContingencyOptions: no visible global function definition for
     ‘gray’
    plot,ContingencyOptions: no visible global function definition for
     ‘par’
    plot,ContingencyOptions: no visible global function definition for
     ‘image’
    plot,ContingencyOptions: no visible global function definition for
     ‘title’
    plot,ContingencyOptions: no visible global function definition for
     ‘abline’
    plot,ContingencyOptions: no visible global function definition for
     ‘barplot’
    plot,ContinuousOptions: no visible global function definition for
     ‘layout’
    plot,ContinuousOptions: no visible global function definition for
     ‘gray’
    plot,ContinuousOptions: no visible global function definition for ‘par’
    plot,ContinuousOptions: no visible global function definition for
     ‘image’
    plot,ContinuousOptions: no visible global function definition for
     ‘title’
    plot,ContinuousOptions: no visible global function definition for
     ‘abline’
    plot,ContinuousOptions: no visible global function definition for
     ‘hist’
    plot,ContinuousOptions: no visible global function definition for
     ‘dnorm’
    plot,ContinuousOptions: no visible global function definition for
     ‘points’
    Undefined global functions or variables:
     abline barplot dnorm gray hist image layout legend par points title
Flavors: r-devel-linux-x86_64-debian-clang, r-devel-linux-x86_64-debian-gcc, r-devel-linux-x86_64-fedora-clang, r-devel-linux-x86_64-fedora-gcc, r-devel-windows-ix86+x86_64