CRAN Package Check Results for Package blockcluster

Last updated on 2016-06-26 11:48:03.

Flavor Version Tinstall Tcheck Ttotal Status Flags
r-devel-linux-x86_64-debian-gcc 4.0.2 262.78 29.13 291.91 NOTE
r-devel-linux-x86_64-fedora-clang 4.0.2 440.56 NOTE
r-devel-linux-x86_64-fedora-gcc 4.0.2 495.79 NOTE
r-devel-osx-x86_64-clang 4.0.2 291.16 OK
r-devel-windows-ix86+x86_64 4.0.2 813.00 106.00 919.00 NOTE
r-patched-linux-x86_64 4.0.2 206.61 29.67 236.29 NOTE
r-patched-solaris-sparc 4.0.2 2484.00 NOTE
r-patched-solaris-x86 4.0.2 458.20 NOTE
r-release-linux-x86_64 4.0.2 210.10 30.08 240.18 NOTE
r-release-osx-x86_64-mavericks 4.0.2 NOTE
r-release-windows-ix86+x86_64 4.0.2 606.00 76.00 682.00 NOTE
r-oldrel-windows-ix86+x86_64 4.0.2 762.00 128.00 890.00 NOTE

Memtest notes: gcc-ASAN

Check Details

Version: 4.0.2
Check: installed package size
Result: NOTE
     installed size is 47.6Mb
     sub-directories of 1Mb or more:
     libs 46.5Mb
Flavors: r-devel-linux-x86_64-debian-gcc, r-devel-linux-x86_64-fedora-clang, r-devel-linux-x86_64-fedora-gcc, r-devel-windows-ix86+x86_64, r-patched-linux-x86_64, r-patched-solaris-sparc, r-patched-solaris-x86, r-release-linux-x86_64, r-release-osx-x86_64-mavericks, r-release-windows-ix86+x86_64, r-oldrel-windows-ix86+x86_64