CRAN Package Check Results for Package blockcluster

Last updated on 2014-07-24 05:48:22.

Flavor Version Tinstall Tcheck Ttotal Status Flags
r-devel-linux-x86_64-debian-clang 3.0.1 101.26 20.60 121.87 NOTE
r-devel-linux-x86_64-debian-gcc 3.0.1 123.72 20.00 143.73 NOTE
r-devel-linux-x86_64-fedora-clang 3.0.1 268.67 NOTE
r-devel-linux-x86_64-fedora-gcc 3.0.1 280.23 NOTE
r-devel-osx-x86_64-clang 3.0.1 229.69 OK
r-devel-windows-ix86+x86_64 3.0.1 284.00 58.00 342.00 OK
r-patched-linux-x86_64 3.0.1 119.42 21.57 141.00 NOTE
r-patched-solaris-sparc 3.0.1 1588.10 NOTE
r-patched-solaris-x86 3.0.1 369.90 NOTE
r-release-linux-ix86 3.0.1 138.80 32.00 170.80 NOTE
r-release-linux-x86_64 3.0.1 120.94 21.35 142.30 NOTE
r-release-osx-x86_64-mavericks 3.0.1 NOTE
r-release-osx-x86_64-snowleopard 3.0.1 NOTE
r-release-windows-ix86+x86_64 3.0.1 256.00 60.00 316.00 OK
r-oldrel-windows-ix86+x86_64 3.0.1 265.00 58.00 323.00 OK

Memtest notes: UBSAN

Check Details

Version: 3.0.1
Check: installed package size
Result: NOTE
     installed size is 53.5Mb
     sub-directories of 1Mb or more:
     libs 52.3Mb
Flavors: r-devel-linux-x86_64-debian-clang, r-devel-linux-x86_64-debian-gcc, r-devel-linux-x86_64-fedora-clang, r-devel-linux-x86_64-fedora-gcc, r-patched-linux-x86_64, r-patched-solaris-sparc, r-patched-solaris-x86, r-release-linux-ix86, r-release-linux-x86_64, r-release-osx-x86_64-mavericks, r-release-osx-x86_64-snowleopard

Version: 3.0.1
Check: re-building of vignette outputs
Result: NOTE
    Error in re-building vignettes:
     ...
    Error in texi2dvi(file = file, pdf = TRUE, clean = clean, quiet = quiet, :
     Running 'texi2dvi' on 'blockcluster_tutorial_V3.0.tex' failed.
    LaTeX errors:
    ! LaTeX Error: File `utf8x.def' not found.
    
    Type X to quit or <RETURN> to proceed,
    or enter new name. (Default extension: def)
    Calls: buildVignettes -> texi2pdf -> texi2dvi
    Execution halted
Flavor: r-release-osx-x86_64-mavericks