CRAN Package Check Results for Package blockcluster

Last updated on 2015-01-25 09:51:23.

Flavor Version Tinstall Tcheck Ttotal Status Flags
r-devel-linux-x86_64-debian-clang 3.0.2 111.60 21.55 133.15 NOTE
r-devel-linux-x86_64-debian-gcc 3.0.2 116.36 21.70 138.06 NOTE
r-devel-linux-x86_64-fedora-clang 3.0.2 192.85 NOTE
r-devel-linux-x86_64-fedora-gcc 3.0.2 232.24 NOTE
r-devel-osx-x86_64-clang 3.0.2 264.35 OK
r-devel-windows-ix86+x86_64 3.0.2 268.00 54.00 322.00 OK
r-patched-linux-x86_64 3.0.2 122.18 22.31 144.49 NOTE
r-patched-solaris-sparc 3.0.2 1598.50 NOTE
r-patched-solaris-x86 3.0.2 320.20 NOTE
r-release-linux-ix86 3.0.1 132.15 30.68 162.83 NOTE
r-release-linux-x86_64 3.0.1 121.43 22.58 144.02 NOTE
r-release-osx-x86_64-mavericks 3.0.2 NOTE
r-release-osx-x86_64-snowleopard 3.0.2 NOTE
r-release-windows-ix86+x86_64 3.0.2 275.00 55.00 330.00 OK
r-oldrel-windows-ix86+x86_64 3.0.2 219.00 64.00 283.00 OK

Memtest notes: UBSAN UBSAN-clang-trunk UBSAN-gcc

Check Details

Version: 3.0.2
Check: installed package size
Result: NOTE
     installed size is 60.8Mb
     sub-directories of 1Mb or more:
     libs 59.6Mb
Flavors: r-devel-linux-x86_64-debian-clang, r-devel-linux-x86_64-debian-gcc, r-devel-linux-x86_64-fedora-clang, r-devel-linux-x86_64-fedora-gcc, r-patched-linux-x86_64, r-patched-solaris-sparc, r-patched-solaris-x86, r-release-osx-x86_64-mavericks, r-release-osx-x86_64-snowleopard

Version: 3.0.1
Check: installed package size
Result: NOTE
     installed size is 50.2Mb
     sub-directories of 1Mb or more:
     libs 49.0Mb
Flavors: r-release-linux-ix86, r-release-linux-x86_64