CRAN Package Check Results for Package blockcluster

Last updated on 2014-08-01 05:48:22.

Flavor Version Tinstall Tcheck Ttotal Status Flags
r-devel-linux-x86_64-debian-clang 3.0.1 101.85 20.41 122.26 NOTE
r-devel-linux-x86_64-debian-gcc 3.0.1 121.72 20.45 142.17 NOTE
r-devel-linux-x86_64-fedora-clang 3.0.1 278.91 NOTE
r-devel-linux-x86_64-fedora-gcc 3.0.1 281.55 NOTE
r-devel-osx-x86_64-clang 3.0.1 230.34 OK
r-devel-windows-ix86+x86_64 3.0.1 291.00 58.00 349.00 OK
r-patched-linux-x86_64 3.0.1 120.48 20.83 141.31 NOTE
r-patched-solaris-sparc 3.0.1 1726.00 NOTE
r-patched-solaris-x86 3.0.1 374.90 NOTE
r-release-linux-ix86 3.0.1 138.46 31.30 169.76 NOTE
r-release-linux-x86_64 3.0.1 122.13 21.09 143.22 NOTE
r-release-osx-x86_64-mavericks 3.0.1 NOTE
r-release-osx-x86_64-snowleopard 3.0.1 NOTE
r-release-windows-ix86+x86_64 3.0.1 389.00 74.00 463.00 OK
r-oldrel-windows-ix86+x86_64 3.0.1 392.00 80.00 472.00 OK

Memtest notes: UBSAN

Check Details

Version: 3.0.1
Check: installed package size
Result: NOTE
     installed size is 53.5Mb
     sub-directories of 1Mb or more:
     libs 52.3Mb
Flavors: r-devel-linux-x86_64-debian-clang, r-devel-linux-x86_64-debian-gcc, r-devel-linux-x86_64-fedora-clang, r-devel-linux-x86_64-fedora-gcc, r-patched-linux-x86_64, r-patched-solaris-sparc, r-patched-solaris-x86, r-release-linux-ix86, r-release-linux-x86_64, r-release-osx-x86_64-mavericks, r-release-osx-x86_64-snowleopard

Version: 3.0.1
Check: re-building of vignette outputs
Result: NOTE
    Error in re-building vignettes:
     ...
    Error in texi2dvi(file = file, pdf = TRUE, clean = clean, quiet = quiet, :
     Running 'texi2dvi' on 'blockcluster_tutorial_V3.0.tex' failed.
    LaTeX errors:
    ! LaTeX Error: File `utf8x.def' not found.
    
    Type X to quit or <RETURN> to proceed,
    or enter new name. (Default extension: def)
    Calls: buildVignettes -> texi2pdf -> texi2dvi
    Execution halted
Flavor: r-release-osx-x86_64-mavericks