CRAN Package Check Results for Package blockcluster

Last updated on 2016-02-08 02:47:15.

Flavor Version Tinstall Tcheck Ttotal Status Flags
r-devel-linux-x86_64-debian-gcc 4.0.2 198.38 26.32 224.70 NOTE
r-devel-linux-x86_64-fedora-clang 4.0.2 409.63 NOTE
r-devel-linux-x86_64-fedora-gcc 4.0.2 498.03 NOTE
r-devel-osx-x86_64-clang 4.0.2 216.14 OK
r-devel-windows-ix86+x86_64 4.0.2 735.00 95.00 830.00 NOTE
r-patched-linux-x86_64 4.0.2 203.71 30.08 233.79 NOTE
r-patched-solaris-sparc 4.0.2 2516.00 OK
r-patched-solaris-x86 4.0.2 458.40 OK
r-release-linux-x86_64 4.0.2 202.26 29.74 232.00 NOTE
r-release-osx-x86_64-mavericks 4.0.2 NOTE
r-release-windows-ix86+x86_64 4.0.2 708.00 93.00 801.00 NOTE
r-oldrel-windows-ix86+x86_64 4.0.2 776.00 125.00 901.00 NOTE

Memtest notes: clang-ASAN

Check Details

Version: 4.0.2
Check: installed package size
Result: NOTE
     installed size is 43.5Mb
     sub-directories of 1Mb or more:
     libs 42.4Mb
Flavors: r-devel-linux-x86_64-debian-gcc, r-devel-linux-x86_64-fedora-clang, r-devel-linux-x86_64-fedora-gcc, r-devel-windows-ix86+x86_64, r-patched-linux-x86_64, r-release-linux-x86_64, r-release-osx-x86_64-mavericks, r-release-windows-ix86+x86_64, r-oldrel-windows-ix86+x86_64