CRAN Package Check Results for Package blockcluster

Last updated on 2014-04-17 21:47:45.

Flavor Version Tinstall Tcheck Ttotal Status Flags
r-devel-linux-x86_64-debian-clang 3.0.1 111.68 21.00 132.68 NOTE
r-devel-linux-x86_64-debian-gcc 3.0.1 122.07 22.00 144.06 NOTE
r-devel-linux-x86_64-fedora-clang 3.0.1 282.45 NOTE
r-devel-linux-x86_64-fedora-gcc 3.0.1 280.35 NOTE
r-devel-macosx-x86_64-clang 3.0.1 232.07 OK
r-devel-macosx-x86_64-gcc 3.0.1 NOTE
r-devel-windows-ix86+x86_64 3.0.1 281.00 59.00 340.00 OK
r-patched-linux-x86_64 3.0.1 122.43 22.29 144.72 NOTE
r-patched-solaris-sparc 3.0.1 1708.70 NOTE
r-patched-solaris-x86 3.0.1 370.60 NOTE
r-release-linux-ix86 3.0.1 230.00 44.00 274.00 NOTE
r-release-linux-x86_64 3.0.1 121.23 21.63 142.86 NOTE
r-release-macosx-x86_64 3.0.1 NOTE
r-release-windows-ix86+x86_64 3.0.1 257.00 62.00 319.00 OK
r-oldrel-windows-ix86+x86_64 3.0.1 260.00 58.00 318.00 OK

Memtest notes: UBSAN

Check Details

Version: 3.0.1
Check: installed package size
Result: NOTE
     installed size is 53.6Mb
     sub-directories of 1Mb or more:
     libs 52.4Mb
Flavors: r-devel-linux-x86_64-debian-clang, r-devel-linux-x86_64-debian-gcc, r-devel-linux-x86_64-fedora-clang, r-devel-linux-x86_64-fedora-gcc, r-devel-macosx-x86_64-gcc, r-patched-linux-x86_64, r-patched-solaris-sparc, r-patched-solaris-x86, r-release-linux-ix86, r-release-linux-x86_64, r-release-macosx-x86_64