CRAN Package Check Results for Package blockcluster

Last updated on 2025-01-16 16:48:23 CET.

Flavor Version Tinstall Tcheck Ttotal Status Flags
r-devel-linux-x86_64-debian-clang 4.5.5 314.49 51.01 365.50 OK
r-devel-linux-x86_64-debian-gcc 4.5.5 248.04 40.53 288.57 OK
r-devel-linux-x86_64-fedora-clang 4.5.5 670.26 OK
r-devel-linux-x86_64-fedora-gcc 4.5.5 843.16 OK
r-devel-windows-x86_64 4.5.5 314.00 128.00 442.00 OK
r-patched-linux-x86_64 4.5.5 355.72 49.40 405.12 NOTE
r-release-linux-x86_64 4.5.5 357.09 48.95 406.04 NOTE
r-release-macos-arm64 4.5.5 161.00 NOTE
r-release-macos-x86_64 4.5.5 139.00 NOTE
r-release-windows-x86_64 4.5.5 302.00 125.00 427.00 NOTE
r-oldrel-macos-arm64 4.5.5 168.00 NOTE
r-oldrel-macos-x86_64 4.5.5 177.00 NOTE
r-oldrel-windows-x86_64 4.5.5 277.00 140.00 417.00 NOTE

Check Details

Version: 4.5.5
Check: for GNU extensions in Makefiles
Result: NOTE GNU make is a SystemRequirements. Flavors: r-patched-linux-x86_64, r-release-linux-x86_64, r-release-macos-arm64, r-release-macos-x86_64, r-release-windows-x86_64, r-oldrel-macos-arm64, r-oldrel-macos-x86_64, r-oldrel-windows-x86_64

Version: 4.5.5
Check: installed package size
Result: NOTE installed size is 33.9Mb sub-directories of 1Mb or more: libs 32.6Mb Flavors: r-release-macos-arm64, r-release-macos-x86_64, r-oldrel-macos-arm64, r-oldrel-macos-x86_64