CRAN Package Check Results for Package blockcluster

Last updated on 2014-12-22 17:51:20.

Flavor Version Tinstall Tcheck Ttotal Status Flags
r-devel-linux-x86_64-debian-clang 3.0.1 108.45 21.59 130.04 NOTE
r-devel-linux-x86_64-debian-gcc 3.0.1 117.21 21.35 138.56 NOTE
r-devel-linux-x86_64-fedora-clang 3.0.1 303.37 NOTE
r-devel-linux-x86_64-fedora-gcc 3.0.1 283.99 NOTE
r-devel-osx-x86_64-clang 3.0.1 229.79 OK
r-devel-windows-ix86+x86_64 3.0.1 277.00 64.00 341.00 OK
r-patched-linux-x86_64 3.0.1 120.15 22.07 142.22 NOTE
r-patched-solaris-sparc 3.0.1 1754.60 NOTE
r-patched-solaris-x86 3.0.1 378.10 NOTE
r-release-linux-ix86 3.0.1 133.18 29.99 163.16 NOTE
r-release-linux-x86_64 3.0.1 119.76 21.87 141.63 NOTE
r-release-osx-x86_64-mavericks 3.0.1 NOTE
r-release-osx-x86_64-snowleopard 3.0.1 NOTE
r-release-windows-ix86+x86_64 3.0.1 281.00 67.00 348.00 OK
r-oldrel-windows-ix86+x86_64 3.0.1 276.00 63.00 339.00 OK

Memtest notes: UBSAN UBSAN-clang-trunk UBSAN-gcc

Check Details

Version: 3.0.1
Check: installed package size
Result: NOTE
     installed size is 60.9Mb
     sub-directories of 1Mb or more:
     libs 59.7Mb
Flavors: r-devel-linux-x86_64-debian-clang, r-devel-linux-x86_64-debian-gcc, r-devel-linux-x86_64-fedora-clang, r-devel-linux-x86_64-fedora-gcc, r-patched-linux-x86_64, r-patched-solaris-sparc, r-patched-solaris-x86, r-release-linux-ix86, r-release-linux-x86_64, r-release-osx-x86_64-mavericks, r-release-osx-x86_64-snowleopard

Version: 3.0.1
Check: re-building of vignette outputs
Result: NOTE
    Error in re-building vignettes:
     ...
    Error in texi2dvi(file = file, pdf = TRUE, clean = clean, quiet = quiet, :
     Running 'texi2dvi' on 'blockcluster_tutorial_V3.0.tex' failed.
    LaTeX errors:
    ! LaTeX Error: File `utf8x.def' not found.
    
    Type X to quit or <RETURN> to proceed,
    or enter new name. (Default extension: def)
    Calls: buildVignettes -> texi2pdf -> texi2dvi
    Execution halted
Flavor: r-release-osx-x86_64-mavericks