CRAN Package Check Results for Package blockcluster

Last updated on 2016-08-27 23:48:02.

Flavor Version Tinstall Tcheck Ttotal Status Flags
r-devel-linux-x86_64-debian-clang 4.0.2 203.02 33.36 236.38 NOTE
r-devel-linux-x86_64-debian-gcc 4.0.2 227.78 30.17 257.94 NOTE
r-devel-linux-x86_64-fedora-clang 4.0.2 447.33 NOTE
r-devel-linux-x86_64-fedora-gcc 4.0.2 518.63 NOTE
r-devel-osx-x86_64-clang 4.0.2 294.21 OK
r-devel-windows-ix86+x86_64 4.0.2 808.00 76.00 884.00 NOTE
r-patched-linux-x86_64 4.0.2 204.58 30.88 235.47 NOTE
r-patched-solaris-sparc 4.0.2 2348.10 OK
r-patched-solaris-x86 4.0.2 426.30 OK
r-release-linux-x86_64 4.0.2 209.35 31.30 240.65 NOTE
r-release-osx-x86_64-mavericks 4.0.2 NOTE
r-release-windows-ix86+x86_64 4.0.2 811.00 112.00 923.00 NOTE
r-oldrel-windows-ix86+x86_64 4.0.2 565.00 118.00 683.00 NOTE

Check Details

Version: 4.0.2
Check: installed package size
Result: NOTE
     installed size is 40.2Mb
     sub-directories of 1Mb or more:
     libs 39.1Mb
Flavors: r-devel-linux-x86_64-debian-clang, r-devel-linux-x86_64-debian-gcc, r-devel-linux-x86_64-fedora-clang, r-devel-linux-x86_64-fedora-gcc, r-devel-windows-ix86+x86_64, r-patched-linux-x86_64, r-release-linux-x86_64, r-release-osx-x86_64-mavericks, r-release-windows-ix86+x86_64, r-oldrel-windows-ix86+x86_64