CRAN Package Check Results for Package blockmodeling

Last updated on 2017-07-20 19:47:46.

Flavor Version Tinstall Tcheck Ttotal Status Flags
r-devel-linux-x86_64-debian-clang 0.1.9 6.28 37.93 44.22 NOTE
r-devel-linux-x86_64-debian-gcc 0.1.9 6.39 37.55 43.95 NOTE
r-devel-linux-x86_64-fedora-clang 0.1.9 68.74 NOTE
r-devel-linux-x86_64-fedora-gcc 0.1.9 62.14 NOTE
r-devel-windows-ix86+x86_64 0.1.9 50.00 66.00 116.00 NOTE
r-patched-linux-x86_64 0.1.9 6.50 38.36 44.86 NOTE
r-patched-solaris-x86 0.1.9 100.30 NOTE
r-release-linux-x86_64 0.1.9 6.87 37.91 44.78 NOTE
r-release-windows-ix86+x86_64 0.1.9 28.00 83.00 111.00 NOTE
r-release-osx-x86_64 0.1.9 NOTE
r-oldrel-windows-ix86+x86_64 0.1.9 39.00 76.00 115.00 NOTE
r-oldrel-osx-x86_64 0.1.9 WARN

Check Details

Version: 0.1.9
Check: S3 generic/method consistency
Result: NOTE
    Found the following apparent S3 methods exported but not registered:
     plot.mat.nm
    See section ‘Registering S3 methods’ in the ‘Writing R Extensions’
    manual.
Flavors: r-devel-linux-x86_64-debian-clang, r-devel-linux-x86_64-debian-gcc, r-devel-linux-x86_64-fedora-clang, r-devel-linux-x86_64-fedora-gcc, r-patched-linux-x86_64, r-patched-solaris-x86, r-release-linux-x86_64

Version: 0.1.9
Check: Rd \usage sections
Result: NOTE
    S3 methods shown with full name in documentation object 'plot.mat':
     ‘plot.mat’ ‘plot.mat.nm’
    
    The \usage entries for S3 methods should use the \method markup and not
    their full name.
    See chapter ‘Writing R documentation files’ in the ‘Writing R
    Extensions’ manual.
Flavors: r-devel-linux-x86_64-debian-clang, r-devel-linux-x86_64-debian-gcc, r-devel-linux-x86_64-fedora-clang, r-devel-linux-x86_64-fedora-gcc, r-devel-windows-ix86+x86_64, r-patched-linux-x86_64, r-patched-solaris-x86, r-release-linux-x86_64, r-release-windows-ix86+x86_64, r-release-osx-x86_64, r-oldrel-windows-ix86+x86_64, r-oldrel-osx-x86_64

Version: 0.1.9
Check: whether package can be installed
Result: WARN
    Found the following significant warnings:
     Warning: Possible change of value in conversion from REAL(8) to REAL(4) at (1)
Flavor: r-oldrel-osx-x86_64