CRAN Package Check Results for Package blockmodeling

Last updated on 2017-09-25 16:46:48.

Flavor Version Tinstall Tcheck Ttotal Status Flags
r-devel-linux-x86_64-debian-clang 0.1.9 5.03 29.71 34.74 NOTE
r-devel-linux-x86_64-debian-gcc 0.1.9 5.12 29.48 34.60 NOTE
r-devel-linux-x86_64-fedora-clang 0.1.9 64.51 NOTE
r-devel-linux-x86_64-fedora-gcc 0.1.9 65.35 NOTE
r-devel-windows-ix86+x86_64 0.1.9 46.00 64.00 110.00 NOTE
r-patched-linux-x86_64 0.1.9 4.97 29.50 34.47 NOTE
r-patched-solaris-x86 0.1.9 98.50 NOTE
r-release-linux-x86_64 0.1.9 5.04 29.75 34.79 NOTE
r-release-windows-ix86+x86_64 0.1.9 30.00 92.00 122.00 NOTE
r-release-osx-x86_64 0.1.9 NOTE
r-oldrel-windows-ix86+x86_64 0.1.9 39.00 58.00 97.00 NOTE
r-oldrel-osx-x86_64 0.1.9 WARN

Check Details

Version: 0.1.9
Check: S3 generic/method consistency
Result: NOTE
    Found the following apparent S3 methods exported but not registered:
     plot.mat.nm
    See section ‘Registering S3 methods’ in the ‘Writing R Extensions’
    manual.
Flavors: r-devel-linux-x86_64-debian-clang, r-devel-linux-x86_64-debian-gcc, r-devel-linux-x86_64-fedora-clang, r-devel-linux-x86_64-fedora-gcc, r-patched-linux-x86_64, r-patched-solaris-x86, r-release-linux-x86_64

Version: 0.1.9
Check: Rd \usage sections
Result: NOTE
    S3 methods shown with full name in documentation object 'plot.mat':
     ‘plot.mat’ ‘plot.mat.nm’
    
    The \usage entries for S3 methods should use the \method markup and not
    their full name.
    See chapter ‘Writing R documentation files’ in the ‘Writing R
    Extensions’ manual.
Flavors: r-devel-linux-x86_64-debian-clang, r-devel-linux-x86_64-debian-gcc, r-devel-linux-x86_64-fedora-clang, r-devel-linux-x86_64-fedora-gcc, r-devel-windows-ix86+x86_64, r-patched-linux-x86_64, r-patched-solaris-x86, r-release-linux-x86_64, r-release-windows-ix86+x86_64, r-release-osx-x86_64, r-oldrel-windows-ix86+x86_64, r-oldrel-osx-x86_64

Version: 0.1.9
Check: whether package can be installed
Result: WARN
    Found the following significant warnings:
     Warning: Possible change of value in conversion from REAL(8) to REAL(4) at (1)
Flavor: r-oldrel-osx-x86_64