CRAN Package Check Results for Package blockmodeling

Last updated on 2014-12-19 15:48:22.

Flavor Version Tinstall Tcheck Ttotal Status Flags
r-devel-linux-x86_64-debian-clang 0.1.8 6.01 32.26 38.27 NOTE
r-devel-linux-x86_64-debian-gcc 0.1.8 6.21 30.30 36.52 NOTE
r-devel-linux-x86_64-fedora-clang 0.1.8 77.00 NOTE
r-devel-linux-x86_64-fedora-gcc 0.1.8 70.60 NOTE
r-devel-osx-x86_64-clang 0.1.8 69.06 NOTE
r-devel-windows-ix86+x86_64 0.1.8 25.00 66.00 91.00 NOTE
r-patched-linux-x86_64 0.1.8 6.05 34.23 40.28 NOTE
r-patched-solaris-sparc 0.1.8 461.70 NOTE
r-patched-solaris-x86 0.1.8 114.30 NOTE
r-release-linux-ix86 0.1.8 8.82 40.86 49.68 NOTE
r-release-linux-x86_64 0.1.8 6.14 33.36 39.50 NOTE
r-release-osx-x86_64-mavericks 0.1.8 WARN
r-release-windows-ix86+x86_64 0.1.8 25.00 68.00 93.00 NOTE
r-oldrel-windows-ix86+x86_64 0.1.8 24.00 80.00 104.00 NOTE

Check Details

Version: 0.1.8
Check: dependencies in R code
Result: NOTE
    Namespace in Imports field not imported from: ‘stats’
     All declared Imports should be used.
    See the information on DESCRIPTION files in the chapter ‘Creating R
    packages’ of the ‘Writing R Extensions’ manual.
Flavors: r-devel-linux-x86_64-debian-clang, r-devel-linux-x86_64-debian-gcc, r-devel-linux-x86_64-fedora-clang, r-devel-linux-x86_64-fedora-gcc, r-devel-osx-x86_64-clang, r-devel-windows-ix86+x86_64, r-patched-linux-x86_64, r-patched-solaris-sparc, r-patched-solaris-x86, r-release-linux-ix86, r-release-linux-x86_64, r-release-osx-x86_64-mavericks, r-release-windows-ix86+x86_64, r-oldrel-windows-ix86+x86_64

Version: 0.1.8
Check: R code for possible problems
Result: NOTE
    gplot1: warning in grep(pat = "block", search()): partial argument
     match of ‘pat’ to ‘pattern’
    gplot2: warning in grep(pat = "block", search()): partial argument
     match of ‘pat’ to ‘pattern’
    loadnetwork2: warning in grep(patt = "^ *$", x = as.character(line)):
     partial argument match of ‘patt’ to ‘pattern’
    loadpajek: warning in grep(patt = "^ *$", x = as.character(line)):
     partial argument match of ‘patt’ to ‘pattern’
    savecluster: warning in grep(patt = "w32", x = version["os"]): partial
     argument match of ‘patt’ to ‘pattern’
    savematrix: warning in grep(patt = "w32", x = version["os"]): partial
     argument match of ‘patt’ to ‘pattern’
    savenetwork: warning in grep(patt = "w32", x = version["os"]): partial
     argument match of ‘patt’ to ‘pattern’
    savepajek: warning in grep(patt = "w32", x = version["os"]): partial
     argument match of ‘patt’ to ‘pattern’
    savevector: warning in grep(patt = "w32", x = version["os"]): partial
     argument match of ‘patt’ to ‘pattern’
    check.these.par: no visible global function definition for
     ‘crit.fun.tmp’
    check.these.par: no visible binding for global variable ‘useM’
    crit.fun: no visible global function definition for ‘crit.fun.tmp’
    crit.fun: no visible binding for global variable ‘useM’
    gen.crit.fun: no visible binding for global variable ‘s’
    gplot1: no visible global function definition for ‘gplot’
    gplot2: no visible global function definition for ‘gplot’
    loadnetwork: no visible global function definition for ‘Matrix’
    loadnetwork2: no visible global function definition for ‘Matrix’
    opt.par: no visible global function definition for ‘opt.par.tmp’
    opt.random.par: no visible global function definition for ‘opt.par.tmp’
    opt.these.par: no visible global function definition for ‘opt.par.tmp’
    opt.these.par: no visible binding for global variable ‘m’
Flavors: r-devel-linux-x86_64-debian-clang, r-devel-linux-x86_64-debian-gcc, r-devel-linux-x86_64-fedora-clang, r-devel-linux-x86_64-fedora-gcc, r-devel-osx-x86_64-clang, r-devel-windows-ix86+x86_64, r-patched-linux-x86_64, r-patched-solaris-sparc, r-patched-solaris-x86, r-release-linux-ix86, r-release-linux-x86_64, r-release-windows-ix86+x86_64

Version: 0.1.8
Check: Rd \usage sections
Result: NOTE
    S3 methods shown with full name in documentation object 'plot.mat':
     ‘plot.mat’ ‘plot.mat.nm’
    
    The \usage entries for S3 methods should use the \method markup and not
    their full name.
    See the chapter ‘Writing R documentation files’ in the ‘Writing R
    Extensions’ manual.
Flavors: r-devel-linux-x86_64-debian-clang, r-devel-linux-x86_64-debian-gcc, r-devel-linux-x86_64-fedora-clang, r-devel-linux-x86_64-fedora-gcc, r-devel-osx-x86_64-clang, r-devel-windows-ix86+x86_64, r-patched-linux-x86_64, r-patched-solaris-sparc, r-patched-solaris-x86, r-release-linux-ix86, r-release-linux-x86_64, r-release-osx-x86_64-mavericks, r-release-windows-ix86+x86_64, r-oldrel-windows-ix86+x86_64

Version: 0.1.8
Check: whether package can be installed
Result: WARN
    Found the following significant warnings:
     Warning: Possible change of value in conversion from REAL(8) to REAL(4) at (1)
     Warning: Possible change of value in conversion from REAL(8) to REAL(4) at (1)
     Warning: Possible change of value in conversion from REAL(8) to REAL(4) at (1)
     Warning: Possible change of value in conversion from REAL(8) to REAL(4) at (1)
     Warning: Possible change of value in conversion from REAL(8) to REAL(4) at (1)
     Warning: Possible change of value in conversion from REAL(8) to REAL(4) at (1)
     Warning: Possible change of value in conversion from REAL(8) to REAL(4) at (1)
     Warning: Possible change of value in conversion from REAL(8) to REAL(4) at (1)
     Warning: Possible change of value in conversion from REAL(8) to REAL(4) at (1)
     Warning: Possible change of value in conversion from REAL(8) to REAL(4) at (1)
     Warning: Possible change of value in conversion from REAL(8) to REAL(4) at (1)
     Warning: Possible change of value in conversion from REAL(8) to REAL(4) at (1)
     Warning: Possible change of value in conversion from REAL(8) to REAL(4) at (1)
     Warning: Possible change of value in conversion from REAL(8) to REAL(4) at (1)
     Warning: Possible change of value in conversion from REAL(8) to REAL(4) at (1)
     Warning: Possible change of value in conversion from REAL(8) to REAL(4) at (1)
     Warning: Possible change of value in conversion from REAL(8) to REAL(4) at (1)
     Warning: Possible change of value in conversion from REAL(8) to REAL(4) at (1)
     Warning: Possible change of value in conversion from REAL(8) to REAL(4) at (1)
     Warning: Possible change of value in conversion from REAL(8) to REAL(4) at (1)
     Warning: Possible change of value in conversion from REAL(8) to REAL(4) at (1)
     Warning: Possible change of value in conversion from REAL(8) to REAL(4) at (1)
     Warning: Possible change of value in conversion from REAL(8) to REAL(4) at (1)
     Warning: Possible change of value in conversion from REAL(8) to REAL(4) at (1)
     Warning: Possible change of value in conversion from REAL(8) to REAL(4) at (1)
     Warning: Possible change of value in conversion from REAL(8) to REAL(4) at (1)
     Warning: Possible change of value in conversion from REAL(8) to REAL(4) at (1)
     Warning: Possible change of value in conversion from REAL(8) to REAL(4) at (1)
     Warning: Possible change of value in conversion from REAL(8) to REAL(4) at (1)
     Warning: Possible change of value in conversion from REAL(8) to REAL(4) at (1)
     Warning: Possible change of value in conversion from REAL(8) to REAL(4) at (1)
     Warning: Possible change of value in conversion from REAL(8) to REAL(4) at (1)
     Warning: Possible change of value in conversion from REAL(8) to REAL(4) at (1)
     Warning: Possible change of value in conversion from REAL(8) to REAL(4) at (1)
     Warning: Possible change of value in conversion from REAL(8) to REAL(4) at (1)
     Warning: Possible change of value in conversion from REAL(8) to REAL(4) at (1)
     Warning: Possible change of value in conversion from REAL(8) to REAL(4) at (1)
Flavor: r-release-osx-x86_64-mavericks

Version: 0.1.8
Check: R code for possible problems
Result: NOTE
    gplot1: warning in grep(pat = "block", search()): partial argument
     match of 'pat' to 'pattern'
    gplot2: warning in grep(pat = "block", search()): partial argument
     match of 'pat' to 'pattern'
    loadnetwork2: warning in grep(patt = "^ *$", x = as.character(line)):
     partial argument match of 'patt' to 'pattern'
    loadpajek: warning in grep(patt = "^ *$", x = as.character(line)):
     partial argument match of 'patt' to 'pattern'
    savecluster: warning in grep(patt = "w32", x = version["os"]): partial
     argument match of 'patt' to 'pattern'
    savematrix: warning in grep(patt = "w32", x = version["os"]): partial
     argument match of 'patt' to 'pattern'
    savenetwork: warning in grep(patt = "w32", x = version["os"]): partial
     argument match of 'patt' to 'pattern'
    savepajek: warning in grep(patt = "w32", x = version["os"]): partial
     argument match of 'patt' to 'pattern'
    savevector: warning in grep(patt = "w32", x = version["os"]): partial
     argument match of 'patt' to 'pattern'
    check.these.par: no visible global function definition for
     ‘crit.fun.tmp’
    check.these.par: no visible binding for global variable ‘useM’
    crit.fun: no visible global function definition for ‘crit.fun.tmp’
    crit.fun: no visible binding for global variable ‘useM’
    gen.crit.fun: no visible binding for global variable ‘s’
    opt.par: no visible global function definition for ‘opt.par.tmp’
    opt.random.par: no visible global function definition for ‘opt.par.tmp’
    opt.these.par: no visible global function definition for ‘opt.par.tmp’
    opt.these.par: no visible binding for global variable ‘m’
Flavors: r-release-osx-x86_64-mavericks, r-oldrel-windows-ix86+x86_64