CRAN Package Check Results for Package blockmodeling

Last updated on 2015-07-07 21:46:26.

Flavor Version Tinstall Tcheck Ttotal Status Flags
r-devel-linux-x86_64-debian-clang 0.1.8 5.95 30.05 36.00 NOTE
r-devel-linux-x86_64-debian-gcc 0.1.8 6.17 29.40 35.56 NOTE
r-devel-linux-x86_64-fedora-clang 0.1.8 65.96 NOTE
r-devel-linux-x86_64-fedora-gcc 0.1.8 63.14 NOTE
r-devel-osx-x86_64-clang 0.1.8 62.35 NOTE
r-devel-windows-ix86+x86_64 0.1.8 32.00 66.00 98.00 NOTE
r-patched-linux-x86_64 0.1.8 6.03 31.28 37.31 NOTE
r-patched-solaris-sparc 0.1.8 445.30 NOTE
r-patched-solaris-x86 0.1.8 103.90 NOTE
r-release-linux-x86_64 0.1.8 6.03 29.52 35.56 NOTE
r-release-osx-x86_64-mavericks 0.1.8 WARN
r-release-windows-ix86+x86_64 0.1.8 34.00 92.00 126.00 NOTE
r-oldrel-windows-ix86+x86_64 0.1.8 25.00 102.00 127.00 NOTE

Check Details

Version: 0.1.8
Check: dependencies in R code
Result: NOTE
    'library' or 'require' calls in package code:
     ‘Matrix’ ‘sna’
     Please use :: or requireNamespace() instead.
     See section 'Suggested packages' in the 'Writing R Extensions' manual.
    Namespace in Imports field not imported from: ‘stats’
     All declared Imports should be used.
Flavors: r-devel-linux-x86_64-debian-clang, r-devel-linux-x86_64-debian-gcc, r-devel-linux-x86_64-fedora-clang, r-devel-linux-x86_64-fedora-gcc, r-devel-osx-x86_64-clang, r-devel-windows-ix86+x86_64, r-patched-linux-x86_64, r-patched-solaris-sparc, r-patched-solaris-x86, r-release-linux-x86_64, r-release-osx-x86_64-mavericks, r-release-windows-ix86+x86_64, r-oldrel-windows-ix86+x86_64

Version: 0.1.8
Check: S3 generic/method consistency
Result: NOTE
    Found the following apparent S3 methods exported but not registered:
     plot.mat.nm
    See section ‘Registering S3 methods’ in the ‘Writing R Extensions’
    manual.
Flavors: r-devel-linux-x86_64-debian-clang, r-devel-linux-x86_64-debian-gcc, r-devel-linux-x86_64-fedora-clang, r-devel-linux-x86_64-fedora-gcc, r-devel-osx-x86_64-clang, r-patched-linux-x86_64, r-patched-solaris-sparc, r-patched-solaris-x86, r-release-linux-x86_64

Version: 0.1.8
Check: R code for possible problems
Result: NOTE
    gplot1: warning in grep(pat = "block", search()): partial argument
     match of ‘pat’ to ‘pattern’
    gplot2: warning in grep(pat = "block", search()): partial argument
     match of ‘pat’ to ‘pattern’
    loadnetwork2: warning in grep(patt = "^ *$", x = as.character(line)):
     partial argument match of ‘patt’ to ‘pattern’
    loadpajek: warning in grep(patt = "^ *$", x = as.character(line)):
     partial argument match of ‘patt’ to ‘pattern’
    savecluster: warning in grep(patt = "w32", x = version["os"]): partial
     argument match of ‘patt’ to ‘pattern’
    savematrix: warning in grep(patt = "w32", x = version["os"]): partial
     argument match of ‘patt’ to ‘pattern’
    savenetwork: warning in grep(patt = "w32", x = version["os"]): partial
     argument match of ‘patt’ to ‘pattern’
    savepajek: warning in grep(patt = "w32", x = version["os"]): partial
     argument match of ‘patt’ to ‘pattern’
    savevector: warning in grep(patt = "w32", x = version["os"]): partial
     argument match of ‘patt’ to ‘pattern’
    ad: no visible global function definition for ‘median’
    check.these.par: no visible global function definition for
     ‘crit.fun.tmp’
    check.these.par: no visible binding for global variable ‘useM’
    crit.fun: no visible global function definition for ‘crit.fun.tmp’
    crit.fun: no visible binding for global variable ‘useM’
    find.m: no visible global function definition for ‘optimize’
    gen.crit.fun: no visible global function definition for ‘na.omit’
    gen.crit.fun: no visible binding for global variable ‘s’
    genRandomPar: no visible global function definition for ‘runif’
    genRandomParGroups: no visible global function definition for ‘runif’
    gplot1: no visible global function definition for ‘gray’
    gplot1: no visible global function definition for ‘gplot’
    gplot2: no visible global function definition for ‘gray’
    gplot2: no visible global function definition for ‘gplot’
    loadmatrix: no visible global function definition for ‘read.table’
    loadnetwork: no visible global function definition for ‘read.table’
    loadnetwork: no visible global function definition for ‘Matrix’
    loadnetwork2: no visible global function definition for ‘read.table’
    loadnetwork2: no visible global function definition for ‘Matrix’
    loadvector: no visible global function definition for ‘read.table’
    loadvector2: no visible global function definition for ‘read.table’
    opt.par: no visible global function definition for ‘opt.par.tmp’
    opt.random.par: no visible global function definition for ‘na.omit’
    opt.random.par: no visible global function definition for ‘opt.par.tmp’
    opt.these.par: no visible global function definition for ‘opt.par.tmp’
    opt.these.par: no visible binding for global variable ‘m’
    plot.mat: no visible global function definition for ‘par’
    plot.mat: no visible global function definition for ‘grey’
    plot.mat: no visible global function definition for ‘plot.default’
    plot.mat: no visible global function definition for ‘rect’
    plot.mat: no visible global function definition for ‘segments’
    plot.mat: no visible global function definition for ‘text’
    plot.mat: no visible global function definition for ‘title’
    plot.mat: no visible global function definition for ‘mtext’
    plot.mat: no visible global function definition for ‘gray’
    plot.mat.nm: no visible binding for global variable ‘par’
    plot.mat.nm: no visible global function definition for ‘par’
    plot.mat.nm: no visible global function definition for ‘title’
    savematrix: no visible global function definition for ‘write.table’
    savenetwork: no visible global function definition for ‘as’
    savenetwork: no visible global function definition for ‘write.table’
    sedist: no visible global function definition for ‘as.dist’
    Undefined global functions or variables:
     Matrix as as.dist crit.fun.tmp gplot gray grey m median mtext na.omit
     opt.par.tmp optimize par plot.default read.table rect runif s
     segments text title useM write.table
Flavors: r-devel-linux-x86_64-debian-clang, r-devel-linux-x86_64-debian-gcc, r-devel-linux-x86_64-fedora-clang, r-devel-linux-x86_64-fedora-gcc, r-devel-windows-ix86+x86_64

Version: 0.1.8
Check: Rd \usage sections
Result: NOTE
    S3 methods shown with full name in documentation object 'plot.mat':
     ‘plot.mat’ ‘plot.mat.nm’
    
    The \usage entries for S3 methods should use the \method markup and not
    their full name.
    See chapter ‘Writing R documentation files’ in the ‘Writing R
    Extensions’ manual.
Flavors: r-devel-linux-x86_64-debian-clang, r-devel-linux-x86_64-debian-gcc, r-devel-linux-x86_64-fedora-clang, r-devel-linux-x86_64-fedora-gcc, r-devel-osx-x86_64-clang, r-devel-windows-ix86+x86_64, r-patched-linux-x86_64, r-patched-solaris-sparc, r-patched-solaris-x86, r-release-linux-x86_64, r-release-osx-x86_64-mavericks, r-release-windows-ix86+x86_64, r-oldrel-windows-ix86+x86_64

Version: 0.1.8
Check: R code for possible problems
Result: NOTE
    gplot1: warning in grep(pat = "block", search()): partial argument
     match of 'pat' to 'pattern'
    gplot2: warning in grep(pat = "block", search()): partial argument
     match of 'pat' to 'pattern'
    loadnetwork2: warning in grep(patt = "^ *$", x = as.character(line)):
     partial argument match of 'patt' to 'pattern'
    loadpajek: warning in grep(patt = "^ *$", x = as.character(line)):
     partial argument match of 'patt' to 'pattern'
    savecluster: warning in grep(patt = "w32", x = version["os"]): partial
     argument match of 'patt' to 'pattern'
    savematrix: warning in grep(patt = "w32", x = version["os"]): partial
     argument match of 'patt' to 'pattern'
    savenetwork: warning in grep(patt = "w32", x = version["os"]): partial
     argument match of 'patt' to 'pattern'
    savepajek: warning in grep(patt = "w32", x = version["os"]): partial
     argument match of 'patt' to 'pattern'
    savevector: warning in grep(patt = "w32", x = version["os"]): partial
     argument match of 'patt' to 'pattern'
    check.these.par: no visible global function definition for
     ‘crit.fun.tmp’
    check.these.par: no visible binding for global variable ‘useM’
    crit.fun: no visible global function definition for ‘crit.fun.tmp’
    crit.fun: no visible binding for global variable ‘useM’
    gen.crit.fun: no visible binding for global variable ‘s’
    gplot1: no visible global function definition for ‘gplot’
    gplot2: no visible global function definition for ‘gplot’
    loadnetwork: no visible global function definition for ‘Matrix’
    loadnetwork2: no visible global function definition for ‘Matrix’
    opt.par: no visible global function definition for ‘opt.par.tmp’
    opt.random.par: no visible global function definition for ‘opt.par.tmp’
    opt.these.par: no visible global function definition for ‘opt.par.tmp’
    opt.these.par: no visible binding for global variable ‘m’
    Undefined global functions or variables:
     Matrix crit.fun.tmp gplot m opt.par.tmp s useM
Flavor: r-devel-osx-x86_64-clang

Version: 0.1.8
Check: R code for possible problems
Result: NOTE
    gplot1: warning in grep(pat = "block", search()): partial argument
     match of ‘pat’ to ‘pattern’
    gplot2: warning in grep(pat = "block", search()): partial argument
     match of ‘pat’ to ‘pattern’
    loadnetwork2: warning in grep(patt = "^ *$", x = as.character(line)):
     partial argument match of ‘patt’ to ‘pattern’
    loadpajek: warning in grep(patt = "^ *$", x = as.character(line)):
     partial argument match of ‘patt’ to ‘pattern’
    savecluster: warning in grep(patt = "w32", x = version["os"]): partial
     argument match of ‘patt’ to ‘pattern’
    savematrix: warning in grep(patt = "w32", x = version["os"]): partial
     argument match of ‘patt’ to ‘pattern’
    savenetwork: warning in grep(patt = "w32", x = version["os"]): partial
     argument match of ‘patt’ to ‘pattern’
    savepajek: warning in grep(patt = "w32", x = version["os"]): partial
     argument match of ‘patt’ to ‘pattern’
    savevector: warning in grep(patt = "w32", x = version["os"]): partial
     argument match of ‘patt’ to ‘pattern’
    check.these.par: no visible global function definition for
     ‘crit.fun.tmp’
    check.these.par: no visible binding for global variable ‘useM’
    crit.fun: no visible global function definition for ‘crit.fun.tmp’
    crit.fun: no visible binding for global variable ‘useM’
    gen.crit.fun: no visible binding for global variable ‘s’
    gplot1: no visible global function definition for ‘gplot’
    gplot2: no visible global function definition for ‘gplot’
    loadnetwork: no visible global function definition for ‘Matrix’
    loadnetwork2: no visible global function definition for ‘Matrix’
    opt.par: no visible global function definition for ‘opt.par.tmp’
    opt.random.par: no visible global function definition for ‘opt.par.tmp’
    opt.these.par: no visible global function definition for ‘opt.par.tmp’
    opt.these.par: no visible binding for global variable ‘m’
Flavors: r-patched-linux-x86_64, r-patched-solaris-sparc, r-patched-solaris-x86, r-release-linux-x86_64, r-release-osx-x86_64-mavericks, r-release-windows-ix86+x86_64, r-oldrel-windows-ix86+x86_64

Version: 0.1.8
Check: whether package can be installed
Result: WARN
    Found the following significant warnings:
     Warning: Possible change of value in conversion from REAL(8) to REAL(4) at (1)
Flavor: r-release-osx-x86_64-mavericks