CRAN Package Check Results for Package blockmodeling

Last updated on 2018-06-23 15:53:16 CEST.

Flavor Version Tinstall Tcheck Ttotal Status Flags
r-devel-linux-x86_64-debian-clang 0.3.1 16.35 88.96 105.31 OK
r-devel-linux-x86_64-debian-gcc 0.3.1 11.42 67.50 78.92 OK
r-devel-linux-x86_64-fedora-clang 0.3.1 121.09 OK
r-devel-linux-x86_64-fedora-gcc 0.3.1 113.53 OK
r-devel-windows-ix86+x86_64 0.3.1 36.00 167.00 203.00 OK
r-patched-linux-x86_64 0.3.1 12.68 77.48 90.16 OK
r-patched-solaris-x86 0.3.1 144.20 ERROR
r-release-linux-x86_64 0.3.1 12.64 78.89 91.53 OK
r-release-windows-ix86+x86_64 0.3.1 43.00 118.00 161.00 OK
r-release-osx-x86_64 0.3.1 OK
r-oldrel-windows-ix86+x86_64 0.3.1 38.00 149.00 187.00 OK
r-oldrel-osx-x86_64 0.3.1 OK

Check Details

Version: 0.3.1
Check: examples
Result: ERROR
    Running examples in ‘blockmodeling-Ex.R’ failed
    The error most likely occurred in:
    
    > ### Name: REGE
    > ### Title: REGE - Algorithms for compiting (dis)similarities in terms of
    > ### regular equivalnece
    > ### Aliases: REGE REGE.for REGE.nm.for REGE.ow REGE.ow.for REGE.ownm.for
    > ### REGD.for REGD.ow.for REGE.FC REGE.FC.ow REGD.ne.for REGD.ow.ne.for
    > ### REGE.ne.for REGE.nm.diag.for REGE.nm.ne.for REGE.ow.ne.for
    > ### REGE.ownm.diag.for REGE.ownm.ne.for
    > ### Keywords: cluster graphs
    >
    > ### ** Examples
    >
    > n <- 20
    > net <- matrix(NA, ncol = n, nrow = n)
    > clu <- rep(1:2, times = c(5, 15))
    > tclu <- table(clu)
    > net[clu == 1, clu == 1] <- 0
    > net[clu == 1, clu == 2] <- rnorm(n = tclu[1] * tclu[2], mean = 4, sd = 1) * sample(c(0, 1),
    + size = tclu[1] * tclu[2], replace = TRUE, prob = c(3/5, 2/5))
    > net[clu == 2, clu == 1] <- 0
    > net[clu == 2, clu == 2] <- 0
    >
    > D <- REGE.for(M = net)$E # Any other REGE function can be used
    > plot.mat(net, clu = cutree(hclust(d = as.dist(1 - D), method = "ward"),
    + k = 2))
    The "ward" method has been renamed to "ward.D"; note new "ward.D2"
    > # REGE returns similarities, which have to be converted to
    > # disimilarities
    >
    > res <- optRandomParC(M = net, k = 2, rep = 10, approaches = "hom", homFun = "ss", blocks = "reg")
    
    
    Starting optimization of the partiton 1 of 10 partitions.
    Starting partition: 2 1 2 2 2 2 2 2 2 1 1 2 1 1 1 1 1 2 2 2
    
     *** caught segfault ***
    address fed55c48, cause 'invalid permissions'
    
    Traceback:
     1: optParC(M = M, clu = temppar, useMulti = useMulti, save.initial.param = save.initial.param.opt, ...)
     2: optRandomParC(M = net, k = 2, rep = 10, approaches = "hom", homFun = "ss", blocks = "reg")
    An irrecoverable exception occurred. R is aborting now ...
Flavor: r-patched-solaris-x86