CRAN Package Check Results for Package blockmodeling

Last updated on 2014-07-31 22:47:09.

Flavor Version Tinstall Tcheck Ttotal Status Flags
r-devel-linux-x86_64-debian-clang 0.1.8 6.31 34.11 40.42 NOTE
r-devel-linux-x86_64-debian-gcc 0.1.8 5.91 34.24 40.16 NOTE
r-devel-linux-x86_64-fedora-clang 0.1.8 75.54 NOTE
r-devel-linux-x86_64-fedora-gcc 0.1.8 73.82 NOTE
r-devel-osx-x86_64-clang 0.1.8 68.06 NOTE
r-devel-windows-ix86+x86_64 0.1.8 23.00 69.00 92.00 NOTE
r-patched-linux-x86_64 0.1.8 6.06 34.15 40.21 NOTE
r-patched-solaris-sparc 0.1.8 483.50 NOTE
r-patched-solaris-x86 0.1.8 114.40 NOTE
r-release-linux-ix86 0.1.8 9.27 42.98 52.26 NOTE
r-release-linux-x86_64 0.1.8 6.24 34.24 40.49 NOTE
r-release-osx-x86_64-mavericks 0.1.8 WARN
r-release-windows-ix86+x86_64 0.1.8 37.00 93.00 130.00 NOTE
r-oldrel-windows-ix86+x86_64 0.1.8 35.00 96.00 131.00 NOTE

Check Details

Version: 0.1.8
Check: dependencies in R code
Result: NOTE
    Namespace in Imports field not imported from: stats
     All declared Imports should be used.
    See the information on DESCRIPTION files in the chapter Creating R
    packages of the Writing R Extensions manual.
Flavors: r-devel-linux-x86_64-debian-clang, r-devel-linux-x86_64-debian-gcc, r-devel-linux-x86_64-fedora-clang, r-devel-linux-x86_64-fedora-gcc, r-devel-osx-x86_64-clang, r-devel-windows-ix86+x86_64, r-patched-linux-x86_64, r-patched-solaris-sparc, r-patched-solaris-x86, r-release-linux-ix86, r-release-linux-x86_64, r-release-osx-x86_64-mavericks, r-release-windows-ix86+x86_64, r-oldrel-windows-ix86+x86_64

Version: 0.1.8
Check: R code for possible problems
Result: NOTE
    gplot1: warning in grep(pat = "block", search()): partial argument
     match of 'pat' to 'pattern'
    gplot2: warning in grep(pat = "block", search()): partial argument
     match of 'pat' to 'pattern'
    loadnetwork2: warning in grep(patt = "^ *$", x = as.character(line)):
     partial argument match of 'patt' to 'pattern'
    loadpajek: warning in grep(patt = "^ *$", x = as.character(line)):
     partial argument match of 'patt' to 'pattern'
    savecluster: warning in grep(patt = "w32", x = version["os"]): partial
     argument match of 'patt' to 'pattern'
    savematrix: warning in grep(patt = "w32", x = version["os"]): partial
     argument match of 'patt' to 'pattern'
    savenetwork: warning in grep(patt = "w32", x = version["os"]): partial
     argument match of 'patt' to 'pattern'
    savepajek: warning in grep(patt = "w32", x = version["os"]): partial
     argument match of 'patt' to 'pattern'
    savevector: warning in grep(patt = "w32", x = version["os"]): partial
     argument match of 'patt' to 'pattern'
    check.these.par: no visible global function definition for
     crit.fun.tmp
    check.these.par: no visible binding for global variable useM
    crit.fun: no visible global function definition for crit.fun.tmp
    crit.fun: no visible binding for global variable useM
    gen.crit.fun: no visible binding for global variable s
    opt.par: no visible global function definition for opt.par.tmp
    opt.random.par: no visible global function definition for opt.par.tmp
    opt.these.par: no visible global function definition for opt.par.tmp
    opt.these.par: no visible binding for global variable m
Flavors: r-devel-linux-x86_64-debian-clang, r-devel-linux-x86_64-debian-gcc, r-devel-linux-x86_64-fedora-clang, r-devel-linux-x86_64-fedora-gcc, r-devel-osx-x86_64-clang, r-devel-windows-ix86+x86_64, r-patched-linux-x86_64, r-patched-solaris-sparc, r-patched-solaris-x86, r-release-linux-ix86, r-release-linux-x86_64, r-release-osx-x86_64-mavericks, r-release-windows-ix86+x86_64, r-oldrel-windows-ix86+x86_64

Version: 0.1.8
Check: Rd \usage sections
Result: NOTE
    S3 methods shown with full name in documentation object 'plot.mat':
     plot.mat plot.mat.nm
    
    The \usage entries for S3 methods should use the \method markup and not
    their full name.
    See the chapter Writing R documentation files in the Writing R
    Extensions manual.
Flavors: r-devel-linux-x86_64-debian-clang, r-devel-linux-x86_64-debian-gcc, r-devel-linux-x86_64-fedora-clang, r-devel-linux-x86_64-fedora-gcc, r-devel-osx-x86_64-clang, r-devel-windows-ix86+x86_64, r-patched-linux-x86_64, r-patched-solaris-sparc, r-patched-solaris-x86, r-release-linux-ix86, r-release-linux-x86_64, r-release-osx-x86_64-mavericks, r-release-windows-ix86+x86_64, r-oldrel-windows-ix86+x86_64

Version: 0.1.8
Check: whether package can be installed
Result: WARNING
    Found the following significant warnings:
     Warning: Possible change of value in conversion from REAL(8) to REAL(4) at (1)
     Warning: Possible change of value in conversion from REAL(8) to REAL(4) at (1)
     Warning: Possible change of value in conversion from REAL(8) to REAL(4) at (1)
     Warning: Possible change of value in conversion from REAL(8) to REAL(4) at (1)
     Warning: Possible change of value in conversion from REAL(8) to REAL(4) at (1)
     Warning: Possible change of value in conversion from REAL(8) to REAL(4) at (1)
     Warning: Possible change of value in conversion from REAL(8) to REAL(4) at (1)
     Warning: Possible change of value in conversion from REAL(8) to REAL(4) at (1)
     Warning: Possible change of value in conversion from REAL(8) to REAL(4) at (1)
     Warning: Possible change of value in conversion from REAL(8) to REAL(4) at (1)
     Warning: Possible change of value in conversion from REAL(8) to REAL(4) at (1)
     Warning: Possible change of value in conversion from REAL(8) to REAL(4) at (1)
     Warning: Possible change of value in conversion from REAL(8) to REAL(4) at (1)
     Warning: Possible change of value in conversion from REAL(8) to REAL(4) at (1)
     Warning: Possible change of value in conversion from REAL(8) to REAL(4) at (1)
     Warning: Possible change of value in conversion from REAL(8) to REAL(4) at (1)
     Warning: Possible change of value in conversion from REAL(8) to REAL(4) at (1)
     Warning: Possible change of value in conversion from REAL(8) to REAL(4) at (1)
     Warning: Possible change of value in conversion from REAL(8) to REAL(4) at (1)
     Warning: Possible change of value in conversion from REAL(8) to REAL(4) at (1)
     Warning: Possible change of value in conversion from REAL(8) to REAL(4) at (1)
     Warning: Possible change of value in conversion from REAL(8) to REAL(4) at (1)
     Warning: Possible change of value in conversion from REAL(8) to REAL(4) at (1)
     Warning: Possible change of value in conversion from REAL(8) to REAL(4) at (1)
     Warning: Possible change of value in conversion from REAL(8) to REAL(4) at (1)
     Warning: Possible change of value in conversion from REAL(8) to REAL(4) at (1)
     Warning: Possible change of value in conversion from REAL(8) to REAL(4) at (1)
     Warning: Possible change of value in conversion from REAL(8) to REAL(4) at (1)
     Warning: Possible change of value in conversion from REAL(8) to REAL(4) at (1)
     Warning: Possible change of value in conversion from REAL(8) to REAL(4) at (1)
     Warning: Possible change of value in conversion from REAL(8) to REAL(4) at (1)
     Warning: Possible change of value in conversion from REAL(8) to REAL(4) at (1)
     Warning: Possible change of value in conversion from REAL(8) to REAL(4) at (1)
     Warning: Possible change of value in conversion from REAL(8) to REAL(4) at (1)
     Warning: Possible change of value in conversion from REAL(8) to REAL(4) at (1)
     Warning: Possible change of value in conversion from REAL(8) to REAL(4) at (1)
     Warning: Possible change of value in conversion from REAL(8) to REAL(4) at (1)
Flavor: r-release-osx-x86_64-mavericks