CRAN Package Check Results for Package blockmodeling

Last updated on 2014-10-02 18:47:41.

Flavor Version Tinstall Tcheck Ttotal Status Flags
r-devel-linux-x86_64-debian-clang 0.1.8 6.19 31.82 38.01 NOTE
r-devel-linux-x86_64-debian-gcc 0.1.8 6.11 31.33 37.44 NOTE
r-devel-linux-x86_64-fedora-clang 0.1.8 73.29 NOTE
r-devel-linux-x86_64-fedora-gcc 0.1.8 69.39 NOTE
r-devel-osx-x86_64-clang 0.1.8 62.29 NOTE
r-devel-windows-ix86+x86_64 0.1.8 23.00 55.00 78.00 NOTE
r-patched-linux-x86_64 0.1.8 6.20 35.32 41.52 NOTE
r-patched-solaris-sparc 0.1.8 483.50 NOTE
r-patched-solaris-x86 0.1.8 118.70 NOTE
r-release-linux-ix86 0.1.8 9.32 43.76 53.08 NOTE
r-release-linux-x86_64 0.1.8 6.23 34.93 41.16 NOTE
r-release-osx-x86_64-mavericks 0.1.8 WARN
r-release-windows-ix86+x86_64 0.1.8 24.00 65.00 89.00 NOTE
r-oldrel-windows-ix86+x86_64 0.1.8 24.00 75.00 99.00 NOTE

Check Details

Version: 0.1.8
Check: dependencies in R code
Result: NOTE
    Namespace in Imports field not imported from: ‘stats’
     All declared Imports should be used.
    See the information on DESCRIPTION files in the chapter ‘Creating R
    packages’ of the ‘Writing R Extensions’ manual.
Flavors: r-devel-linux-x86_64-debian-clang, r-devel-linux-x86_64-debian-gcc, r-devel-linux-x86_64-fedora-clang, r-devel-linux-x86_64-fedora-gcc, r-devel-osx-x86_64-clang, r-devel-windows-ix86+x86_64, r-patched-linux-x86_64, r-patched-solaris-sparc, r-patched-solaris-x86, r-release-linux-ix86, r-release-linux-x86_64, r-release-osx-x86_64-mavericks, r-release-windows-ix86+x86_64, r-oldrel-windows-ix86+x86_64

Version: 0.1.8
Check: R code for possible problems
Result: NOTE
    gplot1: warning in grep(pat = "block", search()): partial argument
     match of ‘pat’ to ‘pattern’
    gplot2: warning in grep(pat = "block", search()): partial argument
     match of ‘pat’ to ‘pattern’
    loadnetwork2: warning in grep(patt = "^ *$", x = as.character(line)):
     partial argument match of ‘patt’ to ‘pattern’
    loadpajek: warning in grep(patt = "^ *$", x = as.character(line)):
     partial argument match of ‘patt’ to ‘pattern’
    savecluster: warning in grep(patt = "w32", x = version["os"]): partial
     argument match of ‘patt’ to ‘pattern’
    savematrix: warning in grep(patt = "w32", x = version["os"]): partial
     argument match of ‘patt’ to ‘pattern’
    savenetwork: warning in grep(patt = "w32", x = version["os"]): partial
     argument match of ‘patt’ to ‘pattern’
    savepajek: warning in grep(patt = "w32", x = version["os"]): partial
     argument match of ‘patt’ to ‘pattern’
    savevector: warning in grep(patt = "w32", x = version["os"]): partial
     argument match of ‘patt’ to ‘pattern’
    check.these.par: no visible global function definition for
     ‘crit.fun.tmp’
    check.these.par: no visible binding for global variable ‘useM’
    crit.fun: no visible global function definition for ‘crit.fun.tmp’
    crit.fun: no visible binding for global variable ‘useM’
    gen.crit.fun: no visible binding for global variable ‘s’
    gplot1: no visible global function definition for ‘gplot’
    gplot2: no visible global function definition for ‘gplot’
    loadnetwork: no visible global function definition for ‘Matrix’
    loadnetwork2: no visible global function definition for ‘Matrix’
    opt.par: no visible global function definition for ‘opt.par.tmp’
    opt.random.par: no visible global function definition for ‘opt.par.tmp’
    opt.these.par: no visible global function definition for ‘opt.par.tmp’
    opt.these.par: no visible binding for global variable ‘m’
Flavors: r-devel-linux-x86_64-debian-clang, r-devel-linux-x86_64-debian-gcc, r-devel-linux-x86_64-fedora-clang, r-devel-linux-x86_64-fedora-gcc, r-devel-osx-x86_64-clang, r-devel-windows-ix86+x86_64

Version: 0.1.8
Check: Rd \usage sections
Result: NOTE
    S3 methods shown with full name in documentation object 'plot.mat':
     ‘plot.mat’ ‘plot.mat.nm’
    
    The \usage entries for S3 methods should use the \method markup and not
    their full name.
    See the chapter ‘Writing R documentation files’ in the ‘Writing R
    Extensions’ manual.
Flavors: r-devel-linux-x86_64-debian-clang, r-devel-linux-x86_64-debian-gcc, r-devel-linux-x86_64-fedora-clang, r-devel-linux-x86_64-fedora-gcc, r-devel-osx-x86_64-clang, r-devel-windows-ix86+x86_64, r-patched-linux-x86_64, r-patched-solaris-sparc, r-patched-solaris-x86, r-release-linux-ix86, r-release-linux-x86_64, r-release-osx-x86_64-mavericks, r-release-windows-ix86+x86_64, r-oldrel-windows-ix86+x86_64

Version: 0.1.8
Check: R code for possible problems
Result: NOTE
    gplot1: warning in grep(pat = "block", search()): partial argument
     match of ‘pat’ to ‘pattern’
    gplot2: warning in grep(pat = "block", search()): partial argument
     match of ‘pat’ to ‘pattern’
    loadnetwork2: warning in grep(patt = "^ *$", x = as.character(line)):
     partial argument match of ‘patt’ to ‘pattern’
    loadpajek: warning in grep(patt = "^ *$", x = as.character(line)):
     partial argument match of ‘patt’ to ‘pattern’
    savecluster: warning in grep(patt = "w32", x = version["os"]): partial
     argument match of ‘patt’ to ‘pattern’
    savematrix: warning in grep(patt = "w32", x = version["os"]): partial
     argument match of ‘patt’ to ‘pattern’
    savenetwork: warning in grep(patt = "w32", x = version["os"]): partial
     argument match of ‘patt’ to ‘pattern’
    savepajek: warning in grep(patt = "w32", x = version["os"]): partial
     argument match of ‘patt’ to ‘pattern’
    savevector: warning in grep(patt = "w32", x = version["os"]): partial
     argument match of ‘patt’ to ‘pattern’
    check.these.par: no visible global function definition for
     ‘crit.fun.tmp’
    check.these.par: no visible binding for global variable ‘useM’
    crit.fun: no visible global function definition for ‘crit.fun.tmp’
    crit.fun: no visible binding for global variable ‘useM’
    gen.crit.fun: no visible binding for global variable ‘s’
    opt.par: no visible global function definition for ‘opt.par.tmp’
    opt.random.par: no visible global function definition for ‘opt.par.tmp’
    opt.these.par: no visible global function definition for ‘opt.par.tmp’
    opt.these.par: no visible binding for global variable ‘m’
Flavors: r-patched-linux-x86_64, r-patched-solaris-sparc, r-patched-solaris-x86, r-release-linux-ix86, r-release-linux-x86_64, r-release-osx-x86_64-mavericks, r-release-windows-ix86+x86_64, r-oldrel-windows-ix86+x86_64

Version: 0.1.8
Check: whether package can be installed
Result: WARN
    Found the following significant warnings:
     Warning: Possible change of value in conversion from REAL(8) to REAL(4) at (1)
     Warning: Possible change of value in conversion from REAL(8) to REAL(4) at (1)
     Warning: Possible change of value in conversion from REAL(8) to REAL(4) at (1)
     Warning: Possible change of value in conversion from REAL(8) to REAL(4) at (1)
     Warning: Possible change of value in conversion from REAL(8) to REAL(4) at (1)
     Warning: Possible change of value in conversion from REAL(8) to REAL(4) at (1)
     Warning: Possible change of value in conversion from REAL(8) to REAL(4) at (1)
     Warning: Possible change of value in conversion from REAL(8) to REAL(4) at (1)
     Warning: Possible change of value in conversion from REAL(8) to REAL(4) at (1)
     Warning: Possible change of value in conversion from REAL(8) to REAL(4) at (1)
     Warning: Possible change of value in conversion from REAL(8) to REAL(4) at (1)
     Warning: Possible change of value in conversion from REAL(8) to REAL(4) at (1)
     Warning: Possible change of value in conversion from REAL(8) to REAL(4) at (1)
     Warning: Possible change of value in conversion from REAL(8) to REAL(4) at (1)
     Warning: Possible change of value in conversion from REAL(8) to REAL(4) at (1)
     Warning: Possible change of value in conversion from REAL(8) to REAL(4) at (1)
     Warning: Possible change of value in conversion from REAL(8) to REAL(4) at (1)
     Warning: Possible change of value in conversion from REAL(8) to REAL(4) at (1)
     Warning: Possible change of value in conversion from REAL(8) to REAL(4) at (1)
     Warning: Possible change of value in conversion from REAL(8) to REAL(4) at (1)
     Warning: Possible change of value in conversion from REAL(8) to REAL(4) at (1)
     Warning: Possible change of value in conversion from REAL(8) to REAL(4) at (1)
     Warning: Possible change of value in conversion from REAL(8) to REAL(4) at (1)
     Warning: Possible change of value in conversion from REAL(8) to REAL(4) at (1)
     Warning: Possible change of value in conversion from REAL(8) to REAL(4) at (1)
     Warning: Possible change of value in conversion from REAL(8) to REAL(4) at (1)
     Warning: Possible change of value in conversion from REAL(8) to REAL(4) at (1)
     Warning: Possible change of value in conversion from REAL(8) to REAL(4) at (1)
     Warning: Possible change of value in conversion from REAL(8) to REAL(4) at (1)
     Warning: Possible change of value in conversion from REAL(8) to REAL(4) at (1)
     Warning: Possible change of value in conversion from REAL(8) to REAL(4) at (1)
     Warning: Possible change of value in conversion from REAL(8) to REAL(4) at (1)
     Warning: Possible change of value in conversion from REAL(8) to REAL(4) at (1)
     Warning: Possible change of value in conversion from REAL(8) to REAL(4) at (1)
     Warning: Possible change of value in conversion from REAL(8) to REAL(4) at (1)
     Warning: Possible change of value in conversion from REAL(8) to REAL(4) at (1)
     Warning: Possible change of value in conversion from REAL(8) to REAL(4) at (1)
Flavor: r-release-osx-x86_64-mavericks