CRAN Package Check Results for Package blockmodeling

Last updated on 2018-02-23 13:47:25 CET.

Flavor Version Tinstall Tcheck Ttotal Status Flags
r-devel-linux-x86_64-debian-clang 0.1.9 11.68 44.52 56.20 NOTE
r-devel-linux-x86_64-debian-gcc 0.1.9 10.11 34.22 44.33 NOTE
r-devel-linux-x86_64-fedora-clang 0.1.9 68.21 NOTE
r-devel-linux-x86_64-fedora-gcc 0.1.9 64.97 NOTE
r-devel-windows-ix86+x86_64 0.1.9 50.00 86.00 136.00 NOTE
r-patched-linux-x86_64 0.1.9 7.20 47.51 54.71 NOTE
r-patched-solaris-x86 0.1.9 95.30 NOTE
r-release-linux-x86_64 0.1.9 7.45 47.54 54.99 NOTE
r-release-windows-ix86+x86_64 0.1.9 27.00 80.00 107.00 NOTE
r-release-osx-x86_64 0.1.9 NOTE
r-oldrel-windows-ix86+x86_64 0.1.9 28.00 73.00 101.00 NOTE
r-oldrel-osx-x86_64 0.1.9 WARN

Check Details

Version: 0.1.9
Check: S3 generic/method consistency
Result: NOTE
    Found the following apparent S3 methods exported but not registered:
     plot.mat.nm
    See section ‘Registering S3 methods’ in the ‘Writing R Extensions’
    manual.
Flavors: r-devel-linux-x86_64-debian-clang, r-devel-linux-x86_64-debian-gcc, r-devel-linux-x86_64-fedora-clang, r-devel-linux-x86_64-fedora-gcc, r-patched-linux-x86_64, r-patched-solaris-x86, r-release-linux-x86_64

Version: 0.1.9
Check: Rd \usage sections
Result: NOTE
    S3 methods shown with full name in documentation object 'plot.mat':
     ‘plot.mat’ ‘plot.mat.nm’
    
    The \usage entries for S3 methods should use the \method markup and not
    their full name.
    See chapter ‘Writing R documentation files’ in the ‘Writing R
    Extensions’ manual.
Flavors: r-devel-linux-x86_64-debian-clang, r-devel-linux-x86_64-debian-gcc, r-devel-linux-x86_64-fedora-clang, r-devel-linux-x86_64-fedora-gcc, r-devel-windows-ix86+x86_64, r-patched-linux-x86_64, r-patched-solaris-x86, r-release-linux-x86_64, r-release-windows-ix86+x86_64, r-release-osx-x86_64, r-oldrel-windows-ix86+x86_64, r-oldrel-osx-x86_64

Version: 0.1.9
Check: whether package can be installed
Result: WARN
    Found the following significant warnings:
     Warning: Possible change of value in conversion from REAL(8) to REAL(4) at (1)
Flavor: r-oldrel-osx-x86_64