CRAN Package Check Results for Package blockmodeling

Last updated on 2014-04-19 18:47:38.

Flavor Version Tinstall Tcheck Ttotal Status Flags
r-devel-linux-x86_64-debian-clang 0.1.8 5.84 35.66 41.50 NOTE
r-devel-linux-x86_64-debian-gcc 0.1.8 5.79 36.12 41.91 NOTE
r-devel-linux-x86_64-fedora-clang 0.1.8 81.08 NOTE
r-devel-linux-x86_64-fedora-gcc 0.1.8 74.58 NOTE
r-devel-macosx-x86_64-clang 0.1.8 62.20 NOTE
r-devel-macosx-x86_64-gcc 0.1.8 NOTE
r-devel-windows-ix86+x86_64 0.1.8 24.00 69.00 93.00 NOTE
r-patched-linux-x86_64 0.1.8 5.76 35.89 41.65 NOTE
r-patched-solaris-sparc 0.1.8 480.20 NOTE
r-patched-solaris-x86 0.1.8 110.70 NOTE
r-release-linux-ix86 NOTE
r-release-linux-x86_64 0.1.8 5.99 36.00 41.99 NOTE
r-release-windows-ix86+x86_64 0.1.8 30.00 73.00 103.00 NOTE
r-oldrel-windows-ix86+x86_64 0.1.8 24.00 73.00 97.00 NOTE

Check Details

Version: 0.1.8
Check: dependencies in R code
Result: NOTE
    Namespace in Imports field not imported from: ‘stats’
     All declared Imports should be used.
    See the information on DESCRIPTION files in the chapter ‘Creating R
    packages’ of the ‘Writing R Extensions’ manual.
Flavors: r-devel-linux-x86_64-debian-clang, r-devel-linux-x86_64-debian-gcc, r-devel-linux-x86_64-fedora-clang, r-devel-linux-x86_64-fedora-gcc, r-devel-macosx-x86_64-clang, r-devel-macosx-x86_64-gcc, r-devel-windows-ix86+x86_64, r-patched-linux-x86_64, r-patched-solaris-sparc, r-patched-solaris-x86, r-release-linux-ix86, r-release-linux-x86_64, r-release-windows-ix86+x86_64, r-oldrel-windows-ix86+x86_64

Version: 0.1.8
Check: R code for possible problems
Result: NOTE
    gplot1: warning in grep(pat = "block", search()): partial argument
     match of 'pat' to 'pattern'
    gplot2: warning in grep(pat = "block", search()): partial argument
     match of 'pat' to 'pattern'
    loadnetwork2: warning in grep(patt = "^ *$", x = as.character(line)):
     partial argument match of 'patt' to 'pattern'
    loadpajek: warning in grep(patt = "^ *$", x = as.character(line)):
     partial argument match of 'patt' to 'pattern'
    savecluster: warning in grep(patt = "w32", x = version["os"]): partial
     argument match of 'patt' to 'pattern'
    savematrix: warning in grep(patt = "w32", x = version["os"]): partial
     argument match of 'patt' to 'pattern'
    savenetwork: warning in grep(patt = "w32", x = version["os"]): partial
     argument match of 'patt' to 'pattern'
    savepajek: warning in grep(patt = "w32", x = version["os"]): partial
     argument match of 'patt' to 'pattern'
    savevector: warning in grep(patt = "w32", x = version["os"]): partial
     argument match of 'patt' to 'pattern'
    check.these.par: no visible global function definition for
     ‘crit.fun.tmp’
    check.these.par: no visible binding for global variable ‘useM’
    crit.fun: no visible global function definition for ‘crit.fun.tmp’
    crit.fun: no visible binding for global variable ‘useM’
    gen.crit.fun: no visible binding for global variable ‘s’
    opt.par: no visible global function definition for ‘opt.par.tmp’
    opt.random.par: no visible global function definition for ‘opt.par.tmp’
    opt.these.par: no visible global function definition for ‘opt.par.tmp’
    opt.these.par: no visible binding for global variable ‘m’
Flavors: r-devel-linux-x86_64-debian-clang, r-devel-linux-x86_64-debian-gcc, r-devel-linux-x86_64-fedora-clang, r-devel-linux-x86_64-fedora-gcc, r-devel-macosx-x86_64-clang, r-devel-macosx-x86_64-gcc, r-devel-windows-ix86+x86_64, r-patched-linux-x86_64, r-patched-solaris-sparc, r-patched-solaris-x86, r-release-linux-ix86, r-release-linux-x86_64, r-release-windows-ix86+x86_64, r-oldrel-windows-ix86+x86_64

Version: 0.1.8
Check: Rd \usage sections
Result: NOTE
    S3 methods shown with full name in documentation object 'plot.mat':
     ‘plot.mat’ ‘plot.mat.nm’
    
    The \usage entries for S3 methods should use the \method markup and not
    their full name.
    See the chapter ‘Writing R documentation files’ in the ‘Writing R
    Extensions’ manual.
Flavors: r-devel-linux-x86_64-debian-clang, r-devel-linux-x86_64-debian-gcc, r-devel-linux-x86_64-fedora-clang, r-devel-linux-x86_64-fedora-gcc, r-devel-macosx-x86_64-clang, r-devel-macosx-x86_64-gcc, r-devel-windows-ix86+x86_64, r-patched-linux-x86_64, r-patched-solaris-sparc, r-patched-solaris-x86, r-release-linux-ix86, r-release-linux-x86_64, r-release-windows-ix86+x86_64, r-oldrel-windows-ix86+x86_64