CRAN Package Check Results for Package bmem

Last updated on 2014-10-20 10:50:26.

Flavor Version Tinstall Tcheck Ttotal Status Flags
r-devel-linux-x86_64-debian-clang 1.5 1.81 33.26 35.07 NOTE
r-devel-linux-x86_64-debian-gcc 1.5 1.93 33.57 35.50 NOTE
r-devel-linux-x86_64-fedora-clang 1.5 72.46 NOTE
r-devel-linux-x86_64-fedora-gcc 1.5 74.17 NOTE
r-devel-osx-x86_64-clang 1.5 60.38 NOTE
r-devel-windows-ix86+x86_64 1.5 10.00 42.00 52.00 NOTE
r-patched-linux-x86_64 1.5 1.88 34.02 35.90 NOTE
r-patched-solaris-sparc 1.5 330.90 NOTE
r-patched-solaris-x86 1.5 79.50 NOTE
r-release-linux-ix86 1.5 3.19 37.62 40.80 NOTE
r-release-linux-x86_64 1.5 1.98 34.80 36.78 NOTE
r-release-osx-x86_64-mavericks 1.5 NOTE
r-release-osx-x86_64-snowleopard 1.5 OK
r-release-windows-ix86+x86_64 1.5 8.00 48.00 56.00 NOTE
r-oldrel-windows-ix86+x86_64 1.5 9.00 49.00 58.00 NOTE

Check Details

Version: 1.5
Check: dependencies in R code
Result: NOTE
    Packages in Depends field not imported from:
     ‘Amelia’ ‘MASS’ ‘lavaan’ ‘sem’ ‘snowfall’
     These packages need to be imported from (in the NAMESPACE file)
     for when this namespace is loaded but not attached.
    See the information on DESCRIPTION files in the chapter ‘Creating R
    packages’ of the ‘Writing R Extensions’ manual.
Flavors: r-devel-linux-x86_64-debian-clang, r-devel-linux-x86_64-debian-gcc, r-devel-linux-x86_64-fedora-clang, r-devel-linux-x86_64-fedora-gcc, r-devel-osx-x86_64-clang, r-devel-windows-ix86+x86_64, r-patched-linux-x86_64, r-patched-solaris-sparc, r-patched-solaris-x86, r-release-linux-ix86, r-release-linux-x86_64, r-release-osx-x86_64-mavericks, r-release-windows-ix86+x86_64, r-oldrel-windows-ix86+x86_64

Version: 1.5
Check: R code for possible problems
Result: NOTE
    bmem.bs: no visible global function definition for ‘sem’
    bmem.em.rcov: no visible global function definition for ‘cov.rob’
    bmem.mi.cov: no visible global function definition for ‘amelia’
    bmem.sem: no visible global function definition for ‘sem’
    bmem.sobel: no visible global function definition for ‘sem’
    power.basic: no visible global function definition for ‘simulateData’
    power.basic: no visible global function definition for ‘lavaanNames’
    power.basic : runonce: no visible global function definition for
     ‘simulateData’
    power.basic: no visible global function definition for ‘sfInit’
    power.basic: no visible global function definition for ‘sfLibrary’
    power.basic: no visible binding for global variable ‘lavaan’
    power.basic: no visible global function definition for ‘sfLapply’
    power.boot: no visible global function definition for ‘simulateData’
    power.boot: no visible global function definition for ‘lavaanNames’
    power.boot : runonce: no visible global function definition for
     ‘simulateData’
    power.boot : runonce: no visible global function definition for
     ‘bootstrapLavaan’
    power.boot: no visible global function definition for ‘sfInit’
    power.boot: no visible global function definition for ‘sfLibrary’
    power.boot: no visible binding for global variable ‘lavaan’
    power.boot: no visible global function definition for ‘sfLapply’
    summary.power: no visible global function definition for ‘lavaanNames’
Flavors: r-devel-linux-x86_64-debian-clang, r-devel-linux-x86_64-debian-gcc, r-devel-linux-x86_64-fedora-clang, r-devel-linux-x86_64-fedora-gcc, r-devel-osx-x86_64-clang, r-devel-windows-ix86+x86_64, r-patched-linux-x86_64, r-patched-solaris-sparc, r-patched-solaris-x86