CRAN Package Check Results for Package bmem

Last updated on 2014-04-19 08:50:10.

Flavor Version Tinstall Tcheck Ttotal Status Flags
r-devel-linux-x86_64-debian-clang 1.5 2.10 29.54 31.64 NOTE
r-devel-linux-x86_64-debian-gcc 1.5 2.12 29.67 31.79 NOTE
r-devel-linux-x86_64-fedora-clang 1.5 72.40 NOTE
r-devel-linux-x86_64-fedora-gcc 1.5 67.78 NOTE
r-devel-macosx-x86_64-clang 1.5 56.86 NOTE
r-devel-macosx-x86_64-gcc 1.5 NOTE
r-devel-windows-ix86+x86_64 1.5 8.00 45.00 53.00 NOTE
r-patched-linux-x86_64 1.5 2.10 31.03 33.13 NOTE
r-patched-solaris-sparc 1.5 343.00 NOTE
r-patched-solaris-x86 1.5 85.80 NOTE
r-release-linux-ix86 1.5 6.00 53.00 59.00 NOTE
r-release-linux-x86_64 1.5 2.02 29.75 31.77 NOTE
r-release-macosx-x86_64 1.5 OK
r-release-windows-ix86+x86_64 1.5 12.00 45.00 57.00 NOTE
r-oldrel-windows-ix86+x86_64 1.5 9.00 51.00 60.00 NOTE

Check Details

Version: 1.5
Check: dependencies in R code
Result: NOTE
    Packages in Depends field not imported from:
     ‘Amelia’ ‘MASS’ ‘lavaan’ ‘sem’ ‘snowfall’
     These packages need to be imported from (in the NAMESPACE file)
     for when this namespace is loaded but not attached.
    See the information on DESCRIPTION files in the chapter ‘Creating R
    packages’ of the ‘Writing R Extensions’ manual.
Flavors: r-devel-linux-x86_64-debian-clang, r-devel-linux-x86_64-debian-gcc, r-devel-linux-x86_64-fedora-clang, r-devel-linux-x86_64-fedora-gcc, r-devel-macosx-x86_64-clang, r-devel-macosx-x86_64-gcc, r-devel-windows-ix86+x86_64, r-patched-linux-x86_64, r-patched-solaris-sparc, r-patched-solaris-x86, r-release-linux-ix86, r-release-linux-x86_64, r-release-windows-ix86+x86_64, r-oldrel-windows-ix86+x86_64