CRAN Package Check Results for Package bmem

Last updated on 2015-05-25 18:46:51.

Flavor Version Tinstall Tcheck Ttotal Status Flags
r-devel-linux-x86_64-debian-clang 1.5 1.54 25.16 26.70 NOTE
r-devel-linux-x86_64-debian-gcc 1.5 1.46 24.47 25.92 NOTE
r-devel-linux-x86_64-fedora-clang 1.5 52.72 NOTE
r-devel-linux-x86_64-fedora-gcc 1.5 51.86 NOTE
r-devel-osx-x86_64-clang 1.5 48.86 NOTE
r-devel-windows-ix86+x86_64 1.5 6.00 37.00 43.00 NOTE
r-patched-linux-x86_64 1.5 1.63 24.50 26.13 NOTE
r-patched-solaris-sparc 1.5 277.70 NOTE
r-patched-solaris-x86 1.5 63.30 NOTE
r-release-linux-x86_64 1.5 1.46 24.76 26.22 NOTE
r-release-osx-x86_64-mavericks 1.5 NOTE
r-release-osx-x86_64-snowleopard 1.5 NOTE
r-release-windows-ix86+x86_64 1.5 7.00 37.00 44.00 NOTE
r-oldrel-windows-ix86+x86_64 1.5 10.00 54.00 64.00 NOTE

Check Details

Version: 1.5
Check: dependencies in R code
Result: NOTE
    Packages in Depends field not imported from:
     ‘Amelia’ ‘MASS’ ‘lavaan’ ‘sem’ ‘snowfall’
     These packages need to be imported from (in the NAMESPACE file)
     for when this namespace is loaded but not attached.
Flavors: r-devel-linux-x86_64-debian-clang, r-devel-linux-x86_64-debian-gcc, r-devel-linux-x86_64-fedora-clang, r-devel-linux-x86_64-fedora-gcc, r-devel-osx-x86_64-clang, r-devel-windows-ix86+x86_64, r-patched-linux-x86_64, r-patched-solaris-sparc, r-patched-solaris-x86, r-release-linux-x86_64, r-release-osx-x86_64-mavericks, r-release-osx-x86_64-snowleopard, r-release-windows-ix86+x86_64, r-oldrel-windows-ix86+x86_64

Version: 1.5
Check: R code for possible problems
Result: NOTE
    bmem.bs: no visible global function definition for ‘sem’
    bmem.em.rcov: no visible global function definition for ‘cov.rob’
    bmem.mi.cov: no visible global function definition for ‘amelia’
    bmem.sem: no visible global function definition for ‘sem’
    bmem.sobel: no visible global function definition for ‘sem’
    power.basic: no visible global function definition for ‘simulateData’
    power.basic: no visible global function definition for ‘lavaanNames’
    power.basic : runonce: no visible global function definition for
     ‘simulateData’
    power.basic: no visible global function definition for ‘sfInit’
    power.basic: no visible global function definition for ‘sfLibrary’
    power.basic: no visible binding for global variable ‘lavaan’
    power.basic: no visible global function definition for ‘sfLapply’
    power.boot: no visible global function definition for ‘simulateData’
    power.boot: no visible global function definition for ‘lavaanNames’
    power.boot : runonce: no visible global function definition for
     ‘simulateData’
    power.boot : runonce: no visible global function definition for
     ‘bootstrapLavaan’
    power.boot: no visible global function definition for ‘sfInit’
    power.boot: no visible global function definition for ‘sfLibrary’
    power.boot: no visible binding for global variable ‘lavaan’
    power.boot: no visible global function definition for ‘sfLapply’
    summary.power: no visible global function definition for ‘lavaanNames’
Flavors: r-devel-linux-x86_64-debian-clang, r-devel-linux-x86_64-debian-gcc, r-devel-linux-x86_64-fedora-clang, r-devel-linux-x86_64-fedora-gcc, r-devel-osx-x86_64-clang, r-devel-windows-ix86+x86_64, r-patched-linux-x86_64, r-patched-solaris-sparc, r-patched-solaris-x86, r-release-linux-x86_64, r-release-osx-x86_64-mavericks, r-release-osx-x86_64-snowleopard, r-release-windows-ix86+x86_64, r-oldrel-windows-ix86+x86_64