CRAN Package Check Results for Package bmem

Last updated on 2014-07-24 05:48:22.

Flavor Version Tinstall Tcheck Ttotal Status Flags
r-devel-linux-x86_64-debian-clang 1.5 2.13 28.14 30.27 NOTE
r-devel-linux-x86_64-debian-gcc 1.5 1.83 27.68 29.52 NOTE
r-devel-linux-x86_64-fedora-clang 1.5 72.50 NOTE
r-devel-linux-x86_64-fedora-gcc 1.5 71.70 NOTE
r-devel-osx-x86_64-clang 1.5 56.74 NOTE
r-devel-windows-ix86+x86_64 1.5 8.00 43.00 51.00 NOTE
r-patched-linux-x86_64 1.5 1.96 28.53 30.48 NOTE
r-patched-solaris-sparc 1.5 343.00 NOTE
r-patched-solaris-x86 1.5 87.70 NOTE
r-release-linux-ix86 1.5 2.68 37.08 39.76 NOTE
r-release-linux-x86_64 1.5 2.29 29.18 31.47 NOTE
r-release-osx-x86_64-mavericks 1.5 NOTE
r-release-osx-x86_64-snowleopard 1.5 OK
r-release-windows-ix86+x86_64 1.5 8.00 45.00 53.00 NOTE
r-oldrel-windows-ix86+x86_64 1.5 10.00 46.00 56.00 NOTE

Check Details

Version: 1.5
Check: dependencies in R code
Result: NOTE
    Packages in Depends field not imported from:
     ‘Amelia’ ‘MASS’ ‘lavaan’ ‘sem’ ‘snowfall’
     These packages need to be imported from (in the NAMESPACE file)
     for when this namespace is loaded but not attached.
    See the information on DESCRIPTION files in the chapter ‘Creating R
    packages’ of the ‘Writing R Extensions’ manual.
Flavors: r-devel-linux-x86_64-debian-clang, r-devel-linux-x86_64-debian-gcc, r-devel-linux-x86_64-fedora-clang, r-devel-linux-x86_64-fedora-gcc, r-devel-osx-x86_64-clang, r-devel-windows-ix86+x86_64, r-patched-linux-x86_64, r-patched-solaris-sparc, r-patched-solaris-x86, r-release-linux-ix86, r-release-linux-x86_64, r-release-osx-x86_64-mavericks, r-release-windows-ix86+x86_64, r-oldrel-windows-ix86+x86_64