CRAN Package Check Results for Package bmk

Last updated on 2015-05-23 14:46:51.

Flavor Version Tinstall Tcheck Ttotal Status Flags
r-devel-linux-x86_64-debian-clang 1.0 1.05 16.50 17.55 WARN
r-devel-linux-x86_64-debian-gcc 1.0 1.01 16.51 17.52 WARN
r-devel-linux-x86_64-fedora-clang 1.0 33.63 NOTE
r-devel-linux-x86_64-fedora-gcc 1.0 34.12 NOTE
r-devel-osx-x86_64-clang 1.0 35.39 NOTE
r-devel-windows-ix86+x86_64 1.0 4.00 29.00 33.00 NOTE
r-patched-linux-x86_64 1.0 0.98 15.80 16.78 WARN
r-patched-solaris-sparc 1.0 205.40 NOTE
r-patched-solaris-x86 1.0 47.80 NOTE
r-release-linux-x86_64 1.0 1.15 15.89 17.04 WARN
r-release-osx-x86_64-mavericks 1.0 NOTE
r-release-osx-x86_64-snowleopard 1.0 NOTE
r-release-windows-ix86+x86_64 1.0 4.00 29.00 33.00 NOTE
r-oldrel-windows-ix86+x86_64 1.0 6.00 33.00 39.00 NOTE

Check Details

Version: 1.0
Check: whether package can be installed
Result: WARN
    Found the following significant warnings:
     Warning: S3 methods ‘c.rd’, ‘clean.had’, ‘clean.namespace’, ‘default_export.NULL’, ‘default_export.default’, ‘default_export.rcclass’, ‘default_export.s3method’, ‘default_export.s4class’, ‘default_export.s4generic’, ‘default_export.s4method’, ‘default_topic_name.default’, ‘default_topic_name.rcclass’, ‘default_topic_name.rcmethod’, ‘default_topic_name.s4class’, ‘default_topic_name.s4method’, ‘default_usage.NULL’, ‘default_usage.function’, ‘default_usage.data’, ‘default_usage.rcclass’, ‘default_usage.s3generic’, ‘default_usage.s3method’, ‘default_usage.s4class’, ‘default_usage.s4generic’, ‘default_usage.s4method’, ‘escape.character’, ‘escape.rd’, ‘format.alias_tag’, ‘format.author_tag’, ‘format.backref_tag’, ‘format.concept_tag’, ‘format.description_tag’, ‘format.details_tag’, ‘format.docType_tag’, ‘format.encoding_tag’, ‘format.examples_tag’, ‘format.fami [... truncated]
Flavors: r-devel-linux-x86_64-debian-clang, r-devel-linux-x86_64-debian-gcc, r-patched-linux-x86_64, r-release-linux-x86_64

Version: 1.0
Check: DESCRIPTION meta-information
Result: NOTE
    Malformed Description field: should contain one or more complete sentences.
Flavors: r-devel-linux-x86_64-debian-clang, r-devel-linux-x86_64-debian-gcc, r-devel-linux-x86_64-fedora-clang, r-devel-linux-x86_64-fedora-gcc, r-devel-osx-x86_64-clang, r-devel-windows-ix86+x86_64, r-patched-linux-x86_64, r-patched-solaris-sparc, r-patched-solaris-x86, r-release-linux-x86_64, r-release-osx-x86_64-mavericks, r-release-osx-x86_64-snowleopard, r-release-windows-ix86+x86_64

Version: 1.0
Check: dependencies in R code
Result: NOTE
    'library' or 'require' calls to packages already attached by Depends:
     ‘coda’ ‘functional’ ‘plyr’
     Please remove these calls from your code.
    Packages in Depends field not imported from:
     ‘coda’ ‘functional’ ‘plyr’
     These packages need to be imported from (in the NAMESPACE file)
     for when this namespace is loaded but not attached.
Flavors: r-devel-linux-x86_64-debian-clang, r-devel-linux-x86_64-debian-gcc, r-devel-linux-x86_64-fedora-clang, r-devel-linux-x86_64-fedora-gcc, r-devel-osx-x86_64-clang, r-devel-windows-ix86+x86_64, r-patched-linux-x86_64, r-patched-solaris-sparc, r-patched-solaris-x86, r-release-linux-x86_64, r-release-osx-x86_64-mavericks, r-release-osx-x86_64-snowleopard, r-release-windows-ix86+x86_64, r-oldrel-windows-ix86+x86_64

Version: 1.0
Check: R code for possible problems
Result: NOTE
    bmkconverge: no visible global function definition for ‘Compose’
    bmksensitive: no visible global function definition for ‘Compose’
    bmksummary: no visible global function definition for ‘Compose’
    bmksummary: no visible global function definition for ‘Curry’
    bmksummary: no visible global function definition for ‘mcmc’
    bmksummary: no visible global function definition for ‘mcmc.list’
    bmksummary: no visible global function definition for ‘effectiveSize’
    bmksummary: no visible global function definition for ‘gelman.diag’
Flavors: r-devel-linux-x86_64-debian-clang, r-devel-linux-x86_64-debian-gcc, r-devel-linux-x86_64-fedora-clang, r-devel-linux-x86_64-fedora-gcc, r-devel-osx-x86_64-clang, r-devel-windows-ix86+x86_64, r-patched-linux-x86_64, r-patched-solaris-sparc, r-patched-solaris-x86, r-release-linux-x86_64, r-release-osx-x86_64-mavericks, r-release-osx-x86_64-snowleopard, r-release-windows-ix86+x86_64, r-oldrel-windows-ix86+x86_64