CRAN Package Check Results for Package bmk

Last updated on 2014-08-29 23:48:43.

Flavor Version Tinstall Tcheck Ttotal Status Flags
r-devel-linux-x86_64-debian-clang 1.0 1.18 18.36 19.54 NOTE
r-devel-linux-x86_64-debian-gcc 1.0 1.17 18.51 19.68 NOTE
r-devel-linux-x86_64-fedora-clang 1.0 43.28 NOTE
r-devel-linux-x86_64-fedora-gcc 1.0 39.03 NOTE
r-devel-osx-x86_64-clang 1.0 38.18 NOTE
r-devel-windows-ix86+x86_64 1.0 4.00 33.00 37.00 NOTE
r-patched-linux-x86_64 1.0 1.21 19.14 20.36 NOTE
r-patched-solaris-sparc 1.0 240.70 NOTE
r-patched-solaris-x86 1.0 57.30 NOTE
r-release-linux-ix86 1.0 1.62 27.24 28.86 NOTE
r-release-linux-x86_64 1.0 1.23 19.46 20.69 NOTE
r-release-osx-x86_64-mavericks 1.0 NOTE
r-release-windows-ix86+x86_64 1.0 5.00 35.00 40.00 NOTE
r-oldrel-windows-ix86+x86_64 1.0 5.00 36.00 41.00 NOTE

Check Details

Version: 1.0
Check: dependencies in R code
Result: NOTE
    'library' or 'require' calls to packages already attached by Depends:
     ‘coda’ ‘functional’ ‘plyr’
     Please remove these calls from your code.
    Packages in Depends field not imported from:
     ‘coda’ ‘functional’ ‘plyr’
     These packages need to be imported from (in the NAMESPACE file)
     for when this namespace is loaded but not attached.
    See the information on DESCRIPTION files in the chapter ‘Creating R
    packages’ of the ‘Writing R Extensions’ manual.
Flavors: r-devel-linux-x86_64-debian-clang, r-devel-linux-x86_64-debian-gcc, r-devel-linux-x86_64-fedora-clang, r-devel-linux-x86_64-fedora-gcc, r-devel-osx-x86_64-clang, r-devel-windows-ix86+x86_64, r-patched-linux-x86_64, r-patched-solaris-sparc, r-patched-solaris-x86, r-release-linux-ix86, r-release-linux-x86_64, r-release-osx-x86_64-mavericks, r-release-windows-ix86+x86_64, r-oldrel-windows-ix86+x86_64

Version: 1.0
Check: R code for possible problems
Result: NOTE
    bmkconverge: no visible global function definition for ‘Compose’
    bmksensitive: no visible global function definition for ‘Compose’
    bmksummary: no visible global function definition for ‘Compose’
    bmksummary: no visible global function definition for ‘Curry’
    bmksummary: no visible global function definition for ‘mcmc’
    bmksummary: no visible global function definition for ‘mcmc.list’
    bmksummary: no visible global function definition for ‘effectiveSize’
    bmksummary: no visible global function definition for ‘gelman.diag’
Flavors: r-devel-linux-x86_64-debian-clang, r-devel-linux-x86_64-debian-gcc, r-devel-linux-x86_64-fedora-clang, r-devel-linux-x86_64-fedora-gcc, r-devel-osx-x86_64-clang, r-devel-windows-ix86+x86_64