CRAN Package Check Results for Package bmk

Last updated on 2016-02-13 11:54:15.

Flavor Version Tinstall Tcheck Ttotal Status Flags
r-devel-linux-x86_64-debian-gcc 1.0 1.06 14.45 15.51 NOTE
r-devel-linux-x86_64-fedora-clang 1.0 29.58 NOTE
r-devel-linux-x86_64-fedora-gcc 1.0 28.59 NOTE
r-devel-osx-x86_64-clang 1.0 32.81 NOTE
r-devel-windows-ix86+x86_64 1.0 5.00 40.00 45.00 NOTE
r-patched-linux-x86_64 1.0 1.12 15.93 17.05 NOTE
r-patched-solaris-sparc 1.0 196.40 NOTE
r-patched-solaris-x86 1.0 44.60 NOTE
r-release-linux-x86_64 1.0 3.27 16.29 19.57 NOTE
r-release-osx-x86_64-mavericks 1.0 NOTE
r-release-windows-ix86+x86_64 1.0 4.00 29.00 33.00 NOTE
r-oldrel-windows-ix86+x86_64 1.0 9.00 46.00 55.00 NOTE

Check Details

Version: 1.0
Check: DESCRIPTION meta-information
Result: NOTE
    Malformed Description field: should contain one or more complete sentences.
Flavors: r-devel-linux-x86_64-debian-gcc, r-devel-linux-x86_64-fedora-clang, r-devel-linux-x86_64-fedora-gcc, r-devel-osx-x86_64-clang, r-devel-windows-ix86+x86_64, r-patched-linux-x86_64, r-patched-solaris-sparc, r-patched-solaris-x86, r-release-linux-x86_64, r-release-osx-x86_64-mavericks, r-release-windows-ix86+x86_64

Version: 1.0
Check: dependencies in R code
Result: NOTE
    'library' or 'require' calls to packages already attached by Depends:
     ‘coda’ ‘functional’ ‘plyr’
     Please remove these calls from your code.
    Packages in Depends field not imported from:
     ‘coda’ ‘functional’ ‘plyr’
     These packages need to be imported from (in the NAMESPACE file)
     for when this namespace is loaded but not attached.
Flavors: r-devel-linux-x86_64-debian-gcc, r-devel-linux-x86_64-fedora-clang, r-devel-linux-x86_64-fedora-gcc, r-devel-osx-x86_64-clang, r-devel-windows-ix86+x86_64, r-patched-linux-x86_64, r-patched-solaris-sparc, r-patched-solaris-x86, r-release-linux-x86_64, r-release-osx-x86_64-mavericks, r-release-windows-ix86+x86_64, r-oldrel-windows-ix86+x86_64

Version: 1.0
Check: R code for possible problems
Result: NOTE
    HDistNoSize: no visible global function definition for ‘density’
    HDistSize: no visible global function definition for ‘density’
    bmkconverge: no visible global function definition for ‘Compose’
    bmksensitive: no visible global function definition for ‘Compose’
    bmksummary: no visible global function definition for ‘Compose’
    bmksummary: no visible global function definition for ‘Curry’
    bmksummary: no visible binding for global variable ‘quantile’
    bmksummary : std.error: no visible global function definition for ‘var’
    bmksummary: no visible global function definition for ‘mcmc’
    bmksummary: no visible global function definition for ‘mcmc.list’
    bmksummary: no visible global function definition for ‘median’
    bmksummary: no visible global function definition for ‘effectiveSize’
    bmksummary: no visible global function definition for ‘gelman.diag’
    Undefined global functions or variables:
     Compose Curry density effectiveSize gelman.diag mcmc mcmc.list median
     quantile var
    Consider adding
     importFrom("stats", "density", "median", "quantile", "var")
    to your NAMESPACE file.
Flavors: r-devel-linux-x86_64-debian-gcc, r-devel-linux-x86_64-fedora-clang, r-devel-linux-x86_64-fedora-gcc, r-devel-osx-x86_64-clang, r-devel-windows-ix86+x86_64

Version: 1.0
Check: R code for possible problems
Result: NOTE
    bmkconverge: no visible global function definition for ‘Compose’
    bmksensitive: no visible global function definition for ‘Compose’
    bmksummary: no visible global function definition for ‘Compose’
    bmksummary: no visible global function definition for ‘Curry’
    bmksummary: no visible global function definition for ‘mcmc’
    bmksummary: no visible global function definition for ‘mcmc.list’
    bmksummary: no visible global function definition for ‘effectiveSize’
    bmksummary: no visible global function definition for ‘gelman.diag’
Flavors: r-patched-linux-x86_64, r-patched-solaris-sparc, r-patched-solaris-x86, r-release-linux-x86_64, r-release-osx-x86_64-mavericks, r-release-windows-ix86+x86_64, r-oldrel-windows-ix86+x86_64