CRAN Package Check Results for Package bmk

Last updated on 2014-10-25 21:46:23.

Flavor Version Tinstall Tcheck Ttotal Status Flags
r-devel-linux-x86_64-debian-clang 1.0 1.20 19.15 20.35 NOTE
r-devel-linux-x86_64-debian-gcc 1.0 1.16 19.06 20.22 NOTE
r-devel-linux-x86_64-fedora-clang 1.0 43.79 NOTE
r-devel-linux-x86_64-fedora-gcc 1.0 40.05 NOTE
r-devel-osx-x86_64-clang 1.0 40.00 NOTE
r-devel-windows-ix86+x86_64 1.0 5.00 32.00 37.00 NOTE
r-patched-linux-x86_64 1.0 1.20 19.60 20.80 NOTE
r-patched-solaris-sparc 1.0 232.10 NOTE
r-patched-solaris-x86 1.0 57.30 NOTE
r-release-linux-ix86 1.0 1.67 27.39 29.06 NOTE
r-release-linux-x86_64 1.0 1.26 19.99 21.25 NOTE
r-release-osx-x86_64-mavericks 1.0 NOTE
r-release-windows-ix86+x86_64 1.0 5.00 33.00 38.00 NOTE
r-oldrel-windows-ix86+x86_64 1.0 5.00 36.00 41.00 NOTE

Check Details

Version: 1.0
Check: dependencies in R code
Result: NOTE
    'library' or 'require' calls to packages already attached by Depends:
     ‘coda’ ‘functional’ ‘plyr’
     Please remove these calls from your code.
    Packages in Depends field not imported from:
     ‘coda’ ‘functional’ ‘plyr’
     These packages need to be imported from (in the NAMESPACE file)
     for when this namespace is loaded but not attached.
    See the information on DESCRIPTION files in the chapter ‘Creating R
    packages’ of the ‘Writing R Extensions’ manual.
Flavors: r-devel-linux-x86_64-debian-clang, r-devel-linux-x86_64-debian-gcc, r-devel-linux-x86_64-fedora-clang, r-devel-linux-x86_64-fedora-gcc, r-devel-osx-x86_64-clang, r-devel-windows-ix86+x86_64, r-patched-linux-x86_64, r-patched-solaris-sparc, r-patched-solaris-x86, r-release-linux-ix86, r-release-linux-x86_64, r-release-osx-x86_64-mavericks, r-release-windows-ix86+x86_64, r-oldrel-windows-ix86+x86_64

Version: 1.0
Check: R code for possible problems
Result: NOTE
    bmkconverge: no visible global function definition for ‘Compose’
    bmksensitive: no visible global function definition for ‘Compose’
    bmksummary: no visible global function definition for ‘Compose’
    bmksummary: no visible global function definition for ‘Curry’
    bmksummary: no visible global function definition for ‘mcmc’
    bmksummary: no visible global function definition for ‘mcmc.list’
    bmksummary: no visible global function definition for ‘effectiveSize’
    bmksummary: no visible global function definition for ‘gelman.diag’
Flavors: r-devel-linux-x86_64-debian-clang, r-devel-linux-x86_64-debian-gcc, r-devel-linux-x86_64-fedora-clang, r-devel-linux-x86_64-fedora-gcc, r-devel-osx-x86_64-clang, r-devel-windows-ix86+x86_64, r-patched-linux-x86_64, r-patched-solaris-sparc, r-patched-solaris-x86