CRAN Package Check Results for Package bmp

Last updated on 2017-02-20 22:58:45.

Flavor Version Tinstall Tcheck Ttotal Status Flags
r-devel-linux-x86_64-debian-clang 0.2 0.62 11.36 11.98 OK
r-devel-linux-x86_64-debian-gcc 0.2 0.55 11.32 11.87 OK
r-devel-linux-x86_64-fedora-clang 0.2 18.80 OK --no-stop-on-test-error
r-devel-linux-x86_64-fedora-gcc 0.2 18.52 OK --no-stop-on-test-error
r-devel-macos-x86_64-clang 0.2 18.16 OK --no-stop-on-test-error
r-devel-windows-ix86+x86_64 0.2 2.00 39.00 41.00 WARN
r-patched-linux-x86_64 0.2 0.53 8.97 9.51 OK
r-patched-solaris-sparc 0.2 93.00 OK
r-patched-solaris-x86 0.2 23.60 OK
r-release-linux-x86_64 0.2 0.50 9.01 9.51 OK
r-release-osx-x86_64-mavericks 0.2 OK
r-release-windows-ix86+x86_64 0.2 4.00 33.00 37.00 OK
r-oldrel-windows-ix86+x86_64 0.2 3.00 33.00 36.00 OK

Check Details

Version: 0.2
Check: Rd cross-references
Result: WARN
    Warning in gzfile(file, "rb") :
     cannot open compressed file 'd:/RCompile/CRANpkg/lib/3.4/MASS/Meta/Rd.rds', probable reason 'Permission denied'
    Error in gzfile(file, "rb") : cannot open the connection
    Calls: <Anonymous> -> lapply -> FUN -> readRDS -> gzfile
    Execution halted
Flavor: r-devel-windows-ix86+x86_64