CRAN Package Check Results for Package bmscstan

Last updated on 2021-04-11 18:47:25 CEST.

Flavor Version Tinstall Tcheck Ttotal Status Flags
r-devel-linux-x86_64-debian-clang 1.1.0 9.50 92.04 101.54 OK
r-devel-linux-x86_64-debian-gcc 1.1.0 8.76 69.61 78.37 OK
r-devel-linux-x86_64-fedora-clang 1.1.0 132.86 NOTE
r-devel-linux-x86_64-fedora-gcc 1.1.0 117.55 NOTE
r-devel-windows-ix86+x86_64 1.1.0 23.00 89.00 112.00 OK
r-devel-windows-x86_64-gcc10-UCRT 1.1.0 NOTE
r-patched-linux-x86_64 1.1.0 9.72 86.52 96.24 OK
r-patched-solaris-x86 1.1.0 177.00 NOTE
r-release-linux-x86_64 1.1.0 9.61 86.33 95.94 OK
r-release-macos-x86_64 1.1.0 NOTE
r-release-windows-ix86+x86_64 1.1.0 27.00 131.00 158.00 OK
r-oldrel-macos-x86_64 1.1.0 NOTE
r-oldrel-windows-ix86+x86_64 1.1.0 24.00 114.00 138.00 OK

Check Details

Version: 1.1.0
Check: dependencies in R code
Result: NOTE
    Namespace in Imports field not imported from: ‘coda’
     All declared Imports should be used.
Flavors: r-devel-linux-x86_64-fedora-clang, r-devel-linux-x86_64-fedora-gcc, r-devel-windows-x86_64-gcc10-UCRT, r-patched-solaris-x86, r-release-macos-x86_64, r-oldrel-macos-x86_64