CRAN Package Check Results for Package bnclassify

Last updated on 2022-10-05 10:51:35 CEST.

Flavor Version Tinstall Tcheck Ttotal Status Flags
r-devel-linux-x86_64-debian-clang 0.4.6 127.53 125.88 253.41 WARN
r-devel-linux-x86_64-debian-gcc 0.4.6 89.38 88.25 177.63 OK
r-devel-linux-x86_64-fedora-clang 0.4.6 347.82 WARN
r-devel-linux-x86_64-fedora-gcc 0.4.6 300.21 OK
r-devel-windows-x86_64 0.4.6 198.00 202.00 400.00 OK
r-patched-linux-x86_64 0.4.6 110.72 120.13 230.85 OK
r-release-linux-x86_64 0.4.6 106.29 116.80 223.09 OK
r-release-macos-arm64 0.4.6 82.00 NOTE
r-release-macos-x86_64 0.4.6 106.00 NOTE
r-release-windows-x86_64 0.4.6 219.00 191.00 410.00 OK
r-oldrel-macos-arm64 0.4.6 82.00 NOTE
r-oldrel-macos-x86_64 0.4.6 120.00 NOTE
r-oldrel-windows-ix86+x86_64 0.4.6 251.00 238.00 489.00 OK

Additional issues

clang14

Check Details

Version: 0.4.6
Check: whether package can be installed
Result: WARN
    Found the following significant warnings:
     basic-misc.cpp:29:7: warning: use of bitwise '&' with boolean operands [-Wbitwise-instead-of-logical]
Flavors: r-devel-linux-x86_64-debian-clang, r-devel-linux-x86_64-fedora-clang

Version: 0.4.6
Check: installed package size
Result: NOTE
     installed size is 7.0Mb
     sub-directories of 1Mb or more:
     libs 6.2Mb
Flavors: r-release-macos-arm64, r-release-macos-x86_64, r-oldrel-macos-arm64, r-oldrel-macos-x86_64