CRAN Package Check Results for Package bnclassify

Last updated on 2020-07-13 13:48:29 CEST.

Flavor Version Tinstall Tcheck Ttotal Status Flags
r-devel-linux-x86_64-debian-clang 0.4.5 133.52 105.86 239.38 OK
r-devel-linux-x86_64-debian-gcc 0.4.5 85.29 72.99 158.28 OK
r-devel-linux-x86_64-fedora-clang 0.4.5 296.35 NOTE
r-devel-linux-x86_64-fedora-gcc 0.4.5 266.18 OK
r-devel-windows-ix86+x86_64 0.4.5 265.00 231.00 496.00 OK
r-patched-linux-x86_64 0.4.5 98.85 101.92 200.77 OK
r-patched-solaris-x86 0.4.5 237.10 OK
r-release-linux-x86_64 0.4.5 99.32 101.35 200.67 OK
r-release-macos-x86_64 0.4.5 ERROR
r-release-windows-ix86+x86_64 0.4.5 262.00 172.00 434.00 OK
r-oldrel-macos-x86_64 0.4.5 NOTE
r-oldrel-windows-ix86+x86_64 0.4.5 261.00 166.00 427.00 OK

Check Details

Version: 0.4.5
Check: installed package size
Result: NOTE
     installed size is 8.2Mb
     sub-directories of 1Mb or more:
     libs 7.3Mb
Flavors: r-devel-linux-x86_64-fedora-clang, r-oldrel-macos-x86_64

Version: 0.4.5
Check: whether package can be installed
Result: ERROR
    Installation failed.
Flavor: r-release-macos-x86_64