CRAN Package Check Results for Package bnclassify

Last updated on 2019-12-09 13:49:39 CET.

Flavor Version Tinstall Tcheck Ttotal Status Flags
r-devel-linux-x86_64-debian-clang 0.4.3 124.79 113.90 238.69 OK
r-devel-linux-x86_64-debian-gcc 0.4.3 70.89 78.99 149.88 OK
r-devel-linux-x86_64-fedora-clang 0.4.3 283.87 NOTE
r-devel-linux-x86_64-fedora-gcc 0.4.3 277.13 OK
r-devel-windows-ix86+x86_64 0.4.3 222.00 144.00 366.00 ERROR
r-devel-windows-ix86+x86_64-gcc8 0.4.3 230.00 196.00 426.00 OK
r-patched-linux-x86_64 0.4.3 94.55 101.73 196.28 OK
r-patched-solaris-x86 0.4.3 232.80 OK
r-release-linux-x86_64 0.4.3 94.82 103.55 198.37 OK
r-release-windows-ix86+x86_64 0.4.3 238.00 178.00 416.00 OK
r-release-osx-x86_64 0.4.3 NOTE
r-oldrel-windows-ix86+x86_64 0.4.3 193.00 182.00 375.00 OK
r-oldrel-osx-x86_64 0.4.3 NOTE

Check Details

Version: 0.4.3
Check: installed package size
Result: NOTE
     installed size is 7.1Mb
     sub-directories of 1Mb or more:
     libs 6.2Mb
Flavors: r-devel-linux-x86_64-fedora-clang, r-release-osx-x86_64, r-oldrel-osx-x86_64

Version: 0.4.3
Check: running tests for arch ‘i386’
Result: ERROR
     Running 'testthat.R' [0s]
Flavor: r-devel-windows-ix86+x86_64

Version: 0.4.3
Check: re-building of vignette outputs
Result: WARN
    Error(s) in re-building vignettes:
    --- re-building 'methods.Rmd' using rmarkdown
    Error: processing vignette 'methods.Rmd' failed with diagnostics:
    there is no package called 'stringi'
    --- failed re-building 'methods.Rmd'
    
    --- re-building 'overview.Rmd' using rmarkdown
    Error: processing vignette 'overview.Rmd' failed with diagnostics:
    there is no package called 'stringi'
    --- failed re-building 'overview.Rmd'
    
    --- re-building 'usage.rmd' using rmarkdown
    Error: processing vignette 'usage.rmd' failed with diagnostics:
    there is no package called 'stringi'
    --- failed re-building 'usage.rmd'
    
    SUMMARY: processing the following files failed:
     'methods.Rmd' 'overview.Rmd' 'usage.rmd'
    
    Error: Vignette re-building failed.
    Execution halted
Flavor: r-devel-windows-ix86+x86_64