CRAN Package Check Results for Package bnlearn

Last updated on 2018-04-26 05:49:40 CEST.

Flavor Version Tinstall Tcheck Ttotal Status Flags
r-devel-linux-x86_64-debian-clang 4.3 35.79 67.72 103.51 WARN
r-devel-linux-x86_64-debian-gcc 4.3 28.71 62.19 90.90 OK
r-devel-linux-x86_64-fedora-clang 4.3 138.31 WARN
r-devel-linux-x86_64-fedora-gcc 4.3 130.84 OK
r-devel-windows-ix86+x86_64 4.3 162.00 100.00 262.00 OK
r-patched-linux-x86_64 4.3 32.49 77.67 110.16 OK
r-patched-solaris-x86 4.3 187.60 OK
r-release-linux-x86_64 4.3 34.33 77.75 112.08 OK
r-release-windows-ix86+x86_64 4.3 162.00 100.00 262.00 OK
r-release-osx-x86_64 4.3 WARN
r-oldrel-windows-ix86+x86_64 4.3 124.00 145.00 269.00 OK
r-oldrel-osx-x86_64 4.3 OK

Additional issues

rchk

Check Details

Version: 4.3
Check: whether package can be installed
Result: WARN
    Found the following significant warnings:
     conditional.least.squares.c:232:20: warning: absolute value function 'fabs' given an argument of type 'long double' but has parameter of type 'double' which may cause truncation of value [-Wabsolute-value]
     conditional.least.squares.c:233:20: warning: absolute value function 'fabs' given an argument of type 'long double' but has parameter of type 'double' which may cause truncation of value [-Wabsolute-value]
     conditional.least.squares.c:234:20: warning: absolute value function 'fabs' given an argument of type 'long double' but has parameter of type 'double' which may cause truncation of value [-Wabsolute-value]
Flavors: r-devel-linux-x86_64-debian-clang, r-devel-linux-x86_64-fedora-clang, r-release-osx-x86_64