CRAN Package Check Results for Package bnlearn

Last updated on 2017-02-23 23:49:18.

Flavor Version Tinstall Tcheck Ttotal Status Flags
r-devel-linux-x86_64-debian-clang 4.1 17.55 45.29 62.84 NOTE
r-devel-linux-x86_64-debian-gcc 4.1 15.99 44.89 60.88 NOTE
r-devel-linux-x86_64-fedora-clang 4.1 109.63 NOTE --no-stop-on-test-error
r-devel-linux-x86_64-fedora-gcc 4.1 103.85 NOTE --no-stop-on-test-error
r-devel-macos-x86_64-clang 4.1 87.99 NOTE --no-stop-on-test-error
r-devel-windows-ix86+x86_64 4.1 140.00 119.00 259.00 OK
r-patched-linux-x86_64 4.1 14.01 41.58 55.59 OK
r-patched-solaris-sparc 4.1 619.10 OK
r-patched-solaris-x86 4.1 116.10 OK
r-release-linux-x86_64 4.1 13.89 42.22 56.11 OK
r-release-osx-x86_64-mavericks 4.1 OK
r-release-windows-ix86+x86_64 4.1 119.00 110.00 229.00 OK
r-oldrel-windows-ix86+x86_64 4.1 229.00 112.00 341.00 OK

Check Details

Version: 4.1
Check: compiled code
Result: NOTE
    File ‘bnlearn/libs/bnlearn.so’:
     Found no calls to: ‘R_registerRoutines’, ‘R_useDynamicSymbols’
    
    It is good practice to register native routines and to disable symbol
    search.
    
    See ‘Writing portable packages’ in the ‘Writing R Extensions’ manual.
Flavors: r-devel-linux-x86_64-debian-clang, r-devel-linux-x86_64-debian-gcc

Version: 4.1
Flags: --no-stop-on-test-error
Check: compiled code
Result: NOTE
    File ‘bnlearn/libs/bnlearn.so’:
     Found no calls to: ‘R_registerRoutines’, ‘R_useDynamicSymbols’
    
    It is good practice to register native routines and to disable symbol
    search.
    
    See ‘Writing portable packages’ in the ‘Writing R Extensions’ manual.
Flavors: r-devel-linux-x86_64-fedora-clang, r-devel-linux-x86_64-fedora-gcc, r-devel-macos-x86_64-clang