CRAN Package Check Results for Package bnlearn

Last updated on 2014-12-23 01:48:58.

Flavor Version Tinstall Tcheck Ttotal Status Flags
r-devel-linux-x86_64-debian-clang 3.6 9.35 40.98 50.33 NOTE
r-devel-linux-x86_64-debian-gcc 3.6 11.50 37.62 49.12 NOTE
r-devel-linux-x86_64-fedora-clang 3.6 96.71 NOTE
r-devel-linux-x86_64-fedora-gcc 3.6 92.36 NOTE
r-devel-osx-x86_64-clang 3.6 85.89 NOTE
r-devel-windows-ix86+x86_64 3.6 81.00 63.00 144.00 NOTE
r-patched-linux-x86_64 3.6 11.44 40.20 51.64 NOTE
r-patched-solaris-sparc 3.6 602.60 NOTE
r-patched-solaris-x86 3.6 129.90 NOTE
r-release-linux-ix86 3.6 14.86 48.76 63.62 NOTE
r-release-linux-x86_64 3.6 11.48 40.06 51.54 NOTE
r-release-osx-x86_64-mavericks 3.6 NOTE
r-release-osx-x86_64-snowleopard 3.6 OK
r-release-windows-ix86+x86_64 3.6 76.00 69.00 145.00 NOTE
r-oldrel-windows-ix86+x86_64 3.6 80.00 69.00 149.00 OK

Check Details

Version: 3.6
Check: R code for possible problems
Result: NOTE
    arc.strength.boot: no visible global function definition for
     ‘parLapply’
    as.bn.graphNEL: no visible global function definition for ‘edges’
    as.grain.bn.fit: no visible global function definition for ‘cptable’
    as.grain.bn.fit: no visible global function definition for ‘grain’
    as.grain.bn.fit: no visible global function definition for ‘compileCPT’
    bnlearn: no visible global function definition for ‘clusterEvalQ’
    bootstrap.backend: no visible global function definition for
     ‘parLapply’
    conditional.probability.query: no visible global function definition
     for ‘parSapply’
    conditional.probability.query: no visible global function definition
     for ‘parLapply’
    crossvalidation: no visible global function definition for ‘parLapply’
    fast.incremental.association.cluster: no visible global function
     definition for ‘parLapply’
    graphviz.backend: no visible global function definition for ‘graph.par’
    graphviz.backend: no visible global function definition for
     ‘layoutGraph’
    graphviz.backend: no visible global function definition for
     ‘edgeRenderInfo’
    graphviz.backend: no visible global function definition for
     ‘edgeRenderInfo<-’
    graphviz.backend: no visible global function definition for
     ‘nodeRenderInfo’
    graphviz.backend: no visible global function definition for
     ‘nodeRenderInfo<-’
    graphviz.backend: no visible global function definition for
     ‘renderGraph’
    grow.shrink.cluster: no visible global function definition for
     ‘parLapply’
    incremental.association.cluster: no visible global function definition
     for ‘parLapply’
    inter.incremental.association.cluster: no visible global function
     definition for ‘parLapply’
    isClusterRunning: no visible global function definition for
     ‘clusterEvalQ’
    lattice.discrete.backend: no visible global function definition for
     ‘barchart’
    lattice.discrete.backend : <anonymous>: no visible global function
     definition for ‘panel.grid’
    lattice.discrete.backend : <anonymous>: no visible global function
     definition for ‘panel.barchart’
    lattice.discrete.backend: no visible global function definition for
     ‘dotplot’
    lattice.discrete.backend : <anonymous>: no visible global function
     definition for ‘panel.dotplot’
    lattice.gaussian.backend: no visible global function definition for
     ‘qqmath’
    lattice.gaussian.backend : <anonymous>: no visible global function
     definition for ‘panel.qqmathline’
    lattice.gaussian.backend : <anonymous>: no visible global function
     definition for ‘panel.qqmath’
    lattice.gaussian.backend: no visible global function definition for
     ‘histogram’
    lattice.gaussian.backend : <anonymous>: no visible global function
     definition for ‘panel.histogram’
    lattice.gaussian.backend : <anonymous>: no visible global function
     definition for ‘panel.mathdensity’
    lattice.gaussian.backend : <anonymous>: no visible global function
     definition for ‘panel.number’
    lattice.gaussian.backend: no visible global function definition for
     ‘xyplot’
    lattice.gaussian.backend : <anonymous>: no visible global function
     definition for ‘panel.xyplot’
    lattice.gaussian.backend : <anonymous>: no visible global function
     definition for ‘panel.abline’
    maxmin.pc.cluster: no visible global function definition for
     ‘parLapply’
    si.hiton.pc.cluster: no visible global function definition for
     ‘parLapply’
    slaves.setup: no visible global function definition for ‘clusterEvalQ’
Flavors: r-devel-linux-x86_64-debian-clang, r-devel-linux-x86_64-debian-gcc, r-devel-linux-x86_64-fedora-clang, r-devel-linux-x86_64-fedora-gcc, r-devel-osx-x86_64-clang, r-devel-windows-ix86+x86_64, r-patched-linux-x86_64, r-patched-solaris-sparc, r-patched-solaris-x86, r-release-linux-ix86, r-release-linux-x86_64, r-release-windows-ix86+x86_64

Version: 3.6
Check: package dependencies
Result: NOTE
    Packages suggested but not available for checking:
     ‘graph’ ‘Rgraphviz’ ‘gRain’
Flavor: r-release-osx-x86_64-mavericks

Version: 3.6
Check: R code for possible problems
Result: NOTE
    as.bn.graphNEL: no visible global function definition for ‘edges’
    as.grain.bn.fit: no visible global function definition for ‘cptable’
    as.grain.bn.fit: no visible global function definition for ‘grain’
    as.grain.bn.fit: no visible global function definition for ‘compileCPT’
    graphviz.backend: no visible global function definition for ‘graph.par’
    graphviz.backend: no visible global function definition for
     ‘layoutGraph’
    graphviz.backend: no visible global function definition for
     ‘edgeRenderInfo’
    graphviz.backend: no visible global function definition for
     ‘edgeRenderInfo<-’
    graphviz.backend: no visible global function definition for
     ‘nodeRenderInfo’
    graphviz.backend: no visible global function definition for
     ‘nodeRenderInfo<-’
    graphviz.backend: no visible global function definition for
     ‘renderGraph’
Flavor: r-release-osx-x86_64-mavericks