CRAN Package Check Results for Package bnlearn

Last updated on 2020-02-19 04:49:51 CET.

Flavor Version Tinstall Tcheck Ttotal Status Flags
r-devel-linux-x86_64-debian-clang 4.5 45.94 91.37 137.31 NOTE
r-devel-linux-x86_64-debian-gcc 4.5 27.92 68.42 96.34 NOTE
r-devel-linux-x86_64-fedora-clang 4.5 167.82 NOTE
r-devel-linux-x86_64-fedora-gcc 4.5 162.69 NOTE
r-devel-windows-ix86+x86_64 4.5 127.00 108.00 235.00 NOTE
r-devel-windows-ix86+x86_64-gcc8 4.5 181.00 152.00 333.00 NOTE
r-patched-linux-x86_64 4.5 32.68 80.04 112.72 NOTE
r-patched-solaris-x86 4.5 195.20 NOTE
r-release-linux-x86_64 4.5 30.55 80.65 111.20 NOTE
r-release-windows-ix86+x86_64 4.5 117.00 108.00 225.00 NOTE
r-release-osx-x86_64 4.5 NOTE
r-oldrel-windows-ix86+x86_64 4.5 124.00 105.00 229.00 OK
r-oldrel-osx-x86_64 4.5 OK

Additional issues

rchk

Check Details

Version: 4.5
Check: dependencies in R code
Result: NOTE
    Missing or unexported object: 'gRain::grain.CPTspec'
Flavors: r-devel-linux-x86_64-debian-clang, r-devel-linux-x86_64-debian-gcc, r-devel-linux-x86_64-fedora-clang, r-devel-linux-x86_64-fedora-gcc, r-devel-windows-ix86+x86_64, r-devel-windows-ix86+x86_64-gcc8, r-patched-linux-x86_64, r-patched-solaris-x86, r-release-linux-x86_64, r-release-windows-ix86+x86_64

Version: 4.5
Check: package dependencies
Result: NOTE
    Packages suggested but not available for checking:
     'graph', 'Rgraphviz', 'gRain'
Flavor: r-release-osx-x86_64