CRAN Package Check Results for Package bnlearn

Last updated on 2014-10-23 20:47:16.

Flavor Version Tinstall Tcheck Ttotal Status Flags
r-devel-linux-x86_64-debian-clang 3.6 9.42 39.14 48.56 NOTE
r-devel-linux-x86_64-debian-gcc 3.6 11.44 38.73 50.17 NOTE
r-devel-linux-x86_64-fedora-clang 3.6 95.42 NOTE
r-devel-linux-x86_64-fedora-gcc 3.6 92.51 NOTE
r-devel-osx-x86_64-clang 3.6 86.64 NOTE
r-devel-windows-ix86+x86_64 3.6 70.00 64.00 134.00 NOTE
r-patched-linux-x86_64 3.6 11.70 41.60 53.29 NOTE
r-patched-solaris-sparc 3.6 568.40 NOTE
r-patched-solaris-x86 3.6 132.60 NOTE
r-release-linux-ix86 3.6 15.74 54.86 70.61 OK
r-release-linux-x86_64 3.6 11.30 43.16 54.47 OK
r-release-osx-x86_64-mavericks 3.6 NOTE
r-release-osx-x86_64-snowleopard 3.6 OK
r-release-windows-ix86+x86_64 3.6 75.00 68.00 143.00 OK
r-oldrel-windows-ix86+x86_64 3.6 77.00 64.00 141.00 OK

Check Details

Version: 3.6
Check: R code for possible problems
Result: NOTE
    arc.strength.boot: no visible global function definition for
     ‘parLapply’
    as.bn.graphNEL: no visible global function definition for ‘edges’
    as.grain.bn.fit: no visible global function definition for ‘cptable’
    as.grain.bn.fit: no visible global function definition for ‘grain’
    as.grain.bn.fit: no visible global function definition for ‘compileCPT’
    bnlearn: no visible global function definition for ‘clusterEvalQ’
    bootstrap.backend: no visible global function definition for
     ‘parLapply’
    conditional.probability.query: no visible global function definition
     for ‘parSapply’
    conditional.probability.query: no visible global function definition
     for ‘parLapply’
    crossvalidation: no visible global function definition for ‘parLapply’
    fast.incremental.association.cluster: no visible global function
     definition for ‘parLapply’
    graphviz.backend: no visible global function definition for ‘graph.par’
    graphviz.backend: no visible global function definition for
     ‘layoutGraph’
    graphviz.backend: no visible global function definition for
     ‘edgeRenderInfo’
    graphviz.backend: no visible global function definition for
     ‘edgeRenderInfo<-’
    graphviz.backend: no visible global function definition for
     ‘nodeRenderInfo’
    graphviz.backend: no visible global function definition for
     ‘nodeRenderInfo<-’
    graphviz.backend: no visible global function definition for
     ‘renderGraph’
    grow.shrink.cluster: no visible global function definition for
     ‘parLapply’
    incremental.association.cluster: no visible global function definition
     for ‘parLapply’
    inter.incremental.association.cluster: no visible global function
     definition for ‘parLapply’
    isClusterRunning: no visible global function definition for
     ‘clusterEvalQ’
    lattice.discrete.backend: no visible global function definition for
     ‘barchart’
    lattice.discrete.backend : <anonymous>: no visible global function
     definition for ‘panel.grid’
    lattice.discrete.backend : <anonymous>: no visible global function
     definition for ‘panel.barchart’
    lattice.discrete.backend: no visible global function definition for
     ‘dotplot’
    lattice.discrete.backend : <anonymous>: no visible global function
     definition for ‘panel.dotplot’
    lattice.gaussian.backend: no visible global function definition for
     ‘qqmath’
    lattice.gaussian.backend : <anonymous>: no visible global function
     definition for ‘panel.qqmathline’
    lattice.gaussian.backend : <anonymous>: no visible global function
     definition for ‘panel.qqmath’
    lattice.gaussian.backend: no visible global function definition for
     ‘histogram’
    lattice.gaussian.backend : <anonymous>: no visible global function
     definition for ‘panel.histogram’
    lattice.gaussian.backend : <anonymous>: no visible global function
     definition for ‘panel.mathdensity’
    lattice.gaussian.backend : <anonymous>: no visible global function
     definition for ‘panel.number’
    lattice.gaussian.backend: no visible global function definition for
     ‘xyplot’
    lattice.gaussian.backend : <anonymous>: no visible global function
     definition for ‘panel.xyplot’
    lattice.gaussian.backend : <anonymous>: no visible global function
     definition for ‘panel.abline’
    maxmin.pc.cluster: no visible global function definition for
     ‘parLapply’
    si.hiton.pc.cluster: no visible global function definition for
     ‘parLapply’
    slaves.setup: no visible global function definition for ‘clusterEvalQ’
Flavors: r-devel-linux-x86_64-debian-clang, r-devel-linux-x86_64-debian-gcc, r-devel-linux-x86_64-fedora-clang, r-devel-linux-x86_64-fedora-gcc, r-devel-osx-x86_64-clang, r-devel-windows-ix86+x86_64, r-patched-linux-x86_64, r-patched-solaris-sparc, r-patched-solaris-x86

Version: 3.6
Check: package dependencies
Result: NOTE
    Packages suggested but not available for checking:
     ‘graph’ ‘Rgraphviz’ ‘gRain’
Flavor: r-release-osx-x86_64-mavericks

Version: 3.6
Check: R code for possible problems
Result: NOTE
    as.bn.graphNEL: no visible global function definition for ‘edges’
    as.grain.bn.fit: no visible global function definition for ‘cptable’
    as.grain.bn.fit: no visible global function definition for ‘grain’
    as.grain.bn.fit: no visible global function definition for ‘compileCPT’
    graphviz.backend: no visible global function definition for ‘graph.par’
    graphviz.backend: no visible global function definition for
     ‘layoutGraph’
    graphviz.backend: no visible global function definition for
     ‘edgeRenderInfo’
    graphviz.backend: no visible global function definition for
     ‘edgeRenderInfo<-’
    graphviz.backend: no visible global function definition for
     ‘nodeRenderInfo’
    graphviz.backend: no visible global function definition for
     ‘nodeRenderInfo<-’
    graphviz.backend: no visible global function definition for
     ‘renderGraph’
Flavor: r-release-osx-x86_64-mavericks