CRAN Package Check Results for Package bnlearn

Last updated on 2015-07-07 06:46:25.

Flavor Version Tinstall Tcheck Ttotal Status Flags
r-devel-linux-x86_64-debian-clang 3.8.1 11.79 40.01 51.80 NOTE
r-devel-linux-x86_64-debian-gcc 3.8.1 13.56 39.16 52.73 NOTE
r-devel-linux-x86_64-fedora-clang 3.8.1 96.50 NOTE
r-devel-linux-x86_64-fedora-gcc 3.8.1 95.26 NOTE
r-devel-osx-x86_64-clang 3.8.1 85.75 OK
r-devel-windows-ix86+x86_64 3.8.1 119.00 71.00 190.00 NOTE
r-patched-linux-x86_64 3.8.1 13.58 39.66 53.24 OK
r-patched-solaris-sparc 3.8.1 612.20 OK
r-patched-solaris-x86 3.8.1 134.80 OK
r-release-linux-x86_64 3.8.1 13.52 39.96 53.48 OK
r-release-osx-x86_64-mavericks 3.8.1 OK
r-release-windows-ix86+x86_64 3.8.1 113.00 73.00 186.00 OK
r-oldrel-windows-ix86+x86_64 3.8.1 133.00 74.00 207.00 OK

Check Details

Version: 3.8.1
Check: R code for possible problems
Result: NOTE
    as.grain.bn.fit: no visible global function definition for ‘formula’
    as.graphAM.bn: no visible global function definition for ‘new’
    as.graphAM.bn.fit: no visible global function definition for ‘new’
    as.graphNEL.bn: no visible global function definition for ‘new’
    as.graphNEL.bn.fit: no visible global function definition for ‘new’
    check.colour: no visible global function definition for ‘col2rgb’
    custom.fit.backend: no visible global function definition for
     ‘coefficients’
    custom.fit.backend: no visible global function definition for
     ‘residuals’
    fitted.assignment.backend: no visible global function definition for
     ‘coefficients’
    fitted.assignment.backend: no visible global function definition for
     ‘residuals’
    fitted.assignment.backend: no visible global function definition for
     ‘fitted’
    graphviz.backend: no visible global function definition for ‘new’
    kfold.loss.postprocess: no visible global function definition for ‘cor’
    kfold.loss.postprocess: no visible global function definition for
     ‘weighted.mean’
    lattice.gaussian.backend : <anonymous>: no visible binding for global
     variable ‘dnorm’
    lattice.gaussian.backend: no visible global function definition for
     ‘formula’
    lattice.gaussian.backend : <anonymous>: no visible global function
     definition for ‘sd’
    missing.data: no visible global function definition for
     ‘complete.cases’
    plot.bn: no visible global function definition for ‘colors’
    plot.bn: no visible binding for global variable ‘plot’
    plot.bn : <anonymous>: no visible global function definition for
     ‘arrows’
    plot.bn: no visible global function definition for ‘points’
    plot.bn: no visible global function definition for ‘text’
    plot.bn.strength: no visible binding for global variable ‘plot’
    plot.bn.strength: no visible global function definition for ‘ecdf’
    plot.bn.strength: no visible global function definition for ‘abline’
    predictive.correlation: no visible global function definition for ‘cor’
    quantile.discretization : <anonymous>: no visible global function
     definition for ‘quantile’
    strength2lwd: no visible global function definition for ‘quantile’
    threshold: no visible global function definition for ‘ecdf’
    threshold: no visible global function definition for ‘knots’
    threshold: no visible global function definition for ‘optimize’
    threshold: no visible global function definition for ‘quantile’
    underlined: no visible global function definition for ‘text’
    underlined: no visible global function definition for ‘strwidth’
    underlined: no visible global function definition for ‘strheight’
    underlined: no visible global function definition for ‘lines’
    Undefined global functions or variables:
     abline arrows coefficients col2rgb colors complete.cases cor dnorm
     ecdf fitted formula knots lines new optimize plot points quantile
     residuals sd strheight strwidth text weighted.mean
Flavors: r-devel-linux-x86_64-debian-clang, r-devel-linux-x86_64-debian-gcc, r-devel-linux-x86_64-fedora-clang, r-devel-linux-x86_64-fedora-gcc, r-devel-windows-ix86+x86_64