CRAN Package Check Results for Package bnlearn

Last updated on 2015-04-26 19:47:13.

Flavor Version Tinstall Tcheck Ttotal Status Flags
r-devel-linux-x86_64-debian-clang 3.7.1 11.04 40.16 51.21 NOTE
r-devel-linux-x86_64-debian-gcc 3.7.1 12.66 41.16 53.81 NOTE
r-devel-linux-x86_64-fedora-clang 3.7.1 95.59 NOTE
r-devel-linux-x86_64-fedora-gcc 3.7.1 91.42 NOTE
r-devel-osx-x86_64-clang 3.7.1 84.83 NOTE
r-devel-windows-ix86+x86_64 3.7.1 100.00 71.00 171.00 OK
r-patched-linux-x86_64 3.7.1 13.09 39.72 52.81 NOTE
r-patched-solaris-sparc 3.7.1 607.00 OK
r-patched-solaris-x86 3.7.1 130.70 NOTE
r-release-linux-x86_64 3.7.1 12.77 39.66 52.43 NOTE
r-release-osx-x86_64-mavericks 3.7.1 OK
r-release-osx-x86_64-snowleopard 3.7.1 NOTE
r-release-windows-ix86+x86_64 3.7.1 91.00 66.00 157.00 OK
r-oldrel-windows-ix86+x86_64 3.7.1 67.00 67.00 134.00 OK

Memtest notes: UBSAN-gcc valgrind

Check Details

Version: 3.7.1
Check: S3 generic/method consistency
Result: NOTE
    Found the following apparent S3 methods exported but not registered:
     as.bn.fit
    See section ‘Registering S3 methods’ in the ‘Writing R Extensions’
    manual.
Flavors: r-devel-linux-x86_64-debian-clang, r-devel-linux-x86_64-fedora-clang, r-devel-linux-x86_64-fedora-gcc, r-devel-osx-x86_64-clang, r-patched-solaris-x86

Version: 3.7.1
Check: package dependencies
Result: NOTE
    Packages suggested but not available for checking:
     ‘graph’ ‘Rgraphviz’ ‘gRain’
Flavor: r-release-osx-x86_64-snowleopard