CRAN Package Check Results for Package bnlearn

Last updated on 2017-03-24 23:55:33.

Flavor Version Tinstall Tcheck Ttotal Status Flags
r-devel-linux-x86_64-debian-clang 4.1 18.13 44.78 62.91 NOTE
r-devel-linux-x86_64-debian-gcc 4.1 15.51 44.54 60.06 NOTE
r-devel-linux-x86_64-fedora-clang 4.1 113.87 NOTE --no-stop-on-test-error
r-devel-linux-x86_64-fedora-gcc 4.1 107.26 NOTE --no-stop-on-test-error
r-devel-macos-x86_64-clang 4.1 87.11 NOTE --no-stop-on-test-error
r-devel-windows-ix86+x86_64 4.1 106.00 147.00 253.00 OK
r-patched-linux-x86_64 4.1 13.80 41.19 54.99 OK
r-patched-solaris-sparc 4.1 715.30 OK
r-patched-solaris-x86 4.1 155.70 OK
r-release-linux-x86_64 4.1 13.79 41.22 55.01 OK
r-release-osx-x86_64-mavericks 4.1 OK
r-release-windows-ix86+x86_64 4.1 140.00 86.00 226.00 OK
r-oldrel-windows-ix86+x86_64 4.1 96.00 79.00 175.00 OK

Check Details

Version: 4.1
Check: compiled code
Result: NOTE
    File ‘bnlearn/libs/bnlearn.so’:
     Found no calls to: ‘R_registerRoutines’, ‘R_useDynamicSymbols’
    
    It is good practice to register native routines and to disable symbol
    search.
    
    See ‘Writing portable packages’ in the ‘Writing R Extensions’ manual.
Flavors: r-devel-linux-x86_64-debian-clang, r-devel-linux-x86_64-debian-gcc

Version: 4.1
Flags: --no-stop-on-test-error
Check: compiled code
Result: NOTE
    File ‘bnlearn/libs/bnlearn.so’:
     Found no calls to: ‘R_registerRoutines’, ‘R_useDynamicSymbols’
    
    It is good practice to register native routines and to disable symbol
    search.
    
    See ‘Writing portable packages’ in the ‘Writing R Extensions’ manual.
Flavors: r-devel-linux-x86_64-fedora-clang, r-devel-linux-x86_64-fedora-gcc, r-devel-macos-x86_64-clang