CRAN Package Check Results for Package bnlearn

Last updated on 2014-04-24 23:47:59.

Flavor Version Tinstall Tcheck Ttotal Status Flags
r-devel-linux-x86_64-debian-clang 3.5 7.57 45.85 53.42 OK
r-devel-linux-x86_64-debian-gcc 3.5 9.37 46.04 55.41 OK
r-devel-linux-x86_64-fedora-clang 3.5 101.24 OK
r-devel-linux-x86_64-fedora-gcc 3.5 99.00 OK
r-devel-osx-x86_64-clang 3.5 79.35 OK
r-devel-osx-x86_64-gcc 3.5 NOTE
r-devel-windows-ix86+x86_64 3.5 61.00 68.00 129.00 OK
r-patched-linux-x86_64 3.5 9.54 45.82 55.36 OK
r-patched-solaris-sparc 3.5 599.50 OK
r-patched-solaris-x86 3.5 126.20 OK
r-release-linux-ix86 3.5 18.00 73.00 91.00 OK
r-release-linux-x86_64 3.5 9.67 45.99 55.66 OK
r-release-osx-x86_64-mavericks 3.5 WARN
r-release-osx-x86_64-snowleopard 3.5 NOTE
r-release-windows-ix86+x86_64 3.5 58.00 70.00 128.00 OK
r-oldrel-windows-ix86+x86_64 3.5 61.00 72.00 133.00 OK

Check Details

Version: 3.5
Check: package dependencies
Result: NOTE
    Packages suggested but not available for checking:
     ‘graph’ ‘Rgraphviz’ ‘gRain’
Flavors: r-devel-osx-x86_64-gcc, r-release-osx-x86_64-mavericks, r-release-osx-x86_64-snowleopard

Version: 3.5
Check: R code for possible problems
Result: NOTE
    as.bn.graphNEL: no visible global function definition for ‘edges’
    as.grain.bn.fit: no visible global function definition for ‘cptable’
    as.grain.bn.fit: no visible global function definition for ‘grain’
    as.grain.bn.fit: no visible global function definition for ‘compileCPT’
    graphviz.backend: no visible global function definition for ‘graph.par’
    graphviz.backend: no visible global function definition for
     ‘layoutGraph’
    graphviz.backend: no visible global function definition for
     ‘edgeRenderInfo’
    graphviz.backend: no visible global function definition for
     ‘edgeRenderInfo<-’
    graphviz.backend: no visible global function definition for
     ‘nodeRenderInfo’
    graphviz.backend: no visible global function definition for
     ‘nodeRenderInfo<-’
    graphviz.backend: no visible global function definition for
     ‘renderGraph’
Flavors: r-devel-osx-x86_64-gcc, r-release-osx-x86_64-mavericks, r-release-osx-x86_64-snowleopard

Version: 3.5
Check: PDF version of manual
Result: WARNING
    LaTeX errors when creating PDF version.
    This typically indicates Rd problems.
    LaTeX errors found:
    ! LaTeX Error: File `upquote.sty' not found.
    
    Type X to quit or <RETURN> to proceed,
    or enter new name. (Default extension: sty)
    
    25394c35/Rd2.tex:8: ==> Fatal error occurred, no output PDF file produced!
Flavor: r-release-osx-x86_64-mavericks