CRAN Package Check Results for Package bnlearn

Last updated on 2014-07-24 15:52:16.

Flavor Version Tinstall Tcheck Ttotal Status Flags
r-devel-linux-x86_64-debian-clang 3.6 8.72 42.02 50.73 OK
r-devel-linux-x86_64-debian-gcc 3.6 11.47 41.66 53.12 OK
r-devel-linux-x86_64-fedora-clang 3.6 103.56 OK
r-devel-linux-x86_64-fedora-gcc 3.6 102.10 OK
r-devel-osx-x86_64-clang 3.6 86.24 OK
r-devel-windows-ix86+x86_64 3.6 77.00 65.00 142.00 OK
r-patched-linux-x86_64 3.6 11.35 43.21 54.56 OK
r-patched-solaris-sparc 3.6 566.00 OK
r-patched-solaris-x86 3.6 134.80 OK
r-release-linux-ix86 3.6 15.77 54.33 70.10 OK
r-release-linux-x86_64 3.6 11.35 42.23 53.58 OK
r-release-osx-x86_64-mavericks 3.6 NOTE
r-release-osx-x86_64-snowleopard 3.6 OK
r-release-windows-ix86+x86_64 3.6 78.00 65.00 143.00 OK
r-oldrel-windows-ix86+x86_64 3.6 82.00 67.00 149.00 OK

Check Details

Version: 3.6
Check: package dependencies
Result: NOTE
    Packages suggested but not available for checking:
     ‘graph’ ‘Rgraphviz’ ‘gRain’
Flavor: r-release-osx-x86_64-mavericks

Version: 3.6
Check: R code for possible problems
Result: NOTE
    as.bn.graphNEL: no visible global function definition for ‘edges’
    as.grain.bn.fit: no visible global function definition for ‘cptable’
    as.grain.bn.fit: no visible global function definition for ‘grain’
    as.grain.bn.fit: no visible global function definition for ‘compileCPT’
    graphviz.backend: no visible global function definition for ‘graph.par’
    graphviz.backend: no visible global function definition for
     ‘layoutGraph’
    graphviz.backend: no visible global function definition for
     ‘edgeRenderInfo’
    graphviz.backend: no visible global function definition for
     ‘edgeRenderInfo<-’
    graphviz.backend: no visible global function definition for
     ‘nodeRenderInfo’
    graphviz.backend: no visible global function definition for
     ‘nodeRenderInfo<-’
    graphviz.backend: no visible global function definition for
     ‘renderGraph’
Flavor: r-release-osx-x86_64-mavericks