CRAN Package Check Results for Package bnlearn

Last updated on 2019-08-20 07:48:01 CEST.

Flavor Version Tinstall Tcheck Ttotal Status Flags
r-devel-linux-x86_64-debian-clang 4.5 41.31 82.10 123.41 OK
r-devel-linux-x86_64-debian-gcc 4.5 28.85 63.76 92.61 OK
r-devel-linux-x86_64-fedora-clang 4.5 153.32 OK
r-devel-linux-x86_64-fedora-gcc 4.5 142.39 OK
r-devel-windows-ix86+x86_64 4.5 185.00 148.00 333.00 OK
r-patched-linux-x86_64 4.5 32.11 82.02 114.13 OK
r-patched-solaris-x86 4.5 188.50 OK
r-release-linux-x86_64 4.5 31.02 83.32 114.34 OK
r-release-windows-ix86+x86_64 4.5 125.00 114.00 239.00 OK
r-release-osx-x86_64 4.5 NOTE
r-oldrel-windows-ix86+x86_64 4.5 255.00 148.00 403.00 OK
r-oldrel-osx-x86_64 4.5 OK

Additional issues

rchk

Check Details

Version: 4.5
Check: package dependencies
Result: NOTE
    Packages suggested but not available for checking:
     'graph', 'Rgraphviz', 'gRain'
Flavor: r-release-osx-x86_64