CRAN Package Check Results for Package bnlearn

Last updated on 2017-05-25 10:46:54.

Flavor Version Tinstall Tcheck Ttotal Status Flags
r-devel-linux-x86_64-debian-clang 4.1.1 18.50 46.19 64.69 NOTE
r-devel-linux-x86_64-debian-gcc 4.1.1 15.94 44.92 60.86 NOTE
r-devel-linux-x86_64-fedora-clang 4.1.1 111.91 NOTE --no-stop-on-test-error
r-devel-linux-x86_64-fedora-gcc 4.1.1 104.61 NOTE --no-stop-on-test-error
r-devel-windows-ix86+x86_64 4.1.1 102.00 117.00 219.00 OK
r-patched-linux-x86_64 4.1.1 14.16 44.94 59.10 NOTE
r-patched-solaris-sparc 4.1.1 630.40 OK
r-patched-solaris-x86 4.1.1 157.00 OK
r-release-linux-x86_64 4.1.1 14.65 44.43 59.08 NOTE
r-release-windows-ix86+x86_64 4.1.1 141.00 101.00 242.00 OK
r-release-osx-x86_64 4.1.1 NOTE
r-oldrel-windows-ix86+x86_64 4.1.1 136.00 112.00 248.00 OK
r-oldrel-osx-x86_64 4.1.1 OK

Additional issues

rchk

Check Details

Version: 4.1.1
Check: compiled code
Result: NOTE
    File ‘bnlearn/libs/bnlearn.so’:
     Found no calls to: ‘R_registerRoutines’, ‘R_useDynamicSymbols’
    
    It is good practice to register native routines and to disable symbol
    search.
    
    See ‘Writing portable packages’ in the ‘Writing R Extensions’ manual.
Flavors: r-devel-linux-x86_64-debian-clang, r-devel-linux-x86_64-debian-gcc, r-patched-linux-x86_64, r-release-linux-x86_64

Version: 4.1.1
Flags: --no-stop-on-test-error
Check: compiled code
Result: NOTE
    File ‘bnlearn/libs/bnlearn.so’:
     Found no calls to: ‘R_registerRoutines’, ‘R_useDynamicSymbols’
    
    It is good practice to register native routines and to disable symbol
    search.
    
    See ‘Writing portable packages’ in the ‘Writing R Extensions’ manual.
Flavors: r-devel-linux-x86_64-fedora-clang, r-devel-linux-x86_64-fedora-gcc

Version: 4.1.1
Check: package dependencies
Result: NOTE
    Packages suggested but not available for checking:
     ‘graph’ ‘Rgraphviz’ ‘gRain’
Flavor: r-release-osx-x86_64