CRAN Package Check Results for Package bnlearn

Last updated on 2015-08-30 19:46:55.

Flavor Version Tinstall Tcheck Ttotal Status Flags
r-devel-linux-x86_64-debian-clang 3.8.1 11.75 39.05 50.80 NOTE
r-devel-linux-x86_64-debian-gcc 3.8.1 13.58 38.86 52.44 NOTE
r-devel-linux-x86_64-fedora-clang 3.8.1 94.96 NOTE
r-devel-linux-x86_64-fedora-gcc 3.8.1 89.96 NOTE
r-devel-osx-x86_64-clang 3.8.1 87.36 OK
r-devel-windows-ix86+x86_64 3.8.1 137.00 75.00 212.00 NOTE
r-patched-linux-x86_64 3.8.1 13.73 40.60 54.33 OK
r-patched-solaris-sparc 3.8.1 624.00 OK
r-patched-solaris-x86 3.8.1 125.90 OK
r-release-linux-x86_64 3.8.1 13.66 39.73 53.39 OK
r-release-osx-x86_64-mavericks 3.8.1 OK
r-release-windows-ix86+x86_64 3.8.1 120.00 98.00 218.00 OK
r-oldrel-windows-ix86+x86_64 3.8.1 133.00 86.00 219.00 OK

Check Details

Version: 3.8.1
Check: R code for possible problems
Result: NOTE
    as.grain.bn.fit: no visible global function definition for ‘formula’
    as.graphAM.bn: no visible global function definition for ‘new’
    as.graphAM.bn.fit: no visible global function definition for ‘new’
    as.graphNEL.bn: no visible global function definition for ‘new’
    as.graphNEL.bn.fit: no visible global function definition for ‘new’
    check.colour: no visible global function definition for ‘col2rgb’
    custom.fit.backend: no visible global function definition for
     ‘coefficients’
    custom.fit.backend: no visible global function definition for
     ‘residuals’
    fitted.assignment.backend: no visible global function definition for
     ‘coefficients’
    fitted.assignment.backend: no visible global function definition for
     ‘residuals’
    fitted.assignment.backend: no visible global function definition for
     ‘fitted’
    graphviz.backend: no visible global function definition for ‘new’
    kfold.loss.postprocess: no visible global function definition for ‘cor’
    kfold.loss.postprocess: no visible global function definition for
     ‘weighted.mean’
    lattice.gaussian.backend : <anonymous>: no visible binding for global
     variable ‘dnorm’
    lattice.gaussian.backend: no visible global function definition for
     ‘formula’
    lattice.gaussian.backend : <anonymous>: no visible global function
     definition for ‘sd’
    missing.data: no visible global function definition for
     ‘complete.cases’
    plot.bn: no visible global function definition for ‘colors’
    plot.bn: no visible binding for global variable ‘plot’
    plot.bn : <anonymous>: no visible global function definition for
     ‘arrows’
    plot.bn: no visible global function definition for ‘points’
    plot.bn: no visible global function definition for ‘text’
    plot.bn.strength: no visible binding for global variable ‘plot’
    plot.bn.strength: no visible global function definition for ‘ecdf’
    plot.bn.strength: no visible global function definition for ‘abline’
    predictive.correlation: no visible global function definition for ‘cor’
    quantile.discretization : <anonymous>: no visible global function
     definition for ‘quantile’
    strength2lwd: no visible global function definition for ‘quantile’
    threshold: no visible global function definition for ‘ecdf’
    threshold: no visible global function definition for ‘knots’
    threshold: no visible global function definition for ‘optimize’
    threshold: no visible global function definition for ‘quantile’
    underlined: no visible global function definition for ‘text’
    underlined: no visible global function definition for ‘strwidth’
    underlined: no visible global function definition for ‘strheight’
    underlined: no visible global function definition for ‘lines’
    Undefined global functions or variables:
     abline arrows coefficients col2rgb colors complete.cases cor dnorm
     ecdf fitted formula knots lines new optimize plot points quantile
     residuals sd strheight strwidth text weighted.mean
    Consider adding
     importFrom("grDevices", "col2rgb", "colors")
     importFrom("graphics", "abline", "arrows", "lines", "plot", "points",
     "strheight", "strwidth", "text")
     importFrom("methods", "new")
     importFrom("stats", "coefficients", "complete.cases", "cor", "dnorm",
     "ecdf", "fitted", "formula", "knots", "optimize",
     "quantile", "residuals", "sd", "weighted.mean")
    to your NAMESPACE (and ensure that your DESCRIPTION Imports field
    contains 'methods').
Flavors: r-devel-linux-x86_64-debian-clang, r-devel-linux-x86_64-debian-gcc, r-devel-linux-x86_64-fedora-clang, r-devel-linux-x86_64-fedora-gcc, r-devel-windows-ix86+x86_64