CRAN Package Check Results for Package bnlearn

Last updated on 2016-09-25 21:49:54.

Flavor Version Tinstall Tcheck Ttotal Status Flags
r-devel-linux-x86_64-debian-clang 4.0 16.68 43.65 60.32 NOTE
r-devel-linux-x86_64-debian-gcc 4.0 15.29 44.68 59.97 OK
r-devel-linux-x86_64-fedora-clang 4.0 104.40 OK
r-devel-linux-x86_64-fedora-gcc 4.0 98.96 OK
r-devel-macos-x86_64-clang 4.0 83.61 OK
r-devel-windows-ix86+x86_64 4.0 107.00 124.00 231.00 OK
r-patched-linux-x86_64 4.0 13.74 43.56 57.30 OK
r-patched-solaris-sparc 4.0 654.80 OK
r-patched-solaris-x86 4.0 128.30 OK
r-release-linux-x86_64 4.0 13.53 43.38 56.90 OK
r-release-osx-x86_64-mavericks 4.0 OK
r-release-windows-ix86+x86_64 4.0 158.00 114.00 272.00 OK
r-oldrel-windows-ix86+x86_64 4.0 123.00 121.00 244.00 OK

Check Details

Version: 4.0
Check: package dependencies
Result: NOTE
    Package suggested but not available for checking: ‘gRain’
Flavor: r-devel-linux-x86_64-debian-clang