CRAN Package Check Results for Package bnlearn

Last updated on 2016-07-26 07:46:58.

Flavor Version Tinstall Tcheck Ttotal Status Flags
r-devel-linux-x86_64-debian-clang 4.0 19.28 47.87 67.15 NOTE
r-devel-linux-x86_64-debian-gcc 4.0 17.83 48.97 66.79 OK
r-devel-linux-x86_64-fedora-clang 4.0 104.15 OK
r-devel-linux-x86_64-fedora-gcc 4.0 96.44 OK
r-devel-osx-x86_64-clang 4.0 85.54 OK
r-devel-windows-ix86+x86_64 4.0 99.00 112.00 211.00 OK
r-patched-linux-x86_64 4.0 16.69 47.86 64.55 OK
r-patched-solaris-sparc 4.0 654.80 OK
r-patched-solaris-x86 4.0 129.80 OK
r-release-linux-x86_64 4.0 17.89 49.56 67.45 OK
r-release-osx-x86_64-mavericks 4.0 OK
r-release-windows-ix86+x86_64 4.0 94.00 107.00 201.00 OK
r-oldrel-windows-ix86+x86_64 4.0 141.00 109.00 250.00 OK

Check Details

Version: 4.0
Check: package dependencies
Result: NOTE
    Package suggested but not available for checking: ‘gRain’
Flavor: r-devel-linux-x86_64-debian-clang