CRAN Package Check Results for Package bnlearn

Last updated on 2015-05-30 11:50:10.

Flavor Version Tinstall Tcheck Ttotal Status Flags
r-devel-linux-x86_64-debian-clang 3.8.1 11.94 40.64 52.58 OK
r-devel-linux-x86_64-debian-gcc 3.8.1 13.16 40.13 53.30 OK
r-devel-linux-x86_64-fedora-clang 3.8.1 102.61 OK
r-devel-linux-x86_64-fedora-gcc 3.8.1 91.77 OK
r-devel-osx-x86_64-clang 3.8.1 88.90 OK
r-devel-windows-ix86+x86_64 3.8.1 92.00 66.00 158.00 OK
r-patched-linux-x86_64 3.8.1 13.50 39.54 53.04 OK
r-patched-solaris-sparc 3.8.1 612.20 OK
r-patched-solaris-x86 3.8.1 133.70 OK
r-release-linux-x86_64 3.8.1 13.36 40.50 53.85 OK
r-release-osx-x86_64-mavericks 3.8.1 OK
r-release-osx-x86_64-snowleopard 3.8.1 NOTE
r-release-windows-ix86+x86_64 3.8.1 92.00 66.00 158.00 OK
r-oldrel-windows-ix86+x86_64 3.8.1 89.00 73.00 162.00 OK

Check Details

Version: 3.8.1
Check: package dependencies
Result: NOTE
    Packages suggested but not available for checking:
     ‘graph’ ‘Rgraphviz’ ‘gRain’
Flavor: r-release-osx-x86_64-snowleopard