CRAN Package Check Results for Package bnlearn

Last updated on 2019-10-16 09:51:28 CEST.

Flavor Version Tinstall Tcheck Ttotal Status Flags
r-devel-linux-x86_64-debian-clang 4.5 45.77 82.29 128.06 OK
r-devel-linux-x86_64-debian-gcc 4.5 28.45 63.83 92.28 OK
r-devel-linux-x86_64-fedora-clang 4.5 153.23 OK
r-devel-linux-x86_64-fedora-gcc 4.5 149.81 OK
r-devel-windows-ix86+x86_64 4.5 191.00 146.00 337.00 OK
r-patched-linux-x86_64 4.5 31.30 81.62 112.92 OK
r-patched-solaris-x86 4.5 188.70 OK
r-release-linux-x86_64 4.5 30.73 81.83 112.56 OK
r-release-windows-ix86+x86_64 4.5 118.00 117.00 235.00 OK
r-release-osx-x86_64 4.5 NOTE
r-oldrel-windows-ix86+x86_64 4.5 154.00 107.00 261.00 OK
r-oldrel-osx-x86_64 4.5 OK

Additional issues

rchk

Check Details

Version: 4.5
Check: package dependencies
Result: NOTE
    Packages suggested but not available for checking:
     'graph', 'Rgraphviz', 'gRain'
Flavor: r-release-osx-x86_64