CRAN Package Check Results for Package bnlearn

Last updated on 2018-02-20 15:48:28 CET.

Flavor Version Tinstall Tcheck Ttotal Status Flags
r-devel-linux-x86_64-debian-clang 4.3 34.93 76.37 111.30 WARN
r-devel-linux-x86_64-debian-gcc 4.3 29.89 60.12 90.01 OK
r-devel-linux-x86_64-fedora-clang 4.3 136.41 WARN
r-devel-linux-x86_64-fedora-gcc 4.3 128.17 OK
r-devel-windows-ix86+x86_64 4.3 111.00 94.00 205.00 OK
r-patched-linux-x86_64 4.3 22.62 84.36 106.98 OK
r-patched-solaris-x86 4.3 168.60 OK
r-release-linux-x86_64 4.3 24.06 84.61 108.67 OK
r-release-windows-ix86+x86_64 4.3 108.00 131.00 239.00 OK
r-release-osx-x86_64 4.3 OK
r-oldrel-windows-ix86+x86_64 4.3 177.00 116.00 293.00 OK
r-oldrel-osx-x86_64 4.2 OK

Additional issues

rchk

Check Details

Version: 4.3
Check: whether package can be installed
Result: WARN
    Found the following significant warnings:
     conditional.least.squares.c:232:20: warning: absolute value function 'fabs' given an argument of type 'long double' but has parameter of type 'double' which may cause truncation of value [-Wabsolute-value]
     conditional.least.squares.c:233:20: warning: absolute value function 'fabs' given an argument of type 'long double' but has parameter of type 'double' which may cause truncation of value [-Wabsolute-value]
     conditional.least.squares.c:234:20: warning: absolute value function 'fabs' given an argument of type 'long double' but has parameter of type 'double' which may cause truncation of value [-Wabsolute-value]
Flavors: r-devel-linux-x86_64-debian-clang, r-devel-linux-x86_64-fedora-clang