CRAN Package Check Results for Package bnlearn

Last updated on 2018-06-18 14:46:51 CEST.

Flavor Version Tinstall Tcheck Ttotal Status Flags
r-devel-linux-x86_64-debian-clang 4.3 35.94 72.01 107.95 WARN
r-devel-linux-x86_64-debian-gcc 4.3 27.71 61.86 89.57 OK
r-devel-linux-x86_64-fedora-clang 4.3 138.09 WARN
r-devel-linux-x86_64-fedora-gcc 4.3 129.46 OK
r-devel-windows-ix86+x86_64 4.3 158.00 99.00 257.00 OK
r-patched-linux-x86_64 4.3 32.13 78.34 110.47 OK
r-patched-solaris-x86 4.3 176.00 OK
r-release-linux-x86_64 4.3 32.96 78.47 111.43 OK
r-release-windows-ix86+x86_64 4.3 152.00 104.00 256.00 OK
r-release-osx-x86_64 4.3 WARN
r-oldrel-windows-ix86+x86_64 4.3 104.00 151.00 255.00 OK
r-oldrel-osx-x86_64 4.3 OK

Additional issues

rchk

Check Details

Version: 4.3
Check: whether package can be installed
Result: WARN
    Found the following significant warnings:
     conditional.least.squares.c:232:20: warning: absolute value function 'fabs' given an argument of type 'long double' but has parameter of type 'double' which may cause truncation of value [-Wabsolute-value]
     conditional.least.squares.c:233:20: warning: absolute value function 'fabs' given an argument of type 'long double' but has parameter of type 'double' which may cause truncation of value [-Wabsolute-value]
     conditional.least.squares.c:234:20: warning: absolute value function 'fabs' given an argument of type 'long double' but has parameter of type 'double' which may cause truncation of value [-Wabsolute-value]
Flavors: r-devel-linux-x86_64-debian-clang, r-devel-linux-x86_64-fedora-clang, r-release-osx-x86_64