CRAN Package Check Results for Package bnlearn

Last updated on 2016-08-24 12:49:30.

Flavor Version Tinstall Tcheck Ttotal Status Flags
r-devel-linux-x86_64-debian-clang 4.0 16.43 43.95 60.37 NOTE
r-devel-linux-x86_64-debian-gcc 4.0 15.19 44.39 59.58 OK
r-devel-linux-x86_64-fedora-clang 4.0 106.17 OK
r-devel-linux-x86_64-fedora-gcc 4.0 99.48 OK
r-devel-osx-x86_64-clang 4.0 85.39 OK
r-devel-windows-ix86+x86_64 4.0 102.00 120.00 222.00 OK
r-patched-linux-x86_64 4.0 13.75 43.87 57.62 OK
r-patched-solaris-sparc 4.0 654.80 OK
r-patched-solaris-x86 4.0 131.10 OK
r-release-linux-x86_64 4.0 13.98 44.98 58.96 OK
r-release-osx-x86_64-mavericks 4.0 OK
r-release-windows-ix86+x86_64 4.0 92.00 107.00 199.00 OK
r-oldrel-windows-ix86+x86_64 4.0 131.00 86.00 217.00 OK

Check Details

Version: 4.0
Check: package dependencies
Result: NOTE
    Package suggested but not available for checking: ‘gRain’
Flavor: r-devel-linux-x86_64-debian-clang