CRAN Package Check Results for Package bnlearn

Last updated on 2018-08-16 06:47:31 CEST.

Flavor Version Tinstall Tcheck Ttotal Status Flags
r-devel-linux-x86_64-debian-clang 4.3 33.08 80.63 113.71 WARN
r-devel-linux-x86_64-debian-gcc 4.3 27.46 63.27 90.73 OK
r-devel-linux-x86_64-fedora-clang 4.3 135.67 WARN
r-devel-linux-x86_64-fedora-gcc 4.3 131.46 OK
r-devel-windows-ix86+x86_64 4.3 115.00 106.00 221.00 OK
r-patched-linux-x86_64 4.3 31.27 76.61 107.88 OK
r-patched-solaris-x86 4.3 214.30 OK
r-release-linux-x86_64 4.3 32.11 76.50 108.61 OK
r-release-windows-ix86+x86_64 4.3 144.00 139.00 283.00 OK
r-release-osx-x86_64 4.3 WARN
r-oldrel-windows-ix86+x86_64 4.3 151.00 101.00 252.00 OK
r-oldrel-osx-x86_64 4.3 OK

Additional issues

rchk

Check Details

Version: 4.3
Check: whether package can be installed
Result: WARN
    Found the following significant warnings:
     conditional.least.squares.c:232:20: warning: absolute value function 'fabs' given an argument of type 'long double' but has parameter of type 'double' which may cause truncation of value [-Wabsolute-value]
     conditional.least.squares.c:233:20: warning: absolute value function 'fabs' given an argument of type 'long double' but has parameter of type 'double' which may cause truncation of value [-Wabsolute-value]
     conditional.least.squares.c:234:20: warning: absolute value function 'fabs' given an argument of type 'long double' but has parameter of type 'double' which may cause truncation of value [-Wabsolute-value]
Flavors: r-devel-linux-x86_64-debian-clang, r-devel-linux-x86_64-fedora-clang, r-release-osx-x86_64