CRAN Package Check Results for Package bnlearn

Last updated on 2015-03-02 19:52:09.

Flavor Version Tinstall Tcheck Ttotal Status Flags
r-devel-linux-x86_64-debian-clang 3.7.1 10.54 40.50 51.04 NOTE
r-devel-linux-x86_64-debian-gcc 3.7.1 12.82 38.88 51.70 NOTE
r-devel-linux-x86_64-fedora-clang 3.7.1 98.91 NOTE
r-devel-linux-x86_64-fedora-gcc 3.7.1 91.20 NOTE
r-devel-osx-x86_64-clang 3.7.1 91.24 NOTE
r-devel-windows-ix86+x86_64 3.7.1 170.00 84.00 254.00 OK
r-patched-linux-x86_64 3.7.1 12.83 43.48 56.31 OK
r-patched-solaris-sparc 3.7.1 576.30 OK
r-patched-solaris-x86 3.7.1 140.60 OK
r-release-linux-ix86 3.7.1 17.72 53.56 71.28 OK
r-release-linux-x86_64 3.7.1 13.26 42.90 56.16 OK
r-release-osx-x86_64-mavericks 3.7.1 OK
r-release-osx-x86_64-snowleopard 3.7.1 OK
r-release-windows-ix86+x86_64 3.7.1 162.00 100.00 262.00 OK
r-oldrel-windows-ix86+x86_64 3.7.1 87.00 78.00 165.00 OK

Memtest notes: UBSAN-gcc valgrind

Check Details

Version: 3.7.1
Check: S3 generic/method consistency
Result: NOTE
    Found the following apparent S3 methods exported but not registered:
     as.bn.fit
    See section ‘Registering S3 methods’ in the ‘Writing R Extensions’
    manual.
Flavors: r-devel-linux-x86_64-debian-clang, r-devel-linux-x86_64-debian-gcc, r-devel-linux-x86_64-fedora-clang, r-devel-linux-x86_64-fedora-gcc, r-devel-osx-x86_64-clang