CRAN Package Check Results for Package bnlearn

Last updated on 2021-10-22 02:57:59 CEST.

Flavor Version Tinstall Tcheck Ttotal Status Flags
r-devel-linux-x86_64-debian-clang 4.7 52.26 103.33 155.59 OK
r-devel-linux-x86_64-debian-gcc 4.7 33.38 76.81 110.19 OK
r-devel-linux-x86_64-fedora-clang 4.7 194.61 OK
r-devel-linux-x86_64-fedora-gcc 4.7 165.04 OK
r-devel-windows-x86_64 4.7 82.00 127.00 209.00 OK
r-devel-windows-x86_64-gcc10-UCRT 4.7 NOTE
r-patched-linux-x86_64 4.7 46.18 99.37 145.55 OK
r-patched-solaris-x86 4.7 212.20 OK
r-release-linux-x86_64 4.7 44.76 99.43 144.19 OK
r-release-macos-arm64 4.7 NOTE
r-release-macos-x86_64 4.7 OK
r-release-windows-ix86+x86_64 4.7 121.00 148.00 269.00 OK
r-oldrel-macos-x86_64 4.7 OK
r-oldrel-windows-ix86+x86_64 4.7 147.00 146.00 293.00 OK

Check Details

Version: 4.7
Check: package dependencies
Result: NOTE
    Packages suggested but not available for checking: 'igraph', 'gRain'
Flavor: r-devel-windows-x86_64-gcc10-UCRT

Version: 4.7
Check: package dependencies
Result: NOTE
    Package suggested but not available for checking: ‘gRain’
Flavor: r-release-macos-arm64