CRAN Package Check Results for Package bnlearn

Last updated on 2017-04-26 03:48:01.

Flavor Version Tinstall Tcheck Ttotal Status Flags
r-devel-linux-x86_64-debian-clang 4.1.1 18.73 45.94 64.67 NOTE
r-devel-linux-x86_64-debian-gcc 4.1.1 15.97 44.70 60.68 NOTE
r-devel-linux-x86_64-fedora-clang 4.1.1 111.06 NOTE --no-stop-on-test-error
r-devel-linux-x86_64-fedora-gcc 4.1.1 105.27 NOTE --no-stop-on-test-error
r-devel-windows-ix86+x86_64 4.1.1 137.00 97.00 234.00 OK
r-patched-linux-x86_64 4.1.1 14.40 45.05 59.45 NOTE
r-patched-solaris-sparc 4.1.1 630.40 OK
r-patched-solaris-x86 4.1.1 146.50 OK
r-release-linux-x86_64 4.1.1 14.09 44.53 58.62 NOTE
r-release-windows-ix86+x86_64 4.1.1 102.00 95.00 197.00 OK
r-release-osx-x86_64 4.1.1 NOTE
r-oldrel-windows-ix86+x86_64 4.1.1 101.00 110.00 211.00 OK
r-oldrel-osx-x86_64 4.1.1 OK

Check Details

Version: 4.1.1
Check: compiled code
Result: NOTE
    File ‘bnlearn/libs/bnlearn.so’:
     Found no calls to: ‘R_registerRoutines’, ‘R_useDynamicSymbols’
    
    It is good practice to register native routines and to disable symbol
    search.
    
    See ‘Writing portable packages’ in the ‘Writing R Extensions’ manual.
Flavors: r-devel-linux-x86_64-debian-clang, r-devel-linux-x86_64-debian-gcc, r-patched-linux-x86_64, r-release-linux-x86_64

Version: 4.1.1
Flags: --no-stop-on-test-error
Check: compiled code
Result: NOTE
    File ‘bnlearn/libs/bnlearn.so’:
     Found no calls to: ‘R_registerRoutines’, ‘R_useDynamicSymbols’
    
    It is good practice to register native routines and to disable symbol
    search.
    
    See ‘Writing portable packages’ in the ‘Writing R Extensions’ manual.
Flavors: r-devel-linux-x86_64-fedora-clang, r-devel-linux-x86_64-fedora-gcc

Version: 4.1.1
Check: package dependencies
Result: NOTE
    Packages suggested but not available for checking:
     ‘graph’ ‘Rgraphviz’ ‘gRain’
Flavor: r-release-osx-x86_64