CRAN Package Check Results for Package bnmonitor

Last updated on 2021-04-11 19:52:00 CEST.

Flavor Version Tinstall Tcheck Ttotal Status Flags
r-devel-linux-x86_64-debian-clang 0.1.0 17.44 156.35 173.79 OK
r-devel-linux-x86_64-debian-gcc 0.1.0 15.75 116.27 132.02 OK
r-devel-linux-x86_64-fedora-clang 0.1.0 216.10 NOTE
r-devel-linux-x86_64-fedora-gcc 0.1.0 197.01 NOTE
r-devel-windows-ix86+x86_64 0.1.0 40.00 173.00 213.00 OK
r-devel-windows-x86_64-gcc10-UCRT 0.1.0 ERROR
r-patched-linux-x86_64 0.1.0 18.24 142.50 160.74 OK
r-patched-solaris-x86 0.1.0 286.80 NOTE
r-release-linux-x86_64 0.1.0 18.35 143.67 162.02 OK
r-release-macos-x86_64 0.1.0 NOTE
r-release-windows-ix86+x86_64 0.1.0 38.00 186.00 224.00 OK
r-oldrel-macos-x86_64 0.1.0 NOTE
r-oldrel-windows-ix86+x86_64 0.1.0 23.00 119.00 142.00 OK

Check Details

Version: 0.1.0
Check: dependencies in R code
Result: NOTE
    Namespace in Imports field not imported from: ‘gridExtra’
     All declared Imports should be used.
Flavors: r-devel-linux-x86_64-fedora-clang, r-devel-linux-x86_64-fedora-gcc, r-patched-solaris-x86, r-release-macos-x86_64, r-oldrel-macos-x86_64

Version: 0.1.0
Check: package dependencies
Result: ERROR
    Packages required but not available: 'gRain', 'gRbase'
    
    See section 'The DESCRIPTION file' in the 'Writing R Extensions'
    manual.
Flavor: r-devel-windows-x86_64-gcc10-UCRT