CRAN Package Check Results for Package bnpa

Last updated on 2019-09-23 19:47:22 CEST.

Flavor Version Tinstall Tcheck Ttotal Status Flags
r-devel-linux-x86_64-debian-clang 0.3.0 3.45 32.92 36.37 OK
r-devel-linux-x86_64-debian-gcc 0.3.0 2.77 25.79 28.56 OK
r-devel-linux-x86_64-fedora-clang 0.3.0 44.38 NOTE
r-devel-linux-x86_64-fedora-gcc 0.3.0 42.10 NOTE
r-devel-windows-ix86+x86_64 0.3.0 28.00 67.00 95.00 OK
r-patched-linux-x86_64 0.3.0 2.59 31.89 34.48 OK
r-patched-solaris-x86 0.3.0 64.10 NOTE
r-release-linux-x86_64 0.3.0 2.23 32.24 34.47 OK
r-release-windows-ix86+x86_64 0.3.0 17.00 71.00 88.00 OK
r-release-osx-x86_64 0.3.0 ERROR
r-oldrel-windows-ix86+x86_64 0.3.0 5.00 45.00 50.00 OK
r-oldrel-osx-x86_64 0.3.0 NOTE

Check Details

Version: 0.3.0
Check: dependencies in R code
Result: NOTE
    Namespaces in Imports field not imported from:
     ‘Rgraphviz’ ‘fastDummies’
     All declared Imports should be used.
Flavors: r-devel-linux-x86_64-fedora-clang, r-devel-linux-x86_64-fedora-gcc, r-patched-solaris-x86, r-oldrel-osx-x86_64

Version: 0.3.0
Check: package dependencies
Result: ERROR
    Package required but not available: ‘Rgraphviz’
    
    See section ‘The DESCRIPTION file’ in the ‘Writing R Extensions’
    manual.
Flavor: r-release-osx-x86_64