CRAN Package Check Results for Package bnpa

Last updated on 2024-03-02 02:48:33 CET.

Flavor Version Tinstall Tcheck Ttotal Status Flags
r-devel-linux-x86_64-debian-clang 0.3.0 2.40 42.82 45.22 OK
r-devel-linux-x86_64-debian-gcc 0.3.0 2.96 32.27 35.23 OK
r-devel-linux-x86_64-fedora-clang 0.3.0 56.01 NOTE
r-devel-linux-x86_64-fedora-gcc 0.3.0 57.62 NOTE
r-devel-windows-x86_64 0.3.0 5.00 55.00 60.00 OK
r-patched-linux-x86_64 0.3.0 4.26 41.16 45.42 OK
r-release-linux-x86_64 0.3.0 2.96 41.01 43.97 OK
r-release-macos-arm64 0.3.0 22.00 OK
r-release-macos-x86_64 0.3.0 28.00 OK
r-release-windows-x86_64 0.3.0 7.00 62.00 69.00 OK
r-oldrel-macos-arm64 0.3.0 22.00 NOTE
r-oldrel-windows-x86_64 0.3.0 6.00 63.00 69.00 OK

Check Details

Version: 0.3.0
Check: dependencies in R code
Result: NOTE Namespaces in Imports field not imported from: ‘Rgraphviz’ ‘fastDummies’ All declared Imports should be used. Flavors: r-devel-linux-x86_64-fedora-clang, r-devel-linux-x86_64-fedora-gcc, r-oldrel-macos-arm64