CRAN Package Check Results for Package bnpa

Last updated on 2020-05-29 04:46:51 CEST.

Flavor Version Tinstall Tcheck Ttotal Status Flags
r-devel-linux-x86_64-debian-clang 0.3.0 3.83 37.34 41.17 OK
r-devel-linux-x86_64-debian-gcc 0.3.0 2.76 28.44 31.20 OK
r-devel-linux-x86_64-fedora-clang 0.3.0 59.95 NOTE
r-devel-linux-x86_64-fedora-gcc 0.3.0 47.47 NOTE
r-devel-windows-ix86+x86_64 0.3.0 19.00 53.00 72.00 OK
r-patched-linux-x86_64 0.3.0 3.59 36.57 40.16 OK
r-patched-solaris-x86 0.3.0 69.40 NOTE
r-release-linux-x86_64 0.3.0 3.53 36.39 39.92 OK
r-release-osx-x86_64 0.3.0 NOTE
r-release-windows-ix86+x86_64 0.3.0 10.00 71.00 81.00 OK
r-oldrel-osx-x86_64 0.3.0 NOTE
r-oldrel-windows-ix86+x86_64 0.3.0 8.00 51.00 59.00 OK

Check Details

Version: 0.3.0
Check: dependencies in R code
Result: NOTE
    Namespaces in Imports field not imported from:
     ‘Rgraphviz’ ‘fastDummies’
     All declared Imports should be used.
Flavors: r-devel-linux-x86_64-fedora-clang, r-devel-linux-x86_64-fedora-gcc, r-patched-solaris-x86, r-release-osx-x86_64, r-oldrel-osx-x86_64