CRAN Package Check Results for Package bnstruct

Last updated on 2022-07-07 09:50:47 CEST.

Flavor Version Tinstall Tcheck Ttotal Status Flags
r-devel-linux-x86_64-debian-clang 1.0.12 14.70 117.21 131.91 OK
r-devel-linux-x86_64-debian-gcc 1.0.12 14.53 91.65 106.18 OK
r-devel-linux-x86_64-fedora-clang 1.0.12 185.20 OK
r-devel-linux-x86_64-fedora-gcc 1.0.12 185.06 OK
r-devel-windows-x86_64 1.0.12 127.00 183.00 310.00 OK
r-patched-linux-x86_64 1.0.12 15.38 117.52 132.90 OK
r-release-linux-x86_64 1.0.12 16.30 115.47 131.77 OK
r-release-macos-arm64 1.0.12 62.00 NOTE
r-release-macos-x86_64 1.0.12 75.00 OK
r-release-windows-x86_64 1.0.12 140.00 180.00 320.00 OK
r-oldrel-macos-arm64 1.0.12 57.00 OK
r-oldrel-macos-x86_64 1.0.12 79.00 OK
r-oldrel-windows-ix86+x86_64 1.0.12 38.00 182.00 220.00 OK

Check Details

Version: 1.0.12
Check: package dependencies
Result: NOTE
    Packages suggested but not available for checking: 'graph', 'Rgraphviz'
Flavor: r-release-macos-arm64