CRAN Package Check Results for Package boa

Last updated on 2015-01-29 16:48:21.

Flavor Version Tinstall Tcheck Ttotal Status Flags
r-devel-linux-x86_64-debian-clang 1.1.7-2 1.25 15.18 16.43 NOTE
r-devel-linux-x86_64-debian-gcc 1.1.7-2 1.20 14.39 15.59 NOTE
r-devel-linux-x86_64-fedora-clang 1.1.7-2 32.24 NOTE
r-devel-linux-x86_64-fedora-gcc 1.1.7-2 30.14 NOTE
r-devel-osx-x86_64-clang 1.1.7-2 33.30 NOTE
r-devel-windows-ix86+x86_64 1.1.7-2 9.00 23.00 32.00 NOTE
r-patched-linux-x86_64 1.1.7-2 1.32 15.53 16.85 NOTE
r-patched-solaris-sparc 1.1.7-2 193.50 NOTE
r-patched-solaris-x86 1.1.7-2 43.00 NOTE
r-release-linux-ix86 1.1.7-2 1.68 21.54 23.22 NOTE
r-release-linux-x86_64 1.1.7-2 1.28 15.70 16.98 NOTE
r-release-osx-x86_64-mavericks 1.1.7-2 NOTE
r-release-windows-ix86+x86_64 1.1.7-2 4.00 22.00 26.00 NOTE
r-oldrel-windows-ix86+x86_64 1.1.7-2 4.00 22.00 26.00 NOTE

Check Details

Version: 1.1.7-2
Check: top-level files
Result: NOTE
    Non-standard file/directory found at top level:
     ‘doc’
Flavors: r-devel-linux-x86_64-debian-clang, r-devel-linux-x86_64-debian-gcc, r-devel-linux-x86_64-fedora-clang, r-devel-linux-x86_64-fedora-gcc, r-patched-linux-x86_64, r-release-linux-x86_64

Version: 1.1.7-2
Check: R code for possible problems
Result: NOTE
    boa.menu.parms: warning in boa.getinput("\nDefine the new parameter as
     a function of the parameters listed above\n", eval = F): partial
     argument match of ‘eval’ to ‘evaluate’
Flavors: r-devel-linux-x86_64-debian-clang, r-devel-linux-x86_64-debian-gcc, r-devel-linux-x86_64-fedora-clang, r-devel-linux-x86_64-fedora-gcc, r-devel-osx-x86_64-clang, r-devel-windows-ix86+x86_64, r-patched-linux-x86_64, r-patched-solaris-sparc, r-patched-solaris-x86, r-release-linux-ix86, r-release-linux-x86_64, r-release-osx-x86_64-mavericks, r-release-windows-ix86+x86_64, r-oldrel-windows-ix86+x86_64

Version: 1.1.7-2
Check: Rd line widths
Result: NOTE
    Rd file 'boa.plot.geweke.Rd':
     \usage lines wider than 90 characters:
     boa.plot.geweke(lname, pname, bins = boa.par("geweke.bins"), p.first = boa.par("geweke.first"), p.last = boa.par("geweke.last"), alpha ... [TRUNCATED]
    
    Rd file 'boa.print.randl.Rd':
     \usage lines wider than 90 characters:
     boa.print.randl(q = boa.par("randl.q"), error = boa.par("randl.error"), prob = 1 - boa.par("alpha"), delta = boa.par("randl.delta"))
    
    These lines will be truncated in the PDF manual.
Flavors: r-devel-linux-x86_64-debian-clang, r-devel-linux-x86_64-debian-gcc, r-devel-linux-x86_64-fedora-clang, r-devel-linux-x86_64-fedora-gcc, r-patched-linux-x86_64, r-release-linux-x86_64