CRAN Package Check Results for Package boa

Last updated on 2014-07-30 17:48:49.

Flavor Version Tinstall Tcheck Ttotal Status Flags
r-devel-linux-x86_64-debian-clang 1.1.7-2 1.29 14.86 16.14 NOTE
r-devel-linux-x86_64-debian-gcc 1.1.7-2 1.26 14.84 16.10 NOTE
r-devel-linux-x86_64-fedora-clang 1.1.7-2 32.94 NOTE
r-devel-linux-x86_64-fedora-gcc 1.1.7-2 29.58 NOTE
r-devel-osx-x86_64-clang 1.1.7-2 31.53 NOTE
r-devel-windows-ix86+x86_64 1.1.7-2 4.00 23.00 27.00 NOTE
r-patched-linux-x86_64 1.1.7-2 1.26 14.80 16.07 NOTE
r-patched-solaris-sparc 1.1.7-2 180.10 NOTE
r-patched-solaris-x86 1.1.7-2 41.10 NOTE
r-release-linux-ix86 1.1.7-2 1.74 22.51 24.25 NOTE
r-release-linux-x86_64 1.1.7-2 1.39 15.09 16.48 NOTE
r-release-osx-x86_64-mavericks 1.1.7-2 NOTE
r-release-windows-ix86+x86_64 1.1.7-2 5.00 23.00 28.00 NOTE
r-oldrel-windows-ix86+x86_64 1.1.7-2 4.00 22.00 26.00 NOTE

Check Details

Version: 1.1.7-2
Check: R code for possible problems
Result: NOTE
    boa.menu.parms: warning in boa.getinput("\nDefine the new parameter as
     a function of the parameters listed above\n", eval = F): partial
     argument match of 'eval' to 'evaluate'
Flavors: r-devel-linux-x86_64-debian-clang, r-devel-linux-x86_64-debian-gcc, r-devel-linux-x86_64-fedora-clang, r-devel-linux-x86_64-fedora-gcc, r-devel-osx-x86_64-clang, r-devel-windows-ix86+x86_64, r-patched-linux-x86_64, r-patched-solaris-sparc, r-patched-solaris-x86, r-release-linux-ix86, r-release-linux-x86_64, r-release-osx-x86_64-mavericks, r-release-windows-ix86+x86_64, r-oldrel-windows-ix86+x86_64

Version: 1.1.7-2
Check: top-level files
Result: NOTE
    Non-standard file/directory found at top level:
     doc
Flavors: r-devel-linux-x86_64-fedora-clang, r-devel-linux-x86_64-fedora-gcc

Version: 1.1.7-2
Check: Rd line widths
Result: NOTE
    Rd file 'boa.plot.geweke.Rd':
     \usage lines wider than 90 characters:
     boa.plot.geweke(lname, pname, bins = boa.par("geweke.bins"), p.first = boa.par("geweke.first"), p.last = boa.par("geweke.last"), alpha ... [TRUNCATED]
    
    Rd file 'boa.print.randl.Rd':
     \usage lines wider than 90 characters:
     boa.print.randl(q = boa.par("randl.q"), error = boa.par("randl.error"), prob = 1 - boa.par("alpha"), delta = boa.par("randl.delta"))
    
    These lines will be truncated in the PDF manual.
Flavors: r-devel-linux-x86_64-fedora-clang, r-devel-linux-x86_64-fedora-gcc