CRAN Package Check Results for Package boa

Last updated on 2015-04-25 12:46:11.

Flavor Version Tinstall Tcheck Ttotal Status Flags
r-devel-linux-x86_64-debian-clang 1.1.7-2 1.22 15.32 16.53 NOTE
r-devel-linux-x86_64-debian-gcc 1.1.7-2 1.31 14.82 16.13 NOTE
r-devel-linux-x86_64-fedora-clang 1.1.7-2 30.02 NOTE
r-devel-linux-x86_64-fedora-gcc 1.1.7-2 29.55 NOTE
r-devel-osx-x86_64-clang 1.1.7-2 31.22 NOTE
r-devel-windows-ix86+x86_64 1.1.7-2 4.00 25.00 29.00 NOTE
r-patched-linux-x86_64 1.1.7-2 1.20 14.81 16.01 NOTE
r-patched-solaris-sparc 1.1.7-2 188.90 NOTE
r-patched-solaris-x86 1.1.7-2 38.90 NOTE
r-release-linux-x86_64 1.1.7-2 1.19 14.71 15.90 NOTE
r-release-osx-x86_64-mavericks 1.1.7-2 NOTE
r-release-osx-x86_64-snowleopard 1.1.7-2 NOTE
r-release-windows-ix86+x86_64 1.1.7-2 3.00 27.00 30.00 NOTE
r-oldrel-windows-ix86+x86_64 1.1.7-2 7.00 26.00 33.00 NOTE

Check Details

Version: 1.1.7-2
Check: R code for possible problems
Result: NOTE
    boa.menu.parms: warning in boa.getinput("\nDefine the new parameter as
     a function of the parameters listed above\n", eval = F): partial
     argument match of 'eval' to 'evaluate'
Flavors: r-devel-windows-ix86+x86_64, r-release-windows-ix86+x86_64, r-oldrel-windows-ix86+x86_64