CRAN Package Check Results for Package boa

Last updated on 2015-07-29 03:48:15.

Flavor Version Tinstall Tcheck Ttotal Status Flags
r-devel-linux-x86_64-debian-clang 1.1.8-1 1.05 14.26 15.31 NOTE
r-devel-linux-x86_64-debian-gcc 1.1.8-1 0.96 14.26 15.22 NOTE
r-devel-linux-x86_64-fedora-clang 1.1.8-1 28.62 NOTE
r-devel-linux-x86_64-fedora-gcc 1.1.8-1 27.58 NOTE
r-devel-osx-x86_64-clang 1.1.8-1 27.70 OK
r-devel-windows-ix86+x86_64 1.1.8-1 4.00 24.00 28.00 NOTE
r-patched-linux-x86_64 1.1.8-1 0.99 14.77 15.76 OK
r-patched-solaris-sparc 1.1.8-1 184.70 OK
r-patched-solaris-x86 1.1.8-1 39.60 OK
r-release-linux-x86_64 1.1.8-1 0.97 14.72 15.69 OK
r-release-osx-x86_64-mavericks 1.1.8-1 OK
r-release-windows-ix86+x86_64 1.1.8-1 5.00 25.00 30.00 OK
r-oldrel-windows-ix86+x86_64 1.1.8-1 5.00 32.00 37.00 OK

Check Details

Version: 1.1.8-1
Check: R code for possible problems
Result: NOTE
    boa.acf: no visible global function definition for ‘acf’
    boa.chain: no visible global function definition for
     ‘assignInNamespace’
    boa.chain.gandr: no visible global function definition for ‘var’
    boa.chain.gandr: no visible global function definition for ‘qf’
    boa.geweke: no visible global function definition for ‘pnorm’
    boa.handw: no visible global function definition for ‘qnorm’
    boa.importASCII: no visible global function definition for ‘read.table’
    boa.init: no visible global function definition for ‘assignInNamespace’
    boa.menu: no visible global function definition for ‘menu’
    boa.menu.analysis: no visible global function definition for ‘menu’
    boa.menu.chains: no visible global function definition for ‘menu’
    boa.menu.coda: no visible global function definition for ‘menu’
    boa.menu.data: no visible global function definition for ‘menu’
    boa.menu.file: no visible global function definition for ‘menu’
    boa.menu.import: no visible global function definition for ‘menu’
    boa.menu.par: no visible global function definition for ‘menu’
    boa.menu.parms: no visible global function definition for ‘menu’
    boa.menu.plot: no visible global function definition for ‘menu’
    boa.menu.plotcoda: no visible global function definition for ‘menu’
    boa.menu.plotdesc: no visible global function definition for ‘menu’
    boa.menu.stats: no visible global function definition for ‘menu’
    boa.menu.window: no visible global function definition for ‘dev.cur’
    boa.menu.window: no visible global function definition for ‘menu’
    boa.menu.window: no visible global function definition for ‘dev.set’
    boa.menu.window: no visible global function definition for ‘dev.prev’
    boa.menu.window: no visible global function definition for ‘dev.next’
    boa.menu.window: no visible global function definition for ‘dev.print’
    boa.menu.window: no visible binding for global variable ‘postscript’
    boa.par: no visible global function definition for ‘assignInNamespace’
    boa.plot.acf: no visible global function definition for ‘acf’
    boa.plot.acf: no visible global function definition for ‘plot’
    boa.plot.acf: no visible global function definition for ‘abline’
    boa.plot.acf: no visible global function definition for ‘par’
    boa.plot.acf: no visible global function definition for ‘legend’
    boa.plot.bandg: no visible global function definition for ‘spline’
    boa.plot.bandg: no visible global function definition for ‘plot’
    boa.plot.bandg: no visible global function definition for ‘lines’
    boa.plot.bandg: no visible global function definition for ‘abline’
    boa.plot.bandg: no visible global function definition for ‘par’
    boa.plot.bandg: no visible global function definition for ‘legend’
    boa.plot.close: no visible global function definition for ‘dev.cur’
    boa.plot.close: no visible global function definition for ‘dev.list’
    boa.plot.close: no visible global function definition for ‘dev.off’
    boa.plot.density: no visible global function definition for ‘density’
    boa.plot.density: no visible global function definition for ‘plot’
    boa.plot.density: no visible global function definition for ‘lines’
    boa.plot.density: no visible global function definition for ‘legend’
    boa.plot.gandr: no visible global function definition for ‘spline’
    boa.plot.gandr: no visible global function definition for ‘plot’
    boa.plot.gandr: no visible global function definition for ‘lines’
    boa.plot.gandr: no visible global function definition for ‘abline’
    boa.plot.gandr: no visible global function definition for ‘par’
    boa.plot.gandr: no visible global function definition for ‘legend’
    boa.plot.geweke: no visible global function definition for ‘qnorm’
    boa.plot.geweke: no visible global function definition for ‘plot’
    boa.plot.geweke: no visible global function definition for ‘abline’
    boa.plot.geweke: no visible global function definition for ‘par’
    boa.plot.geweke: no visible global function definition for ‘legend’
    boa.plot.history: no visible global function definition for ‘plot’
    boa.plot.history: no visible global function definition for ‘lines’
    boa.plot.history: no visible global function definition for ‘legend’
    boa.plot.open: no visible global function definition for ‘dev.cur’
    boa.plot.open: no visible global function definition for ‘dev.list’
    boa.plot.par: no visible global function definition for ‘par’
    boa.plot.title: no visible global function definition for ‘mtext’
    boa.plot.trace: no visible global function definition for ‘plot’
    boa.plot.trace: no visible global function definition for ‘lines’
    boa.plot.trace: no visible global function definition for ‘legend’
    boa.print.cor: no visible global function definition for ‘cor’
    boa.quit: no visible global function definition for ‘assignInNamespace’
    boa.randl: no visible global function definition for ‘qnorm’
    boa.randl: no visible global function definition for ‘quantile’
    boa.stats: no visible binding for global variable ‘quantile’
    colVars: no visible binding for global variable ‘var’
    do.spectrum0: no visible global function definition for ‘var’
    do.spectrum0: no visible global function definition for ‘fft’
    do.spectrum0: no visible global function definition for ‘glm’
    do.spectrum0: no visible global function definition for ‘Gamma’
    do.spectrum0: no visible global function definition for ‘predict’
    spectrum0: no visible global function definition for ‘aggregate’
    spectrum0: no visible global function definition for ‘ts’
    Undefined global functions or variables:
     Gamma abline acf aggregate assignInNamespace cor density dev.cur
     dev.list dev.next dev.off dev.prev dev.print dev.set fft glm legend
     lines menu mtext par plot pnorm postscript predict qf qnorm quantile
     read.table spline ts var
    Consider adding
     importFrom("grDevices", "dev.cur", "dev.list", "dev.next", "dev.off",
     "dev.prev", "dev.print", "dev.set", "postscript")
     importFrom("graphics", "abline", "legend", "lines", "mtext", "par",
     "plot")
     importFrom("stats", "Gamma", "acf", "aggregate", "cor", "density",
     "fft", "glm", "pnorm", "predict", "qf", "qnorm", "quantile",
     "spline", "ts", "var")
     importFrom("utils", "assignInNamespace", "menu", "read.table")
    to your NAMESPACE.
Flavors: r-devel-linux-x86_64-debian-clang, r-devel-linux-x86_64-debian-gcc, r-devel-linux-x86_64-fedora-clang, r-devel-linux-x86_64-fedora-gcc, r-devel-windows-ix86+x86_64