CRAN Package Check Results for Package bodenmiller

Last updated on 2020-02-26 08:52:18 CET.

Flavor Version Tinstall Tcheck Ttotal Status Flags
r-devel-linux-x86_64-debian-clang 0.1 6.44 31.39 37.83 OK
r-devel-linux-x86_64-debian-gcc 0.1 5.49 24.45 29.94 OK
r-devel-linux-x86_64-fedora-clang 0.1 45.53 NOTE
r-devel-linux-x86_64-fedora-gcc 0.1 44.38 OK
r-devel-windows-ix86+x86_64 0.1 10.00 40.00 50.00 NOTE
r-devel-windows-ix86+x86_64-gcc8 0.1 10.00 43.00 53.00 NOTE
r-patched-linux-x86_64 0.1 5.13 29.36 34.49 OK
r-patched-solaris-x86 0.1 64.70 NOTE
r-release-linux-x86_64 0.1 5.79 28.71 34.50 OK
r-release-windows-ix86+x86_64 0.1 8.00 38.00 46.00 NOTE
r-release-osx-x86_64 0.1 NOTE
r-oldrel-windows-ix86+x86_64 0.1 10.00 42.00 52.00 NOTE
r-oldrel-osx-x86_64 0.1 NOTE

Check Details

Version: 0.1
Check: installed package size
Result: NOTE
     installed size is 8.9Mb
     sub-directories of 1Mb or more:
     data 8.7Mb
Flavors: r-devel-linux-x86_64-fedora-clang, r-devel-windows-ix86+x86_64, r-devel-windows-ix86+x86_64-gcc8, r-patched-solaris-x86, r-release-windows-ix86+x86_64, r-release-osx-x86_64, r-oldrel-windows-ix86+x86_64, r-oldrel-osx-x86_64