CRAN Package Check Results for Package boiwsa

Last updated on 2024-04-21 21:51:13 CEST.

Flavor Version Tinstall Tcheck Ttotal Status Flags
r-devel-linux-x86_64-debian-clang 1.0.0 18.81 113.54 132.35 OK
r-devel-linux-x86_64-debian-gcc 1.0.0 12.09 84.82 96.91 OK
r-devel-linux-x86_64-fedora-clang 1.0.0 165.82 NOTE
r-devel-linux-x86_64-fedora-gcc 1.0.0 154.86 NOTE
r-prerel-macos-arm64 1.0.0 45.00 OK
r-prerel-windows-x86_64 1.0.0 14.00 93.00 107.00 OK
r-patched-linux-x86_64 1.0.0 15.77 108.10 123.87 OK
r-release-linux-x86_64 1.0.0 9.40 110.43 119.83 OK
r-release-macos-arm64 1.0.0 50.00 OK
r-release-macos-x86_64 1.0.0 89.00 OK
r-release-windows-x86_64 1.0.0 16.00 119.00 135.00 OK
r-oldrel-macos-arm64 1.0.0 49.00 OK
r-oldrel-windows-x86_64 1.0.0 18.00 121.00 139.00 OK

Check Details

Version: 1.0.0
Check: data for non-ASCII characters
Result: NOTE Note: found 21550 marked UTF-8 strings Flavors: r-devel-linux-x86_64-fedora-clang, r-devel-linux-x86_64-fedora-gcc