CRAN Package Check Results for Package bookdownplus

Last updated on 2018-06-20 12:48:26 CEST.

Flavor Version Tinstall Tcheck Ttotal Status Flags
r-devel-linux-x86_64-debian-clang 1.3.2 1.59 18.40 19.99 OK
r-devel-linux-x86_64-debian-gcc 1.3.2 1.25 14.88 16.13 OK
r-devel-linux-x86_64-fedora-clang 1.3.2 22.71 NOTE
r-devel-linux-x86_64-fedora-gcc 1.3.2 21.20 NOTE
r-devel-windows-ix86+x86_64 1.3.2 5.00 63.00 68.00 OK
r-patched-linux-x86_64 1.3.2 1.16 17.28 18.44 OK
r-patched-solaris-x86 1.3.2 34.20 NOTE
r-release-linux-x86_64 1.3.2 1.68 16.93 18.61 OK
r-release-windows-ix86+x86_64 1.3.2 5.00 31.00 36.00 OK
r-release-osx-x86_64 1.3.2 NOTE
r-oldrel-windows-ix86+x86_64 1.3.2 5.00 27.00 32.00 OK
r-oldrel-osx-x86_64 1.3.2 NOTE

Check Details

Version: 1.3.2
Check: dependencies in R code
Result: NOTE
    Namespaces in Imports field not imported from:
     ‘knitr’ ‘yaml’
     All declared Imports should be used.
Flavors: r-devel-linux-x86_64-fedora-clang, r-devel-linux-x86_64-fedora-gcc, r-patched-solaris-x86, r-release-osx-x86_64, r-oldrel-osx-x86_64