CRAN Package Check Results for Package bookdownplus

Last updated on 2019-09-16 14:47:06 CEST.

Flavor Version Tinstall Tcheck Ttotal Status Flags
r-devel-linux-x86_64-debian-clang 1.5.7 2.91 25.16 28.07 NOTE
r-devel-linux-x86_64-debian-gcc 1.5.7 2.63 20.22 22.85 NOTE
r-devel-linux-x86_64-fedora-clang 1.5.7 36.00 NOTE
r-devel-linux-x86_64-fedora-gcc 1.5.7 33.47 NOTE
r-devel-windows-ix86+x86_64 1.5.7 13.00 41.00 54.00 OK
r-patched-linux-x86_64 1.5.7 3.06 25.77 28.83 OK
r-patched-solaris-x86 1.5.7 61.10 OK
r-release-linux-x86_64 1.5.7 2.37 25.56 27.93 OK
r-release-windows-ix86+x86_64 1.5.7 8.00 42.00 50.00 OK
r-release-osx-x86_64 1.5.7 OK
r-oldrel-windows-ix86+x86_64 1.5.7 8.00 38.00 46.00 OK
r-oldrel-osx-x86_64 1.5.7 NOTE

Check Details

Version: 1.5.7
Check: for non-standard things in the check directory
Result: NOTE
    Found the following files/directories:
     'body.Rmd' 'index.Rmd' 'rmd' 'style' 'tex'
Flavors: r-devel-linux-x86_64-debian-clang, r-devel-linux-x86_64-debian-gcc, r-devel-linux-x86_64-fedora-clang, r-devel-linux-x86_64-fedora-gcc

Version: 1.5.7
Check: Rd cross-references
Result: NOTE
    Package unavailable to check Rd xrefs: ‘rosr’
Flavor: r-oldrel-osx-x86_64