CRAN Package Check Results for Package bookdownplus

Last updated on 2017-11-22 13:57:58 CET.

Flavor Version Tinstall Tcheck Ttotal Status Flags
r-devel-linux-x86_64-debian-clang 1.3.2 0.84 11.97 12.82 OK
r-devel-linux-x86_64-debian-gcc 1.3.2 0.77 30.02 30.79 OK
r-devel-linux-x86_64-fedora-clang 1.3.2 18.55 NOTE
r-devel-linux-x86_64-fedora-gcc 1.3.2 19.04 NOTE
r-devel-windows-ix86+x86_64 1.3.2 4.00 27.00 31.00 OK
r-patched-linux-x86_64 1.3.2 1.08 12.03 13.11 OK
r-patched-solaris-x86 1.3.2 29.20 NOTE
r-release-linux-x86_64 1.3.2 0.97 11.51 12.48 OK
r-release-windows-ix86+x86_64 1.3.2 4.00 26.00 30.00 OK
r-release-osx-x86_64 1.3.2 NOTE
r-oldrel-windows-ix86+x86_64 1.3.2 5.00 25.00 30.00 OK
r-oldrel-osx-x86_64 1.3.2 NOTE

Check Details

Version: 1.3.2
Check: dependencies in R code
Result: NOTE
    Namespaces in Imports field not imported from:
     ‘knitr’ ‘yaml’
     All declared Imports should be used.
Flavors: r-devel-linux-x86_64-fedora-clang, r-devel-linux-x86_64-fedora-gcc, r-patched-solaris-x86, r-release-osx-x86_64, r-oldrel-osx-x86_64