CRAN Package Check Results for Package bookdownplus

Last updated on 2018-02-24 08:48:53 CET.

Flavor Version Tinstall Tcheck Ttotal Status Flags
r-devel-linux-x86_64-debian-clang 1.3.2 1.30 17.17 18.47 OK
r-devel-linux-x86_64-debian-gcc 1.3.2 1.14 14.09 15.23 OK
r-devel-linux-x86_64-fedora-clang 1.3.2 21.54 NOTE
r-devel-linux-x86_64-fedora-gcc 1.3.2 20.54 NOTE
r-devel-windows-ix86+x86_64 1.3.2 8.00 37.00 45.00 OK
r-patched-linux-x86_64 1.3.2 1.29 16.06 17.35 OK
r-patched-solaris-x86 1.3.2 28.10 NOTE
r-release-linux-x86_64 1.3.2 1.25 16.13 17.38 OK
r-release-windows-ix86+x86_64 1.3.2 8.00 33.00 41.00 OK
r-release-osx-x86_64 1.3.2 NOTE
r-oldrel-windows-ix86+x86_64 1.3.2 6.00 25.00 31.00 OK
r-oldrel-osx-x86_64 1.3.2 NOTE

Check Details

Version: 1.3.2
Check: dependencies in R code
Result: NOTE
    Namespaces in Imports field not imported from:
     ‘knitr’ ‘yaml’
     All declared Imports should be used.
Flavors: r-devel-linux-x86_64-fedora-clang, r-devel-linux-x86_64-fedora-gcc, r-patched-solaris-x86, r-release-osx-x86_64, r-oldrel-osx-x86_64