CRAN Package Check Results for Package bookdownplus

Last updated on 2018-09-21 21:47:25 CEST.

Flavor Version Tinstall Tcheck Ttotal Status Flags
r-devel-linux-x86_64-debian-clang 1.4.6 1.74 18.07 19.81 OK
r-devel-linux-x86_64-debian-gcc 1.4.6 1.32 14.78 16.10 OK
r-devel-linux-x86_64-fedora-clang 1.4.6 23.25 NOTE
r-devel-linux-x86_64-fedora-gcc 1.4.6 21.86 NOTE
r-devel-windows-ix86+x86_64 1.4.6 8.00 36.00 44.00 OK
r-patched-linux-x86_64 1.4.6 1.72 16.61 18.33 OK
r-patched-solaris-x86 1.4.6 33.30 NOTE
r-release-linux-x86_64 1.4.6 1.71 16.93 18.64 OK
r-release-windows-ix86+x86_64 1.4.6 9.00 27.00 36.00 OK
r-release-osx-x86_64 1.4.6 NOTE
r-oldrel-windows-ix86+x86_64 1.4.6 4.00 47.00 51.00 OK
r-oldrel-osx-x86_64 1.4.6 NOTE

Check Details

Version: 1.4.6
Check: dependencies in R code
Result: NOTE
    Namespaces in Imports field not imported from:
     ‘knitr’ ‘yaml’
     All declared Imports should be used.
Flavors: r-devel-linux-x86_64-fedora-clang, r-devel-linux-x86_64-fedora-gcc, r-patched-solaris-x86, r-release-osx-x86_64, r-oldrel-osx-x86_64