CRAN Package Check Results for Package bookdownplus

Last updated on 2019-06-20 10:51:37 CEST.

Flavor Version Tinstall Tcheck Ttotal Status Flags
r-devel-linux-x86_64-debian-clang 1.5.7 2.48 25.17 27.65 NOTE
r-devel-linux-x86_64-debian-gcc 1.5.7 2.35 20.39 22.74 NOTE
r-devel-linux-x86_64-fedora-clang 1.5.7 35.12 NOTE
r-devel-linux-x86_64-fedora-gcc 1.5.7 33.85 NOTE
r-devel-windows-ix86+x86_64 1.5.7 10.00 59.00 69.00 OK
r-patched-linux-x86_64 1.5.7 2.38 25.13 27.51 OK
r-patched-solaris-x86 1.5.7 63.60 OK
r-release-linux-x86_64 1.5.7 2.68 25.33 28.01 OK
r-release-windows-ix86+x86_64 1.5.7 12.00 57.00 69.00 OK
r-release-osx-x86_64 1.5.7 OK
r-oldrel-windows-ix86+x86_64 1.5.7 4.00 61.00 65.00 OK
r-oldrel-osx-x86_64 1.5.7 NOTE

Check Details

Version: 1.5.7
Check: for non-standard things in the check directory
Result: NOTE
    Found the following files/directories:
     'body.Rmd' 'index.Rmd' 'rmd' 'style' 'tex'
Flavors: r-devel-linux-x86_64-debian-clang, r-devel-linux-x86_64-debian-gcc, r-devel-linux-x86_64-fedora-clang, r-devel-linux-x86_64-fedora-gcc

Version: 1.5.7
Check: Rd cross-references
Result: NOTE
    Package unavailable to check Rd xrefs: ‘rosr’
Flavor: r-oldrel-osx-x86_64