CRAN Package Check Results for Package boot.heterogeneity

Last updated on 2024-02-22 00:58:25 CET.

Flavor Version Tinstall Tcheck Ttotal Status Flags
r-devel-linux-x86_64-debian-clang 1.1.5 OK
r-devel-linux-x86_64-debian-gcc 1.1.5 7.29 63.60 70.89 OK
r-devel-linux-x86_64-fedora-clang 1.1.5 112.14 NOTE
r-devel-linux-x86_64-fedora-gcc 1.1.5 122.93 NOTE
r-devel-windows-x86_64 1.1.5 8.00 80.00 88.00 OK
r-patched-linux-x86_64 1.1.5 8.27 81.98 90.25 OK
r-release-linux-x86_64 1.1.5 8.97 83.13 92.10 OK
r-release-macos-arm64 1.1.5 45.00 OK
r-release-macos-x86_64 1.1.5 73.00 OK
r-release-windows-x86_64 1.1.5 11.00 94.00 105.00 OK
r-oldrel-macos-arm64 1.1.5 34.00 NOTE
r-oldrel-windows-x86_64 1.1.5 12.00 101.00 113.00 OK

Check Details

Version: 1.1.5
Check: dependencies in R code
Result: NOTE Namespaces in Imports field not imported from: ‘HSAUR3’ ‘knitr’ ‘rmarkdown’ All declared Imports should be used. Flavors: r-devel-linux-x86_64-fedora-clang, r-devel-linux-x86_64-fedora-gcc, r-oldrel-macos-arm64