CRAN Package Check Results for Package boot

Last updated on 2014-04-23 07:54:55.

Flavor Version Tinstall Tcheck Ttotal Status Flags
r-devel-linux-x86_64-debian-clang 1.3-11 6.90 50.26 57.16 OK
r-devel-linux-x86_64-debian-gcc 1.3-11 4.71 50.07 54.78 OK
r-devel-linux-x86_64-fedora-clang 1.3-11 110.25 OK
r-devel-linux-x86_64-fedora-gcc 1.3-11 103.47 OK
r-devel-osx-x86_64-clang 1.3-11 81.26 OK
r-devel-osx-x86_64-gcc 1.3-11 OK
r-patched-linux-x86_64 1.3-11 4.69 49.98 54.67 OK
r-patched-solaris-sparc 1.3-11 OK
r-patched-solaris-x86 1.3-11 OK
r-release-linux-ix86 1.3-11 7.00 75.00 82.00 OK
r-release-linux-x86_64 1.3-11 7.42 50.29 57.71 OK
r-release-osx-x86_64-mavericks 1.3-11 WARN
r-release-osx-x86_64-snowleopard 1.3-11 OK
r-release-windows-ix86+x86_64 1.3-11 12.00 68.00 80.00 OK
r-oldrel-windows-ix86+x86_64 1.3-11 12.00 71.00 83.00 OK

Check Details

Version: 1.3-11
Check: PDF version of manual
Result: WARNING
    LaTeX errors when creating PDF version.
    This typically indicates Rd problems.
    LaTeX errors found:
    ! LaTeX Error: File `upquote.sty' not found.
    
    Type X to quit or <RETURN> to proceed,
    or enter new name. (Default extension: sty)
    
    1e3e7440/Rd2.tex:8: ==> Fatal error occurred, no output PDF file produced!
Flavor: r-release-osx-x86_64-mavericks