CRAN Package Check Results for Package boot

Last updated on 2019-03-23 16:47:36 CET.

Flavor Version Tinstall Tcheck Ttotal Status Flags
r-devel-linux-x86_64-debian-clang 1.3-21 6.98 85.51 92.49 OK
r-devel-linux-x86_64-debian-gcc 1.3-21 3.90 64.01 67.91 OK
r-devel-linux-x86_64-fedora-clang 1.3-21 104.25 OK
r-devel-linux-x86_64-fedora-gcc 1.3-21 101.00 OK
r-devel-windows-ix86+x86_64 1.3-21 24.00 94.00 118.00 OK
r-patched-linux-x86_64 1.3-20 6.49 82.46 88.95 OK
r-patched-solaris-x86 1.3-20 OK
r-release-linux-x86_64 1.3-20 0.40 2.61 3.01 ERROR
r-release-windows-ix86+x86_64 1.3-20 13.00 100.00 113.00 OK
r-release-osx-x86_64 1.3-20 OK
r-oldrel-windows-ix86+x86_64 1.3-20 11.00 122.00 133.00 OK
r-oldrel-osx-x86_64 1.3-20 OK

Check Details

Version: 1.3-20
Check: whether package can be installed
Result: ERROR
    Installation failed.
Flavor: r-release-linux-x86_64