CRAN Package Check Results for Package bootES

Last updated on 2015-05-24 19:47:47.

Flavor Version Tinstall Tcheck Ttotal Status Flags
r-devel-linux-x86_64-debian-clang 1.01 0.52 10.32 10.84 NOTE
r-devel-linux-x86_64-debian-gcc 1.01 0.51 9.70 10.21 NOTE
r-devel-linux-x86_64-fedora-clang 1.01 19.98 NOTE
r-devel-linux-x86_64-fedora-gcc 1.01 18.21 NOTE
r-devel-osx-x86_64-clang 1.01 23.09 NOTE
r-devel-windows-ix86+x86_64 1.01 2.00 18.00 20.00 NOTE
r-patched-linux-x86_64 1.01 0.59 9.66 10.25 NOTE
r-patched-solaris-sparc 1.01 127.40 NOTE
r-patched-solaris-x86 1.01 28.70 NOTE
r-release-linux-x86_64 1.01 0.51 9.88 10.39 NOTE
r-release-osx-x86_64-mavericks 1.01 NOTE
r-release-osx-x86_64-snowleopard 1.01 NOTE
r-release-windows-ix86+x86_64 1.01 2.00 17.00 19.00 NOTE
r-oldrel-windows-ix86+x86_64 1.01 2.00 34.00 36.00 NOTE

Check Details

Version: 1.01
Check: DESCRIPTION meta-information
Result: NOTE
    Malformed Description field: should contain one or more complete sentences.
Flavors: r-devel-linux-x86_64-debian-clang, r-devel-linux-x86_64-debian-gcc, r-devel-linux-x86_64-fedora-clang, r-devel-linux-x86_64-fedora-gcc, r-devel-osx-x86_64-clang, r-devel-windows-ix86+x86_64, r-patched-linux-x86_64, r-patched-solaris-sparc, r-patched-solaris-x86, r-release-linux-x86_64, r-release-osx-x86_64-mavericks, r-release-osx-x86_64-snowleopard, r-release-windows-ix86+x86_64

Version: 1.01
Check: dependencies in R code
Result: NOTE
    Namespaces in Imports field not imported from:
     ‘graphics’ ‘stats’
     All declared Imports should be used.
    Package in Depends field not imported from: ‘boot’
     These packages need to be imported from (in the NAMESPACE file)
     for when this namespace is loaded but not attached.
Flavors: r-devel-linux-x86_64-debian-clang, r-devel-linux-x86_64-debian-gcc, r-devel-linux-x86_64-fedora-clang, r-devel-linux-x86_64-fedora-gcc, r-devel-osx-x86_64-clang, r-devel-windows-ix86+x86_64, r-patched-linux-x86_64, r-patched-solaris-sparc, r-patched-solaris-x86, r-release-linux-x86_64, r-release-osx-x86_64-mavericks, r-release-osx-x86_64-snowleopard, r-release-windows-ix86+x86_64, r-oldrel-windows-ix86+x86_64

Version: 1.01
Check: R code for possible problems
Result: NOTE
    bootES: no visible global function definition for ‘boot’
    bootES: no visible global function definition for ‘boot.ci’
Flavors: r-devel-linux-x86_64-debian-clang, r-devel-linux-x86_64-debian-gcc, r-devel-linux-x86_64-fedora-clang, r-devel-linux-x86_64-fedora-gcc, r-devel-osx-x86_64-clang, r-devel-windows-ix86+x86_64, r-patched-linux-x86_64, r-patched-solaris-sparc, r-patched-solaris-x86, r-release-linux-x86_64, r-release-osx-x86_64-mavericks, r-release-osx-x86_64-snowleopard, r-release-windows-ix86+x86_64, r-oldrel-windows-ix86+x86_64