CRAN Package Check Results for Package bootES

Last updated on 2014-12-22 19:48:17.

Flavor Version Tinstall Tcheck Ttotal Status Flags
r-devel-linux-x86_64-debian-clang 1.01 0.56 11.08 11.65 NOTE
r-devel-linux-x86_64-debian-gcc 1.01 0.56 10.53 11.09 NOTE
r-devel-linux-x86_64-fedora-clang 1.01 23.32 NOTE
r-devel-linux-x86_64-fedora-gcc 1.01 22.42 NOTE
r-devel-osx-x86_64-clang 1.01 24.16 NOTE
r-devel-windows-ix86+x86_64 1.01 3.00 19.00 22.00 NOTE
r-patched-linux-x86_64 1.01 0.59 10.76 11.34 NOTE
r-patched-solaris-sparc 1.01 125.10 NOTE
r-patched-solaris-x86 1.01 32.20 NOTE
r-release-linux-ix86 1.01 0.84 15.41 16.25 NOTE
r-release-linux-x86_64 1.01 0.59 10.54 11.12 NOTE
r-release-osx-x86_64-mavericks 1.01 NOTE
r-release-windows-ix86+x86_64 1.01 3.00 20.00 23.00 NOTE
r-oldrel-windows-ix86+x86_64 1.01 3.00 21.00 24.00 NOTE

Check Details

Version: 1.01
Check: dependencies in R code
Result: NOTE
    Namespaces in Imports field not imported from:
     ‘graphics’ ‘stats’
     All declared Imports should be used.
    Package in Depends field not imported from: ‘boot’
     These packages need to be imported from (in the NAMESPACE file)
     for when this namespace is loaded but not attached.
    See the information on DESCRIPTION files in the chapter ‘Creating R
    packages’ of the ‘Writing R Extensions’ manual.
Flavors: r-devel-linux-x86_64-debian-clang, r-devel-linux-x86_64-debian-gcc, r-devel-linux-x86_64-fedora-clang, r-devel-linux-x86_64-fedora-gcc, r-devel-osx-x86_64-clang, r-devel-windows-ix86+x86_64, r-patched-linux-x86_64, r-patched-solaris-sparc, r-patched-solaris-x86, r-release-linux-ix86, r-release-linux-x86_64, r-release-osx-x86_64-mavericks, r-release-windows-ix86+x86_64, r-oldrel-windows-ix86+x86_64

Version: 1.01
Check: R code for possible problems
Result: NOTE
    bootES: no visible global function definition for ‘boot’
    bootES: no visible global function definition for ‘boot.ci’
Flavors: r-devel-linux-x86_64-debian-clang, r-devel-linux-x86_64-debian-gcc, r-devel-linux-x86_64-fedora-clang, r-devel-linux-x86_64-fedora-gcc, r-devel-osx-x86_64-clang, r-devel-windows-ix86+x86_64, r-patched-linux-x86_64, r-patched-solaris-sparc, r-patched-solaris-x86, r-release-linux-ix86, r-release-linux-x86_64, r-release-windows-ix86+x86_64