CRAN Package Check Results for Package bootES

Last updated on 2015-04-26 16:46:58.

Flavor Version Tinstall Tcheck Ttotal Status Flags
r-devel-linux-x86_64-debian-clang 1.01 0.51 10.15 10.66 NOTE
r-devel-linux-x86_64-debian-gcc 1.01 0.55 10.02 10.58 NOTE
r-devel-linux-x86_64-fedora-clang 1.01 19.52 NOTE
r-devel-linux-x86_64-fedora-gcc 1.01 18.70 NOTE
r-devel-osx-x86_64-clang 1.01 22.58 NOTE
r-devel-windows-ix86+x86_64 1.01 3.00 18.00 21.00 NOTE
r-patched-linux-x86_64 1.01 0.52 9.80 10.32 NOTE
r-patched-solaris-sparc 1.01 138.30 NOTE
r-patched-solaris-x86 1.01 29.00 NOTE
r-release-linux-x86_64 1.01 0.51 9.76 10.27 NOTE
r-release-osx-x86_64-mavericks 1.01 NOTE
r-release-osx-x86_64-snowleopard 1.01 NOTE
r-release-windows-ix86+x86_64 1.01 2.00 17.00 19.00 NOTE
r-oldrel-windows-ix86+x86_64 1.01 2.00 18.00 20.00 NOTE

Check Details

Version: 1.01
Check: DESCRIPTION meta-information
Result: NOTE
    Malformed Description field: should contain one or more complete sentences.
Flavors: r-devel-linux-x86_64-fedora-clang, r-devel-linux-x86_64-fedora-gcc, r-devel-osx-x86_64-clang, r-devel-windows-ix86+x86_64, r-patched-solaris-sparc, r-patched-solaris-x86, r-release-osx-x86_64-mavericks, r-release-windows-ix86+x86_64

Version: 1.01
Check: dependencies in R code
Result: NOTE
    Namespaces in Imports field not imported from:
     ‘graphics’ ‘stats’
     All declared Imports should be used.
    Package in Depends field not imported from: ‘boot’
     These packages need to be imported from (in the NAMESPACE file)
     for when this namespace is loaded but not attached.
Flavors: r-devel-linux-x86_64-fedora-clang, r-devel-linux-x86_64-fedora-gcc, r-devel-osx-x86_64-clang, r-devel-windows-ix86+x86_64, r-patched-solaris-sparc, r-patched-solaris-x86, r-release-osx-x86_64-mavericks, r-release-windows-ix86+x86_64, r-oldrel-windows-ix86+x86_64

Version: 1.01
Check: R code for possible problems
Result: NOTE
    bootES: no visible global function definition for ‘boot’
    bootES: no visible global function definition for ‘boot.ci’
Flavors: r-devel-linux-x86_64-fedora-clang, r-devel-linux-x86_64-fedora-gcc, r-devel-osx-x86_64-clang, r-devel-windows-ix86+x86_64, r-patched-solaris-sparc, r-patched-solaris-x86, r-release-osx-x86_64-mavericks, r-release-windows-ix86+x86_64, r-oldrel-windows-ix86+x86_64