CRAN Package Check Results for Package bootES

Last updated on 2014-04-24 17:49:40.

Flavor Version Tinstall Tcheck Ttotal Status Flags
r-devel-linux-x86_64-debian-clang 1.01 0.57 10.77 11.34 NOTE
r-devel-linux-x86_64-debian-gcc 1.01 0.54 10.87 11.40 NOTE
r-devel-linux-x86_64-fedora-clang 1.01 21.67 NOTE
r-devel-linux-x86_64-fedora-gcc 1.01 19.99 NOTE
r-devel-osx-x86_64-clang 1.01 22.40 NOTE
r-devel-osx-x86_64-gcc 1.01 NOTE
r-devel-windows-ix86+x86_64 1.01 2.00 17.00 19.00 NOTE
r-patched-linux-x86_64 1.01 0.54 10.78 11.32 NOTE
r-patched-solaris-sparc 1.01 120.40 NOTE
r-patched-solaris-x86 1.01 30.60 NOTE
r-release-linux-ix86 1.01 1.00 23.00 24.00 NOTE
r-release-linux-x86_64 1.01 0.54 10.47 11.02 NOTE
r-release-osx-x86_64-mavericks 1.01 WARN
r-release-windows-ix86+x86_64 1.01 2.00 18.00 20.00 NOTE
r-oldrel-windows-ix86+x86_64 1.01 2.00 19.00 21.00 NOTE

Check Details

Version: 1.01
Check: dependencies in R code
Result: NOTE
    Namespaces in Imports field not imported from:
     ‘graphics’ ‘stats’
     All declared Imports should be used.
    Package in Depends field not imported from: ‘boot’
     These packages need to be imported from (in the NAMESPACE file)
     for when this namespace is loaded but not attached.
    See the information on DESCRIPTION files in the chapter ‘Creating R
    packages’ of the ‘Writing R Extensions’ manual.
Flavors: r-devel-linux-x86_64-debian-clang, r-devel-linux-x86_64-debian-gcc, r-devel-linux-x86_64-fedora-clang, r-devel-linux-x86_64-fedora-gcc, r-devel-osx-x86_64-clang, r-devel-osx-x86_64-gcc, r-devel-windows-ix86+x86_64, r-patched-linux-x86_64, r-patched-solaris-sparc, r-patched-solaris-x86, r-release-linux-ix86, r-release-linux-x86_64, r-release-osx-x86_64-mavericks, r-release-windows-ix86+x86_64, r-oldrel-windows-ix86+x86_64

Version: 1.01
Check: PDF version of manual
Result: WARNING
    LaTeX errors when creating PDF version.
    This typically indicates Rd problems.
    LaTeX errors found:
    ! LaTeX Error: File `upquote.sty' not found.
    
    Type X to quit or <RETURN> to proceed,
    or enter new name. (Default extension: sty)
    
    c5b3507/Rd2.tex:8: ==> Fatal error occurred, no output PDF file produced!
Flavor: r-release-osx-x86_64-mavericks