CRAN Package Check Results for Package bootES

Last updated on 2015-06-30 06:46:50.

Flavor Version Tinstall Tcheck Ttotal Status Flags
r-devel-linux-x86_64-debian-clang 1.01 0.52 9.64 10.16 NOTE
r-devel-linux-x86_64-debian-gcc 1.01 0.52 9.38 9.90 NOTE
r-devel-linux-x86_64-fedora-clang 1.01 19.08 NOTE
r-devel-linux-x86_64-fedora-gcc 1.01 17.91 NOTE
r-devel-osx-x86_64-clang 1.01 20.33 NOTE
r-devel-windows-ix86+x86_64 1.01 4.00 28.00 32.00 NOTE
r-patched-linux-x86_64 1.01 0.51 9.74 10.24 NOTE
r-patched-solaris-sparc 1.01 127.40 NOTE
r-patched-solaris-x86 1.01 28.40 NOTE
r-release-linux-x86_64 1.01 0.51 9.87 10.38 NOTE
r-release-osx-x86_64-mavericks 1.01 NOTE
r-release-windows-ix86+x86_64 1.01 3.00 18.00 21.00 NOTE
r-oldrel-windows-ix86+x86_64 1.01 4.00 30.00 34.00 NOTE

Check Details

Version: 1.01
Check: DESCRIPTION meta-information
Result: NOTE
    Malformed Description field: should contain one or more complete sentences.
Flavors: r-devel-linux-x86_64-debian-clang, r-devel-linux-x86_64-debian-gcc, r-devel-linux-x86_64-fedora-clang, r-devel-linux-x86_64-fedora-gcc, r-devel-osx-x86_64-clang, r-devel-windows-ix86+x86_64, r-patched-linux-x86_64, r-patched-solaris-sparc, r-patched-solaris-x86, r-release-linux-x86_64, r-release-osx-x86_64-mavericks, r-release-windows-ix86+x86_64

Version: 1.01
Check: dependencies in R code
Result: NOTE
    Namespaces in Imports field not imported from:
     ‘graphics’ ‘stats’
     All declared Imports should be used.
    Package in Depends field not imported from: ‘boot’
     These packages need to be imported from (in the NAMESPACE file)
     for when this namespace is loaded but not attached.
Flavors: r-devel-linux-x86_64-debian-clang, r-devel-linux-x86_64-debian-gcc, r-devel-linux-x86_64-fedora-clang, r-devel-linux-x86_64-fedora-gcc, r-devel-osx-x86_64-clang, r-devel-windows-ix86+x86_64, r-patched-linux-x86_64, r-patched-solaris-sparc, r-patched-solaris-x86, r-release-linux-x86_64, r-release-osx-x86_64-mavericks, r-release-windows-ix86+x86_64, r-oldrel-windows-ix86+x86_64

Version: 1.01
Check: R code for possible problems
Result: NOTE
    bootES: no visible global function definition for ‘boot’
    bootES: no visible global function definition for ‘boot.ci’
    calcBootCor: no visible global function definition for ‘cor’
    calcBootCorDiff: no visible global function definition for ‘cor’
    corBoot: no visible global function definition for ‘cor’
    dMean: no visible global function definition for ‘sd’
    dMeanBoot: no visible global function definition for ‘sd’
    hMean: no visible global function definition for ‘sd’
    hMeanBoot: no visible global function definition for ‘sd’
    printTerse : <anonymous>: no visible global function definition for
     ‘var’
    summary.bootES : <anonymous>: no visible global function definition for
     ‘var’
Flavors: r-devel-linux-x86_64-debian-clang, r-devel-linux-x86_64-debian-gcc, r-devel-windows-ix86+x86_64

Version: 1.01
Check: R code for possible problems
Result: NOTE
    bootES: no visible global function definition for ‘boot’
    bootES: no visible global function definition for ‘boot.ci’
Flavors: r-devel-linux-x86_64-fedora-clang, r-devel-linux-x86_64-fedora-gcc, r-devel-osx-x86_64-clang, r-patched-linux-x86_64, r-patched-solaris-sparc, r-patched-solaris-x86, r-release-linux-x86_64, r-release-osx-x86_64-mavericks, r-release-windows-ix86+x86_64, r-oldrel-windows-ix86+x86_64