CRAN Package Check Results for Package bootES

Last updated on 2014-11-23 03:47:55.

Flavor Version Tinstall Tcheck Ttotal Status Flags
r-devel-linux-x86_64-debian-clang 1.01 0.64 10.74 11.39 NOTE
r-devel-linux-x86_64-debian-gcc 1.01 0.61 10.45 11.06 NOTE
r-devel-linux-x86_64-fedora-clang 1.01 23.10 NOTE
r-devel-linux-x86_64-fedora-gcc 1.01 21.46 NOTE
r-devel-osx-x86_64-clang 1.01 24.81 NOTE
r-devel-windows-ix86+x86_64 1.01 2.00 19.00 21.00 NOTE
r-patched-linux-x86_64 1.01 0.59 10.77 11.36 NOTE
r-patched-solaris-sparc 1.01 120.70 NOTE
r-patched-solaris-x86 1.01 32.50 NOTE
r-release-linux-ix86 1.01 0.86 15.68 16.53 NOTE
r-release-linux-x86_64 1.01 0.62 10.48 11.10 NOTE
r-release-osx-x86_64-mavericks 1.01 NOTE
r-release-windows-ix86+x86_64 1.01 3.00 19.00 22.00 NOTE
r-oldrel-windows-ix86+x86_64 1.01 3.00 18.00 21.00 NOTE

Check Details

Version: 1.01
Check: dependencies in R code
Result: NOTE
    Namespaces in Imports field not imported from:
     ‘graphics’ ‘stats’
     All declared Imports should be used.
    Package in Depends field not imported from: ‘boot’
     These packages need to be imported from (in the NAMESPACE file)
     for when this namespace is loaded but not attached.
    See the information on DESCRIPTION files in the chapter ‘Creating R
    packages’ of the ‘Writing R Extensions’ manual.
Flavors: r-devel-linux-x86_64-debian-clang, r-devel-linux-x86_64-debian-gcc, r-devel-linux-x86_64-fedora-clang, r-devel-linux-x86_64-fedora-gcc, r-devel-osx-x86_64-clang, r-devel-windows-ix86+x86_64, r-patched-linux-x86_64, r-patched-solaris-sparc, r-patched-solaris-x86, r-release-linux-ix86, r-release-linux-x86_64, r-release-osx-x86_64-mavericks, r-release-windows-ix86+x86_64, r-oldrel-windows-ix86+x86_64

Version: 1.01
Check: R code for possible problems
Result: NOTE
    bootES: no visible global function definition for ‘boot’
    bootES: no visible global function definition for ‘boot.ci’
Flavors: r-devel-linux-x86_64-debian-clang, r-devel-linux-x86_64-debian-gcc, r-devel-linux-x86_64-fedora-clang, r-devel-linux-x86_64-fedora-gcc, r-devel-osx-x86_64-clang, r-devel-windows-ix86+x86_64, r-patched-linux-x86_64, r-patched-solaris-sparc, r-patched-solaris-x86, r-release-linux-ix86, r-release-linux-x86_64, r-release-windows-ix86+x86_64