CRAN Package Check Results for Package bootES

Last updated on 2014-07-22 15:51:47.

Flavor Version Tinstall Tcheck Ttotal Status Flags
r-devel-linux-x86_64-debian-clang 1.01 0.50 9.96 10.46 NOTE
r-devel-linux-x86_64-debian-gcc 1.01 0.49 10.10 10.60 NOTE
r-devel-linux-x86_64-fedora-clang 1.01 22.28 NOTE
r-devel-linux-x86_64-fedora-gcc 1.01 21.02 NOTE
r-devel-osx-x86_64-clang 1.01 22.90 NOTE
r-devel-windows-ix86+x86_64 1.01 2.00 18.00 20.00 NOTE
r-patched-linux-x86_64 1.01 0.52 10.24 10.76 NOTE
r-patched-solaris-sparc 1.01 120.40 NOTE
r-patched-solaris-x86 1.01 30.10 NOTE
r-release-linux-ix86 1.01 0.83 15.76 16.59 NOTE
r-release-linux-x86_64 1.01 0.52 10.35 10.88 NOTE
r-release-osx-x86_64-mavericks 1.01 NOTE
r-release-windows-ix86+x86_64 1.01 2.00 19.00 21.00 NOTE
r-oldrel-windows-ix86+x86_64 1.01 2.00 19.00 21.00 NOTE

Check Details

Version: 1.01
Check: dependencies in R code
Result: NOTE
    Namespaces in Imports field not imported from:
     ‘graphics’ ‘stats’
     All declared Imports should be used.
    Package in Depends field not imported from: ‘boot’
     These packages need to be imported from (in the NAMESPACE file)
     for when this namespace is loaded but not attached.
    See the information on DESCRIPTION files in the chapter ‘Creating R
    packages’ of the ‘Writing R Extensions’ manual.
Flavors: r-devel-linux-x86_64-debian-clang, r-devel-linux-x86_64-debian-gcc, r-devel-linux-x86_64-fedora-clang, r-devel-linux-x86_64-fedora-gcc, r-devel-osx-x86_64-clang, r-devel-windows-ix86+x86_64, r-patched-linux-x86_64, r-patched-solaris-sparc, r-patched-solaris-x86, r-release-linux-ix86, r-release-linux-x86_64, r-release-osx-x86_64-mavericks, r-release-windows-ix86+x86_64, r-oldrel-windows-ix86+x86_64