CRAN Package Check Results for Package bootRes

Last updated on 2015-03-06 14:46:51.

Flavor Version Tinstall Tcheck Ttotal Status Flags
r-devel-linux-x86_64-debian-clang 1.2.3 0.66 13.17 13.83 NOTE
r-devel-linux-x86_64-debian-gcc 1.2.3 0.60 12.38 12.98 NOTE
r-devel-linux-x86_64-fedora-clang 1.2.3 24.82 NOTE
r-devel-linux-x86_64-fedora-gcc 1.2.3 24.14 NOTE
r-devel-osx-x86_64-clang 1.2.3 27.43 NOTE
r-devel-windows-ix86+x86_64 1.2.3 3.00 20.00 23.00 NOTE
r-patched-linux-x86_64 1.2.3 0.71 13.50 14.22 NOTE
r-patched-solaris-sparc 1.2.3 167.50 OK
r-patched-solaris-x86 1.2.3 39.70 OK
r-release-linux-ix86 1.2.3 0.92 19.60 20.52 NOTE
r-release-linux-x86_64 1.2.3 0.72 13.47 14.18 NOTE
r-release-osx-x86_64-mavericks 1.2.3 OK
r-release-windows-ix86+x86_64 1.2.3 3.00 21.00 24.00 OK
r-oldrel-windows-ix86+x86_64 1.2.3 3.00 23.00 26.00 OK

Check Details

Version: 1.2.3
Check: DESCRIPTION meta-information
Result: NOTE
    Malformed Description field: should contain one or more complete sentences.
Flavors: r-devel-linux-x86_64-debian-clang, r-devel-linux-x86_64-debian-gcc, r-devel-linux-x86_64-fedora-clang, r-devel-linux-x86_64-fedora-gcc, r-devel-osx-x86_64-clang, r-devel-windows-ix86+x86_64

Version: 1.2.3
Check: Rd line widths
Result: NOTE
    Rd file 'mdcc.Rd':
     \examples lines wider than 100 characters:
     dc.mov2 <- mdcc(rt.spruce, list(rt.temp, rt.prec), vnames = c("temp", "prec"), method = "corr", win.size = 20,
    
    These lines will be truncated in the PDF manual.
Flavors: r-devel-linux-x86_64-debian-clang, r-devel-linux-x86_64-debian-gcc, r-devel-linux-x86_64-fedora-clang, r-devel-linux-x86_64-fedora-gcc, r-patched-linux-x86_64, r-release-linux-ix86, r-release-linux-x86_64