CRAN Package Check Results for Package bootRes

Last updated on 2014-09-21 19:47:48.

Flavor Version Tinstall Tcheck Ttotal Status Flags
r-devel-linux-x86_64-debian-clang 1.2.3 0.61 12.62 13.24 NOTE
r-devel-linux-x86_64-debian-gcc 1.2.3 0.65 12.37 13.02 NOTE
r-devel-linux-x86_64-fedora-clang 1.2.3 26.66 NOTE
r-devel-linux-x86_64-fedora-gcc 1.2.3 24.81 NOTE
r-devel-osx-x86_64-clang 1.2.3 28.71 OK
r-devel-windows-ix86+x86_64 1.2.3 2.00 22.00 24.00 OK
r-patched-linux-x86_64 1.2.3 0.61 13.53 14.14 NOTE
r-patched-solaris-sparc 1.2.3 159.20 OK
r-patched-solaris-x86 1.2.3 37.90 OK
r-release-linux-ix86 1.2.3 0.93 19.72 20.65 OK
r-release-linux-x86_64 1.2.3 0.63 13.65 14.28 NOTE
r-release-osx-x86_64-mavericks 1.2.3 OK
r-release-windows-ix86+x86_64 1.2.3 2.00 22.00 24.00 OK
r-oldrel-windows-ix86+x86_64 1.2.3 3.00 22.00 25.00 OK

Check Details

Version: 1.2.3
Check: Rd line widths
Result: NOTE
    Rd file 'mdcc.Rd':
     \examples lines wider than 100 characters:
     dc.mov2 <- mdcc(rt.spruce, list(rt.temp, rt.prec), vnames = c("temp", "prec"), method = "corr", win.size = 20,
    
    These lines will be truncated in the PDF manual.
Flavors: r-devel-linux-x86_64-debian-clang, r-devel-linux-x86_64-debian-gcc, r-devel-linux-x86_64-fedora-clang, r-devel-linux-x86_64-fedora-gcc, r-patched-linux-x86_64, r-release-linux-x86_64