CRAN Package Check Results for Package bootRes

Last updated on 2015-04-28 05:47:42.

Flavor Version Tinstall Tcheck Ttotal Status Flags
r-devel-linux-x86_64-debian-clang 1.2.3 0.62 12.36 12.97 NOTE
r-devel-linux-x86_64-debian-gcc 1.2.3 0.61 12.33 12.94 NOTE
r-devel-linux-x86_64-fedora-clang 1.2.3 25.83 NOTE
r-devel-linux-x86_64-fedora-gcc 1.2.3 23.71 NOTE
r-devel-osx-x86_64-clang 1.2.3 27.17 NOTE
r-devel-windows-ix86+x86_64 1.2.3 3.00 21.00 24.00 NOTE
r-patched-linux-x86_64 1.2.3 0.61 12.26 12.87 NOTE
r-patched-solaris-sparc 1.2.3 168.30 NOTE
r-patched-solaris-x86 1.2.3 35.40 NOTE
r-release-linux-x86_64 1.2.3 0.60 12.58 13.19 NOTE
r-release-osx-x86_64-mavericks 1.2.3 NOTE
r-release-osx-x86_64-snowleopard 1.2.3 NOTE
r-release-windows-ix86+x86_64 1.2.3 4.00 26.00 30.00 NOTE
r-oldrel-windows-ix86+x86_64 1.2.3 2.00 21.00 23.00 OK

Check Details

Version: 1.2.3
Check: DESCRIPTION meta-information
Result: NOTE
    Malformed Description field: should contain one or more complete sentences.
Flavors: r-devel-linux-x86_64-debian-clang, r-devel-linux-x86_64-debian-gcc, r-devel-linux-x86_64-fedora-clang, r-devel-linux-x86_64-fedora-gcc, r-devel-osx-x86_64-clang, r-devel-windows-ix86+x86_64, r-patched-solaris-sparc, r-patched-solaris-x86, r-release-linux-x86_64, r-release-osx-x86_64-mavericks, r-release-osx-x86_64-snowleopard, r-release-windows-ix86+x86_64

Version: 1.2.3
Check: Rd line widths
Result: NOTE
    Rd file 'mdcc.Rd':
     \examples lines wider than 100 characters:
     dc.mov2 <- mdcc(rt.spruce, list(rt.temp, rt.prec), vnames = c("temp", "prec"), method = "corr", win.size = 20,
    
    These lines will be truncated in the PDF manual.
Flavors: r-devel-linux-x86_64-debian-clang, r-devel-linux-x86_64-debian-gcc, r-devel-linux-x86_64-fedora-clang, r-devel-linux-x86_64-fedora-gcc, r-release-linux-x86_64

Version: 1.2.3
Check: package dependencies
Result: NOTE
    Package suggested but not available for checking: ‘dplR’
Flavor: r-release-osx-x86_64-snowleopard

Version: 1.2.3
Check: Rd cross-references
Result: NOTE
    Package unavailable to check Rd xrefs: ‘dplR’
Flavor: r-release-osx-x86_64-snowleopard