CRAN Package Check Results for Package bootRes

Last updated on 2015-07-30 07:46:59.

Flavor Version Tinstall Tcheck Ttotal Status Flags
r-devel-linux-x86_64-debian-clang 1.2.3 0.63 12.90 13.53 NOTE
r-devel-linux-x86_64-debian-gcc 1.2.3 0.58 11.92 12.51 NOTE
r-devel-linux-x86_64-fedora-clang 1.2.3 24.27 NOTE
r-devel-linux-x86_64-fedora-gcc 1.2.3 22.94 NOTE
r-devel-osx-x86_64-clang 1.2.3 23.49 NOTE
r-devel-windows-ix86+x86_64 1.2.3 4.00 21.00 25.00 NOTE
r-patched-linux-x86_64 1.2.3 0.63 13.18 13.82 NOTE
r-patched-solaris-sparc 1.2.3 155.60 NOTE
r-patched-solaris-x86 1.2.3 35.00 NOTE
r-release-linux-x86_64 1.2.3 0.60 12.37 12.97 NOTE
r-release-osx-x86_64-mavericks 1.2.3 NOTE
r-release-windows-ix86+x86_64 1.2.3 4.00 22.00 26.00 NOTE
r-oldrel-windows-ix86+x86_64 1.2.3 4.00 24.00 28.00 OK

Check Details

Version: 1.2.3
Check: DESCRIPTION meta-information
Result: NOTE
    Malformed Description field: should contain one or more complete sentences.
Flavors: r-devel-linux-x86_64-debian-clang, r-devel-linux-x86_64-debian-gcc, r-devel-linux-x86_64-fedora-clang, r-devel-linux-x86_64-fedora-gcc, r-devel-osx-x86_64-clang, r-devel-windows-ix86+x86_64, r-patched-linux-x86_64, r-patched-solaris-sparc, r-patched-solaris-x86, r-release-linux-x86_64, r-release-osx-x86_64-mavericks, r-release-windows-ix86+x86_64

Version: 1.2.3
Check: R code for possible problems
Result: NOTE
    bcf: no visible global function definition for ‘sd’
    bcf : <anonymous>: no visible global function definition for ‘sd’
    bcf: no visible global function definition for ‘setTxtProgressBar’
    bcf: no visible binding for global variable ‘median’
    brf: no visible global function definition for ‘sd’
    brf : <anonymous>: no visible global function definition for ‘sd’
    brf: no visible global function definition for ‘cor’
    brf: no visible global function definition for ‘setTxtProgressBar’
    brf: no visible binding for global variable ‘median’
    dcc: no visible global function definition for ‘na.omit’
    dcc: no visible global function definition for ‘tail’
    dcplot: no visible global function definition for ‘par’
    dcplot: no visible global function definition for ‘barplot’
    dcplot: no visible global function definition for ‘axis’
    dcplot: no visible global function definition for ‘lines’
    dcplot: no visible global function definition for ‘text’
    dendroclim: no visible global function definition for ‘na.omit’
    dendroclim: no visible global function definition for ‘tail’
    mdcc: no visible global function definition for ‘na.omit’
    mdcc: no visible global function definition for ‘tail’
    mdcc: no visible global function definition for ‘setTxtProgressBar’
    mdcplot: no visible global function definition for ‘colorRamp’
    mdcplot: no visible global function definition for ‘par’
    mdcplot: no visible global function definition for ‘plot’
    mdcplot: no visible global function definition for ‘axis’
    mdcplot: no visible global function definition for ‘polygon’
    mdcplot: no visible global function definition for ‘rgb’
    mdcplot: no visible global function definition for ‘text’
    nbcf: no visible global function definition for ‘sd’
    nbcf : <anonymous>: no visible global function definition for ‘sd’
    nbrf: no visible global function definition for ‘sd’
    nbrf : <anonymous>: no visible global function definition for ‘sd’
    nbrf: no visible global function definition for ‘cor’
    Undefined global functions or variables:
     axis barplot colorRamp cor lines median na.omit par plot polygon rgb
     sd setTxtProgressBar tail text
    Consider adding
     importFrom("grDevices", "colorRamp", "rgb")
     importFrom("graphics", "axis", "barplot", "lines", "par", "plot",
     "polygon", "text")
     importFrom("stats", "cor", "median", "na.omit", "sd")
     importFrom("utils", "setTxtProgressBar", "tail")
    to your NAMESPACE.
Flavors: r-devel-linux-x86_64-debian-clang, r-devel-linux-x86_64-debian-gcc, r-devel-linux-x86_64-fedora-clang, r-devel-linux-x86_64-fedora-gcc, r-devel-windows-ix86+x86_64

Version: 1.2.3
Check: Rd line widths
Result: NOTE
    Rd file 'mdcc.Rd':
     \examples lines wider than 100 characters:
     dc.mov2 <- mdcc(rt.spruce, list(rt.temp, rt.prec), vnames = c("temp", "prec"), method = "corr", win.size = 20,
    
    These lines will be truncated in the PDF manual.
Flavors: r-devel-linux-x86_64-debian-clang, r-devel-linux-x86_64-debian-gcc, r-devel-linux-x86_64-fedora-clang, r-devel-linux-x86_64-fedora-gcc, r-patched-linux-x86_64, r-release-linux-x86_64