CRAN Package Check Results for Package bootRes

Last updated on 2014-07-29 22:46:52.

Flavor Version Tinstall Tcheck Ttotal Status Flags
r-devel-linux-x86_64-debian-clang 1.2.3 0.61 13.61 14.22 OK
r-devel-linux-x86_64-debian-gcc 1.2.3 0.64 12.93 13.56 OK
r-devel-linux-x86_64-fedora-clang 1.2.3 28.69 NOTE
r-devel-linux-x86_64-fedora-gcc 1.2.3 25.17 NOTE
r-devel-osx-x86_64-clang 1.2.3 27.43 OK
r-devel-windows-ix86+x86_64 1.2.3 2.00 22.00 24.00 OK
r-patched-linux-x86_64 1.2.3 0.60 13.04 13.64 OK
r-patched-solaris-sparc 1.2.3 158.70 OK
r-patched-solaris-x86 1.2.3 38.00 OK
r-release-linux-ix86 1.2.3 0.92 20.60 21.52 OK
r-release-linux-x86_64 1.2.3 0.63 13.48 14.10 OK
r-release-osx-x86_64-mavericks 1.2.3 OK
r-release-windows-ix86+x86_64 1.2.3 2.00 23.00 25.00 OK
r-oldrel-windows-ix86+x86_64 1.2.3 2.00 21.00 23.00 OK

Check Details

Version: 1.2.3
Check: Rd line widths
Result: NOTE
    Rd file 'mdcc.Rd':
     \examples lines wider than 100 characters:
     dc.mov2 <- mdcc(rt.spruce, list(rt.temp, rt.prec), vnames = c("temp", "prec"), method = "corr", win.size = 20,
    
    These lines will be truncated in the PDF manual.
Flavors: r-devel-linux-x86_64-fedora-clang, r-devel-linux-x86_64-fedora-gcc