CRAN Package Check Results for Package bootRes

Last updated on 2014-08-23 06:48:28.

Flavor Version Tinstall Tcheck Ttotal Status Flags
r-devel-linux-x86_64-debian-clang 1.2.3 0.62 12.42 13.04 OK
r-devel-linux-x86_64-debian-gcc 1.2.3 0.60 12.30 12.90 OK
r-devel-linux-x86_64-fedora-clang 1.2.3 26.51 NOTE
r-devel-linux-x86_64-fedora-gcc 1.2.3 24.51 NOTE
r-devel-osx-x86_64-clang 1.2.3 27.24 OK
r-devel-windows-ix86+x86_64 1.2.3 2.00 21.00 23.00 OK
r-patched-linux-x86_64 1.2.3 0.62 13.03 13.64 OK
r-patched-solaris-sparc 1.2.3 159.20 OK
r-patched-solaris-x86 1.2.3 37.90 OK
r-release-linux-ix86 1.2.3 0.93 20.33 21.26 OK
r-release-linux-x86_64 1.2.3 0.62 13.16 13.79 OK
r-release-osx-x86_64-mavericks 1.2.3 OK
r-release-windows-ix86+x86_64 1.2.3 2.00 22.00 24.00 OK
r-oldrel-windows-ix86+x86_64 1.2.3 2.00 24.00 26.00 OK

Check Details

Version: 1.2.3
Check: Rd line widths
Result: NOTE
    Rd file 'mdcc.Rd':
     \examples lines wider than 100 characters:
     dc.mov2 <- mdcc(rt.spruce, list(rt.temp, rt.prec), vnames = c("temp", "prec"), method = "corr", win.size = 20,
    
    These lines will be truncated in the PDF manual.
Flavors: r-devel-linux-x86_64-fedora-clang, r-devel-linux-x86_64-fedora-gcc