CRAN Package Check Results for Package bootRes

Last updated on 2014-11-27 21:46:27.

Flavor Version Tinstall Tcheck Ttotal Status Flags
r-devel-linux-x86_64-debian-clang 1.2.3 0.65 13.44 14.09 NOTE
r-devel-linux-x86_64-debian-gcc 1.2.3 0.63 13.08 13.71 NOTE
r-devel-linux-x86_64-fedora-clang 1.2.3 28.82 NOTE
r-devel-linux-x86_64-fedora-gcc 1.2.3 28.80 NOTE
r-devel-osx-x86_64-clang 1.2.3 29.54 OK
r-devel-windows-ix86+x86_64 1.2.3 3.00 19.00 22.00 OK
r-patched-linux-x86_64 1.2.3 0.70 13.57 14.27 NOTE
r-patched-solaris-sparc 1.2.3 159.20 OK
r-patched-solaris-x86 1.2.3 38.30 OK
r-release-linux-ix86 1.2.3 0.94 18.89 19.84 OK
r-release-linux-x86_64 1.2.3 0.70 13.63 14.33 NOTE
r-release-osx-x86_64-mavericks 1.2.3 OK
r-release-windows-ix86+x86_64 1.2.3 2.00 22.00 24.00 OK
r-oldrel-windows-ix86+x86_64 1.2.3 3.00 23.00 26.00 OK

Check Details

Version: 1.2.3
Check: Rd line widths
Result: NOTE
    Rd file 'mdcc.Rd':
     \examples lines wider than 100 characters:
     dc.mov2 <- mdcc(rt.spruce, list(rt.temp, rt.prec), vnames = c("temp", "prec"), method = "corr", win.size = 20,
    
    These lines will be truncated in the PDF manual.
Flavors: r-devel-linux-x86_64-debian-clang, r-devel-linux-x86_64-debian-gcc, r-devel-linux-x86_64-fedora-clang, r-devel-linux-x86_64-fedora-gcc, r-patched-linux-x86_64, r-release-linux-x86_64