CRAN Package Check Results for Package bootRes

Last updated on 2015-01-28 15:47:04.

Flavor Version Tinstall Tcheck Ttotal Status Flags
r-devel-linux-x86_64-debian-clang 1.2.3 0.64 12.71 13.35 NOTE
r-devel-linux-x86_64-debian-gcc 1.2.3 0.62 12.89 13.50 NOTE
r-devel-linux-x86_64-fedora-clang 1.2.3 26.79 NOTE
r-devel-linux-x86_64-fedora-gcc 1.2.3 26.15 NOTE
r-devel-osx-x86_64-clang 1.2.3 29.33 OK
r-devel-windows-ix86+x86_64 1.2.3 3.00 20.00 23.00 OK
r-patched-linux-x86_64 1.2.3 0.67 13.26 13.93 NOTE
r-patched-solaris-sparc 1.2.3 167.00 OK
r-patched-solaris-x86 1.2.3 38.40 OK
r-release-linux-ix86 1.2.3 0.94 18.84 19.77 OK
r-release-linux-x86_64 1.2.3 0.71 13.20 13.91 NOTE
r-release-osx-x86_64-mavericks 1.2.3 OK
r-release-windows-ix86+x86_64 1.2.3 3.00 22.00 25.00 OK
r-oldrel-windows-ix86+x86_64 1.2.3 3.00 22.00 25.00 OK

Check Details

Version: 1.2.3
Check: Rd line widths
Result: NOTE
    Rd file 'mdcc.Rd':
     \examples lines wider than 100 characters:
     dc.mov2 <- mdcc(rt.spruce, list(rt.temp, rt.prec), vnames = c("temp", "prec"), method = "corr", win.size = 20,
    
    These lines will be truncated in the PDF manual.
Flavors: r-devel-linux-x86_64-debian-clang, r-devel-linux-x86_64-debian-gcc, r-devel-linux-x86_64-fedora-clang, r-devel-linux-x86_64-fedora-gcc, r-patched-linux-x86_64, r-release-linux-x86_64