CRAN Package Check Results for Package bootRes

Last updated on 2014-04-23 20:47:08.

Flavor Version Tinstall Tcheck Ttotal Status Flags
r-devel-linux-x86_64-debian-clang 1.2.3 0.64 13.62 14.26 OK
r-devel-linux-x86_64-debian-gcc 1.2.3 0.68 13.79 14.47 OK
r-devel-linux-x86_64-fedora-clang 1.2.3 28.02 NOTE
r-devel-linux-x86_64-fedora-gcc 1.2.3 26.56 NOTE
r-devel-osx-x86_64-clang 1.2.3 26.55 OK
r-devel-osx-x86_64-gcc 1.2.3 NOTE
r-devel-windows-ix86+x86_64 1.2.3 2.00 21.00 23.00 OK
r-patched-linux-x86_64 1.2.3 0.63 13.88 14.52 OK
r-patched-solaris-sparc 1.2.3 158.70 OK
r-patched-solaris-x86 1.2.3 37.80 OK
r-release-linux-ix86 1.2.3 1.00 28.00 29.00 OK
r-release-linux-x86_64 1.2.3 0.68 13.70 14.38 OK
r-release-osx-x86_64-mavericks 1.2.3 WARN
r-release-windows-ix86+x86_64 1.2.3 2.00 23.00 25.00 OK
r-oldrel-windows-ix86+x86_64 1.2.3 3.00 24.00 27.00 OK

Check Details

Version: 1.2.3
Check: Rd line widths
Result: NOTE
    Rd file 'mdcc.Rd':
     \examples lines wider than 100 characters:
     dc.mov2 <- mdcc(rt.spruce, list(rt.temp, rt.prec), vnames = c("temp", "prec"), method = "corr", win.size = 20,
    
    These lines will be truncated in the PDF manual.
Flavors: r-devel-linux-x86_64-fedora-clang, r-devel-linux-x86_64-fedora-gcc

Version: 1.2.3
Check: package dependencies
Result: NOTE
    Package suggested but not available for checking: ‘dplR’
Flavors: r-devel-osx-x86_64-gcc, r-release-osx-x86_64-mavericks

Version: 1.2.3
Check: Rd cross-references
Result: NOTE
    Package unavailable to check Rd xrefs: ‘dplR’
Flavors: r-devel-osx-x86_64-gcc, r-release-osx-x86_64-mavericks

Version: 1.2.3
Check: PDF version of manual
Result: WARNING
    LaTeX errors when creating PDF version.
    This typically indicates Rd problems.
    LaTeX errors found:
    ! LaTeX Error: File `upquote.sty' not found.
    
    Type X to quit or <RETURN> to proceed,
    or enter new name. (Default extension: sty)
    
    1288af84/Rd2.tex:8: ==> Fatal error occurred, no output PDF file produced!
Flavor: r-release-osx-x86_64-mavericks