CRAN Package Check Results for Package bootStepAIC

Last updated on 2018-04-25 09:49:32 CEST.

Flavor Version Tinstall Tcheck Ttotal Status Flags
r-devel-linux-x86_64-debian-clang 1.2-0 0.99 31.26 32.25 NOTE
r-devel-linux-x86_64-debian-gcc 1.2-0 0.84 23.30 24.14 NOTE
r-devel-linux-x86_64-fedora-clang 1.2-0 38.78 NOTE
r-devel-linux-x86_64-fedora-gcc 1.2-0 35.39 NOTE
r-devel-windows-ix86+x86_64 1.2-0 5.00 44.00 49.00 NOTE
r-patched-linux-x86_64 1.2-0 0.94 29.95 30.89 NOTE
r-patched-solaris-x86 1.2-0 55.00 NOTE
r-release-linux-x86_64 1.2-0 0.75 30.05 30.80 NOTE
r-release-windows-ix86+x86_64 1.2-0 5.00 44.00 49.00 NOTE
r-release-osx-x86_64 1.2-0 NOTE
r-oldrel-windows-ix86+x86_64 1.2-0 3.00 60.00 63.00 NOTE
r-oldrel-osx-x86_64 1.2-0 NOTE

Check Details

Version: 1.2-0
Check: R code for possible problems
Result: NOTE
    boot.stepAIC: no visible global function definition for ‘update’
    boot.stepAIC: no visible binding for global variable ‘coef’
    boot.stepAIC : <anonymous>: no visible global function definition for
     ‘anova’
    boot.stepAIC: no visible global function definition for ‘pnorm’
    Undefined global functions or variables:
     anova coef pnorm update
    Consider adding
     importFrom("stats", "anova", "coef", "pnorm", "update")
    to your NAMESPACE file.
Flavors: r-devel-linux-x86_64-debian-clang, r-devel-linux-x86_64-debian-gcc, r-devel-linux-x86_64-fedora-clang, r-devel-linux-x86_64-fedora-gcc, r-devel-windows-ix86+x86_64, r-patched-linux-x86_64, r-patched-solaris-x86, r-release-linux-x86_64, r-release-windows-ix86+x86_64, r-release-osx-x86_64, r-oldrel-windows-ix86+x86_64, r-oldrel-osx-x86_64