CRAN Package Check Results for Package bootStepAIC

Last updated on 2016-07-27 22:47:08.

Flavor Version Tinstall Tcheck Ttotal Status Flags
r-devel-linux-x86_64-debian-clang 1.2-0 0.64 20.37 21.01 NOTE
r-devel-linux-x86_64-debian-gcc 1.2-0 0.59 19.78 20.37 NOTE
r-devel-linux-x86_64-fedora-clang 1.2-0 32.27 NOTE
r-devel-linux-x86_64-fedora-gcc 1.2-0 29.87 NOTE
r-devel-osx-x86_64-clang 1.2-0 26.95 NOTE
r-devel-windows-ix86+x86_64 1.2-0 4.00 51.00 55.00 NOTE
r-patched-linux-x86_64 1.2-0 0.66 20.51 21.17 NOTE
r-patched-solaris-sparc 1.2-0 198.50 NOTE
r-patched-solaris-x86 1.2-0 40.00 NOTE
r-release-linux-x86_64 1.2-0 0.62 19.70 20.32 NOTE
r-release-osx-x86_64-mavericks 1.2-0 NOTE
r-release-windows-ix86+x86_64 1.2-0 4.00 38.00 42.00 NOTE
r-oldrel-windows-ix86+x86_64 1.2-0 4.00 47.00 51.00 OK

Check Details

Version: 1.2-0
Check: R code for possible problems
Result: NOTE
    boot.stepAIC: no visible global function definition for ‘update’
    boot.stepAIC: no visible binding for global variable ‘coef’
    boot.stepAIC : <anonymous>: no visible global function definition for
     ‘anova’
    boot.stepAIC: no visible global function definition for ‘pnorm’
    Undefined global functions or variables:
     anova coef pnorm update
    Consider adding
     importFrom("stats", "anova", "coef", "pnorm", "update")
    to your NAMESPACE file.
Flavors: r-devel-linux-x86_64-debian-clang, r-devel-linux-x86_64-debian-gcc, r-devel-linux-x86_64-fedora-clang, r-devel-linux-x86_64-fedora-gcc, r-devel-osx-x86_64-clang, r-devel-windows-ix86+x86_64, r-patched-linux-x86_64, r-patched-solaris-sparc, r-patched-solaris-x86, r-release-linux-x86_64, r-release-osx-x86_64-mavericks, r-release-windows-ix86+x86_64