CRAN Package Check Results for Package bootStepAIC

Last updated on 2017-09-20 03:48:04.

Flavor Version Tinstall Tcheck Ttotal Status Flags
r-devel-linux-x86_64-debian-clang 1.2-0 0.60 20.03 20.64 NOTE
r-devel-linux-x86_64-debian-gcc 1.2-0 0.59 19.58 20.17 NOTE
r-devel-linux-x86_64-fedora-clang 1.2-0 36.60 NOTE
r-devel-linux-x86_64-fedora-gcc 1.2-0 38.47 NOTE
r-devel-windows-ix86+x86_64 1.2-0 3.00 54.00 57.00 NOTE
r-patched-linux-x86_64 1.2-0 0.66 19.09 19.74 NOTE
r-patched-solaris-x86 1.2-0 46.90 NOTE
r-release-linux-x86_64 1.2-0 0.56 19.31 19.88 NOTE
r-release-windows-ix86+x86_64 1.2-0 3.00 41.00 44.00 NOTE
r-release-osx-x86_64 1.2-0 NOTE
r-oldrel-windows-ix86+x86_64 1.2-0 2.00 37.00 39.00 NOTE
r-oldrel-osx-x86_64 1.2-0 NOTE

Check Details

Version: 1.2-0
Check: R code for possible problems
Result: NOTE
    boot.stepAIC: no visible global function definition for ‘update’
    boot.stepAIC: no visible binding for global variable ‘coef’
    boot.stepAIC : <anonymous>: no visible global function definition for
     ‘anova’
    boot.stepAIC: no visible global function definition for ‘pnorm’
    Undefined global functions or variables:
     anova coef pnorm update
    Consider adding
     importFrom("stats", "anova", "coef", "pnorm", "update")
    to your NAMESPACE file.
Flavors: r-devel-linux-x86_64-debian-clang, r-devel-linux-x86_64-debian-gcc, r-devel-linux-x86_64-fedora-clang, r-devel-linux-x86_64-fedora-gcc, r-devel-windows-ix86+x86_64, r-patched-linux-x86_64, r-patched-solaris-x86, r-release-linux-x86_64, r-release-windows-ix86+x86_64, r-release-osx-x86_64, r-oldrel-windows-ix86+x86_64, r-oldrel-osx-x86_64