CRAN Package Check Results for Package bootStepAIC

Last updated on 2018-02-24 08:48:53 CET.

Flavor Version Tinstall Tcheck Ttotal Status Flags
r-devel-linux-x86_64-debian-clang 1.2-0 1.00 30.51 31.51 NOTE
r-devel-linux-x86_64-debian-gcc 1.2-0 0.78 23.99 24.77 NOTE
r-devel-linux-x86_64-fedora-clang 1.2-0 36.19 NOTE
r-devel-linux-x86_64-fedora-gcc 1.2-0 35.35 NOTE
r-devel-windows-ix86+x86_64 1.2-0 4.00 53.00 57.00 NOTE
r-patched-linux-x86_64 1.2-0 0.63 29.71 30.34 NOTE
r-patched-solaris-x86 1.2-0 45.80 NOTE
r-release-linux-x86_64 1.2-0 0.66 29.46 30.12 NOTE
r-release-windows-ix86+x86_64 1.2-0 3.00 54.00 57.00 NOTE
r-release-osx-x86_64 1.2-0 NOTE
r-oldrel-windows-ix86+x86_64 1.2-0 2.00 52.00 54.00 NOTE
r-oldrel-osx-x86_64 1.2-0 NOTE

Check Details

Version: 1.2-0
Check: R code for possible problems
Result: NOTE
    boot.stepAIC: no visible global function definition for ‘update’
    boot.stepAIC: no visible binding for global variable ‘coef’
    boot.stepAIC : <anonymous>: no visible global function definition for
     ‘anova’
    boot.stepAIC: no visible global function definition for ‘pnorm’
    Undefined global functions or variables:
     anova coef pnorm update
    Consider adding
     importFrom("stats", "anova", "coef", "pnorm", "update")
    to your NAMESPACE file.
Flavors: r-devel-linux-x86_64-debian-clang, r-devel-linux-x86_64-debian-gcc, r-devel-linux-x86_64-fedora-clang, r-devel-linux-x86_64-fedora-gcc, r-devel-windows-ix86+x86_64, r-patched-linux-x86_64, r-patched-solaris-x86, r-release-linux-x86_64, r-release-windows-ix86+x86_64, r-release-osx-x86_64, r-oldrel-windows-ix86+x86_64, r-oldrel-osx-x86_64