CRAN Package Check Results for Package bootStepAIC

Last updated on 2017-01-22 23:48:13.

Flavor Version Tinstall Tcheck Ttotal Status Flags
r-devel-linux-x86_64-debian-clang 1.2-0 0.66 21.09 21.75 NOTE
r-devel-linux-x86_64-debian-gcc 1.2-0 0.62 19.75 20.37 NOTE
r-devel-linux-x86_64-fedora-clang 1.2-0 35.61 NOTE --no-stop-on-test-error
r-devel-linux-x86_64-fedora-gcc 1.2-0 34.69 NOTE --no-stop-on-test-error
r-devel-macos-x86_64-clang 1.2-0 28.32 NOTE --no-stop-on-test-error
r-devel-windows-ix86+x86_64 1.2-0 2.00 45.00 47.00 NOTE
r-patched-linux-x86_64 1.2-0 0.59 18.29 18.89 NOTE
r-patched-solaris-sparc 1.2-0 203.20 NOTE
r-patched-solaris-x86 1.2-0 41.80 NOTE
r-release-linux-x86_64 1.2-0 0.62 17.59 18.21 NOTE
r-release-osx-x86_64-mavericks 1.2-0 NOTE
r-release-windows-ix86+x86_64 1.2-0 6.00 40.00 46.00 NOTE
r-oldrel-windows-ix86+x86_64 1.2-0 6.00 51.00 57.00 OK

Check Details

Version: 1.2-0
Check: R code for possible problems
Result: NOTE
    boot.stepAIC: no visible global function definition for ‘update’
    boot.stepAIC: no visible binding for global variable ‘coef’
    boot.stepAIC : <anonymous>: no visible global function definition for
     ‘anova’
    boot.stepAIC: no visible global function definition for ‘pnorm’
    Undefined global functions or variables:
     anova coef pnorm update
    Consider adding
     importFrom("stats", "anova", "coef", "pnorm", "update")
    to your NAMESPACE file.
Flavors: r-devel-linux-x86_64-debian-clang, r-devel-linux-x86_64-debian-gcc, r-devel-windows-ix86+x86_64, r-patched-linux-x86_64, r-patched-solaris-sparc, r-patched-solaris-x86, r-release-linux-x86_64, r-release-osx-x86_64-mavericks, r-release-windows-ix86+x86_64

Version: 1.2-0
Flags: --no-stop-on-test-error
Check: R code for possible problems
Result: NOTE
    boot.stepAIC: no visible global function definition for ‘update’
    boot.stepAIC: no visible binding for global variable ‘coef’
    boot.stepAIC : <anonymous>: no visible global function definition for
     ‘anova’
    boot.stepAIC: no visible global function definition for ‘pnorm’
    Undefined global functions or variables:
     anova coef pnorm update
    Consider adding
     importFrom("stats", "anova", "coef", "pnorm", "update")
    to your NAMESPACE file.
Flavors: r-devel-linux-x86_64-fedora-clang, r-devel-linux-x86_64-fedora-gcc, r-devel-macos-x86_64-clang