CRAN Package Check Results for Package bootStepAIC

Last updated on 2015-07-31 20:46:50.

Flavor Version Tinstall Tcheck Ttotal Status Flags
r-devel-linux-x86_64-debian-clang 1.2-0 0.57 17.08 17.64 NOTE
r-devel-linux-x86_64-debian-gcc 1.2-0 0.69 17.94 18.62 NOTE
r-devel-linux-x86_64-fedora-clang 1.2-0 35.07 NOTE
r-devel-linux-x86_64-fedora-gcc 1.2-0 33.12 NOTE
r-devel-osx-x86_64-clang 1.2-0 31.05 OK
r-devel-windows-ix86+x86_64 1.2-0 4.00 26.00 30.00 NOTE
r-patched-linux-x86_64 1.2-0 0.53 17.20 17.73 OK
r-patched-solaris-sparc 1.2-0 221.10 OK
r-patched-solaris-x86 1.2-0 47.90 OK
r-release-linux-x86_64 1.2-0 0.53 18.62 19.15 OK
r-release-osx-x86_64-mavericks 1.2-0 OK
r-release-windows-ix86+x86_64 1.2-0 3.00 42.00 45.00 OK
r-oldrel-windows-ix86+x86_64 1.2-0 2.00 47.00 49.00 OK

Check Details

Version: 1.2-0
Check: R code for possible problems
Result: NOTE
    boot.stepAIC: no visible global function definition for ‘update’
    boot.stepAIC: no visible binding for global variable ‘coef’
    boot.stepAIC : <anonymous>: no visible global function definition for
     ‘anova’
    boot.stepAIC: no visible global function definition for ‘pnorm’
    Undefined global functions or variables:
     anova coef pnorm update
    Consider adding
     importFrom("stats", "anova", "coef", "pnorm", "update")
    to your NAMESPACE.
Flavors: r-devel-linux-x86_64-debian-clang, r-devel-linux-x86_64-debian-gcc, r-devel-linux-x86_64-fedora-clang, r-devel-linux-x86_64-fedora-gcc, r-devel-windows-ix86+x86_64