CRAN Package Check Results for Package bootStepAIC

Last updated on 2015-08-29 06:47:31.

Flavor Version Tinstall Tcheck Ttotal Status Flags
r-devel-linux-x86_64-debian-clang 1.2-0 0.48 16.81 17.29 NOTE
r-devel-linux-x86_64-debian-gcc 1.2-0 0.49 16.51 17.00 NOTE
r-devel-linux-x86_64-fedora-clang 1.2-0 33.57 NOTE
r-devel-linux-x86_64-fedora-gcc 1.2-0 31.63 NOTE
r-devel-osx-x86_64-clang 1.2-0 30.05 OK
r-devel-windows-ix86+x86_64 1.2-0 3.00 33.00 36.00 NOTE
r-patched-linux-x86_64 1.2-0 0.54 17.58 18.11 OK
r-patched-solaris-sparc 1.2-0 221.10 OK
r-patched-solaris-x86 1.2-0 48.70 OK
r-release-linux-x86_64 1.2-0 0.57 17.51 18.08 OK
r-release-osx-x86_64-mavericks 1.2-0 OK
r-release-windows-ix86+x86_64 1.2-0 4.00 44.00 48.00 OK
r-oldrel-windows-ix86+x86_64 1.2-0 5.00 48.00 53.00 OK

Check Details

Version: 1.2-0
Check: R code for possible problems
Result: NOTE
    boot.stepAIC: no visible global function definition for ‘update’
    boot.stepAIC: no visible binding for global variable ‘coef’
    boot.stepAIC : <anonymous>: no visible global function definition for
     ‘anova’
    boot.stepAIC: no visible global function definition for ‘pnorm’
    Undefined global functions or variables:
     anova coef pnorm update
    Consider adding
     importFrom("stats", "anova", "coef", "pnorm", "update")
    to your NAMESPACE.
Flavors: r-devel-linux-x86_64-debian-clang, r-devel-linux-x86_64-debian-gcc, r-devel-linux-x86_64-fedora-clang, r-devel-linux-x86_64-fedora-gcc, r-devel-windows-ix86+x86_64