CRAN Package Check Results for Package bootStepAIC

Last updated on 2016-12-07 23:47:34.

Flavor Version Tinstall Tcheck Ttotal Status Flags
r-devel-linux-x86_64-debian-clang 1.2-0 0.63 20.57 21.20 NOTE
r-devel-linux-x86_64-debian-gcc 1.2-0 0.59 19.67 20.27 NOTE
r-devel-linux-x86_64-fedora-clang 1.2-0 37.46 NOTE --no-stop-on-test-error
r-devel-linux-x86_64-fedora-gcc 1.2-0 35.71 NOTE --no-stop-on-test-error
r-devel-macos-x86_64-clang 1.2-0 29.17 NOTE
r-devel-windows-ix86+x86_64 1.2-0 5.00 51.00 56.00 NOTE
r-patched-linux-x86_64 1.2-0 0.52 17.57 18.09 NOTE
r-patched-solaris-sparc 1.2-0 198.50 NOTE
r-patched-solaris-x86 1.2-0 39.80 NOTE
r-release-linux-x86_64 1.2-0 0.54 18.42 18.96 NOTE
r-release-osx-x86_64-mavericks 1.2-0 NOTE
r-release-windows-ix86+x86_64 1.2-0 3.00 36.00 39.00 NOTE
r-oldrel-windows-ix86+x86_64 1.2-0 5.00 35.00 40.00 OK

Check Details

Version: 1.2-0
Check: R code for possible problems
Result: NOTE
    boot.stepAIC: no visible global function definition for ‘update’
    boot.stepAIC: no visible binding for global variable ‘coef’
    boot.stepAIC : <anonymous>: no visible global function definition for
     ‘anova’
    boot.stepAIC: no visible global function definition for ‘pnorm’
    Undefined global functions or variables:
     anova coef pnorm update
    Consider adding
     importFrom("stats", "anova", "coef", "pnorm", "update")
    to your NAMESPACE file.
Flavors: r-devel-linux-x86_64-debian-clang, r-devel-linux-x86_64-debian-gcc, r-devel-macos-x86_64-clang, r-devel-windows-ix86+x86_64, r-patched-linux-x86_64, r-patched-solaris-sparc, r-patched-solaris-x86, r-release-linux-x86_64, r-release-osx-x86_64-mavericks, r-release-windows-ix86+x86_64

Version: 1.2-0
Flags: --no-stop-on-test-error
Check: R code for possible problems
Result: NOTE
    boot.stepAIC: no visible global function definition for ‘update’
    boot.stepAIC: no visible binding for global variable ‘coef’
    boot.stepAIC : <anonymous>: no visible global function definition for
     ‘anova’
    boot.stepAIC: no visible global function definition for ‘pnorm’
    Undefined global functions or variables:
     anova coef pnorm update
    Consider adding
     importFrom("stats", "anova", "coef", "pnorm", "update")
    to your NAMESPACE file.
Flavors: r-devel-linux-x86_64-fedora-clang, r-devel-linux-x86_64-fedora-gcc