CRAN Package Check Results for Package bootStepAIC

Last updated on 2017-07-25 01:51:29.

Flavor Version Tinstall Tcheck Ttotal Status Flags
r-devel-linux-x86_64-debian-clang 1.2-0 0.62 25.21 25.83 NOTE
r-devel-linux-x86_64-debian-gcc 1.2-0 0.60 24.73 25.33 NOTE
r-devel-linux-x86_64-fedora-clang 1.2-0 36.36 NOTE
r-devel-linux-x86_64-fedora-gcc 1.2-0 34.37 NOTE
r-devel-windows-ix86+x86_64 1.2-0 4.00 42.00 46.00 NOTE
r-patched-linux-x86_64 1.2-0 0.66 25.28 25.94 NOTE
r-patched-solaris-x86 1.2-0 47.10 NOTE
r-release-linux-x86_64 1.2-0 0.57 25.08 25.66 NOTE
r-release-windows-ix86+x86_64 1.2-0 3.00 53.00 56.00 NOTE
r-release-osx-x86_64 1.2-0 NOTE
r-oldrel-windows-ix86+x86_64 1.2-0 2.00 40.00 42.00 NOTE
r-oldrel-osx-x86_64 1.2-0 NOTE

Check Details

Version: 1.2-0
Check: R code for possible problems
Result: NOTE
    boot.stepAIC: no visible global function definition for ‘update’
    boot.stepAIC: no visible binding for global variable ‘coef’
    boot.stepAIC : <anonymous>: no visible global function definition for
     ‘anova’
    boot.stepAIC: no visible global function definition for ‘pnorm’
    Undefined global functions or variables:
     anova coef pnorm update
    Consider adding
     importFrom("stats", "anova", "coef", "pnorm", "update")
    to your NAMESPACE file.
Flavors: r-devel-linux-x86_64-debian-clang, r-devel-linux-x86_64-debian-gcc, r-devel-linux-x86_64-fedora-clang, r-devel-linux-x86_64-fedora-gcc, r-devel-windows-ix86+x86_64, r-patched-linux-x86_64, r-patched-solaris-x86, r-release-linux-x86_64, r-release-windows-ix86+x86_64, r-release-osx-x86_64, r-oldrel-windows-ix86+x86_64, r-oldrel-osx-x86_64