CRAN Package Check Results for Package bootStepAIC

Last updated on 2017-05-27 01:46:41.

Flavor Version Tinstall Tcheck Ttotal Status Flags
r-devel-linux-x86_64-debian-clang 1.2-0 0.65 20.22 20.87 NOTE
r-devel-linux-x86_64-debian-gcc 1.2-0 0.62 19.91 20.53 NOTE
r-devel-linux-x86_64-fedora-clang 1.2-0 37.05 NOTE
r-devel-linux-x86_64-fedora-gcc 1.2-0 34.76 NOTE
r-devel-windows-ix86+x86_64 1.2-0 2.00 51.00 53.00 NOTE
r-patched-linux-x86_64 1.2-0 0.67 20.45 21.12 NOTE
r-patched-solaris-sparc 1.2-0 219.80 NOTE
r-patched-solaris-x86 1.2-0 46.00 NOTE
r-release-linux-x86_64 1.2-0 0.61 20.40 21.02 NOTE
r-release-windows-ix86+x86_64 1.2-0 2.00 39.00 41.00 NOTE
r-release-osx-x86_64 1.2-0 NOTE
r-oldrel-windows-ix86+x86_64 1.2-0 5.00 37.00 42.00 NOTE
r-oldrel-osx-x86_64 1.2-0 NOTE

Check Details

Version: 1.2-0
Check: R code for possible problems
Result: NOTE
    boot.stepAIC: no visible global function definition for ‘update’
    boot.stepAIC: no visible binding for global variable ‘coef’
    boot.stepAIC : <anonymous>: no visible global function definition for
     ‘anova’
    boot.stepAIC: no visible global function definition for ‘pnorm’
    Undefined global functions or variables:
     anova coef pnorm update
    Consider adding
     importFrom("stats", "anova", "coef", "pnorm", "update")
    to your NAMESPACE file.
Flavors: r-devel-linux-x86_64-debian-clang, r-devel-linux-x86_64-debian-gcc, r-devel-linux-x86_64-fedora-clang, r-devel-linux-x86_64-fedora-gcc, r-devel-windows-ix86+x86_64, r-patched-linux-x86_64, r-patched-solaris-sparc, r-patched-solaris-x86, r-release-linux-x86_64, r-release-windows-ix86+x86_64, r-release-osx-x86_64, r-oldrel-windows-ix86+x86_64, r-oldrel-osx-x86_64