CRAN Package Check Results for Package bootStepAIC

Last updated on 2014-04-21 12:43:13.

Flavor Version Tinstall Tcheck Ttotal Status Flags
r-devel-linux-x86_64-debian-clang 1.2-0 0.53 19.65 20.18 OK
r-devel-linux-x86_64-debian-gcc 1.2-0 0.58 20.00 20.58 OK
r-devel-linux-x86_64-fedora-clang 1.2-0 40.80 OK
r-devel-linux-x86_64-fedora-gcc 1.2-0 37.51 OK
r-devel-osx-x86_64-clang 1.2-0 34.14 OK
r-devel-osx-x86_64-gcc 1.2-0 OK
r-devel-windows-ix86+x86_64 1.2-0 2.00 31.00 33.00 OK
r-patched-linux-x86_64 1.2-0 0.54 19.66 20.21 OK
r-patched-solaris-sparc 1.2-0 225.20 OK
r-patched-solaris-x86 1.2-0 50.70 OK
r-release-linux-x86_64 1.2-0 0.59 19.94 20.53 OK
r-release-osx-x86_64-mavericks 1.2-0 WARN
r-release-windows-ix86+x86_64 1.2-0 4.00 29.00 33.00 OK
r-oldrel-windows-ix86+x86_64 1.2-0 2.00 32.00 34.00 OK

Check Details

Version: 1.2-0
Check: PDF version of manual
Result: WARNING
    LaTeX errors when creating PDF version.
    This typically indicates Rd problems.
    LaTeX errors found:
    ! LaTeX Error: File `upquote.sty' not found.
    
    Type X to quit or <RETURN> to proceed,
    or enter new name. (Default extension: sty)
    
    2c0a54d4/Rd2.tex:8: ==> Fatal error occurred, no output PDF file produced!
Flavor: r-release-osx-x86_64-mavericks